{"id":11589,"date":"2026-04-19T12:15:30","date_gmt":"2026-04-19T15:15:30","guid":{"rendered":"https:\/\/amplitudmodulada.com.ar\/?page_id=11589"},"modified":"2026-04-19T12:24:53","modified_gmt":"2026-04-19T15:24:53","slug":"noticia14253","status":"publish","type":"page","link":"https:\/\/amplitudmodulada.com.ar\/index.php\/noticia14253\/","title":{"rendered":"Radio Pop rearma su grilla de programaci\u00f3n"},"content":{"rendered":"\n<figure class=\"wp-block-image size-full\"><img loading=\"lazy\" decoding=\"async\" width=\"128\" height=\"90\" src=\"http:\/\/amplitudmodulada.com.ar\/wp-content\/uploads\/2025\/01\/Pop-e1736382287686.gif\" alt=\"\" class=\"wp-image-5213\"\/><\/figure>\n\n\n\n<p>Tras desvincular a dos de sus principales figuras, Lizy Tagliani y Elizabeth Vernaci, la emisora de Frecuencia Modulada Radio Pop se encuentra en pleno proceso de rearmado de su grilla de programaci\u00f3n.<\/p>\n\n\n\n<p>Seg\u00fan destaca este mi\u00e9rcoles 25 de marzo el diario La Naci\u00f3n, Lizy Tagliani conducir\u00e1 &#8220;Arriba Beb\u00b4\u00e9&#8221; hasta el viernes 27 de marzo, en tanto que Elizabeth Vernaci continuar\u00e1 con &#8220;La Negra Pop&#8221; hasta el martes 31 de marzo.<\/p>\n\n\n\n<p>Si bien no hay una fecha concreta para el debut de la nueva programaci\u00f3n, se estima que ser\u00e1 para despu\u00e9s de Semana Santa.<\/p>\n\n\n\n<p>Respecto de los reemplazos, autoridades del Grupo Indalo, que opera Radio Pop, analizan varias opciones, aunque la versi\u00f3n que cobra m\u00e1s fuerza, seg\u00fan La Naci\u00f3n, es que Luis Pi\u00f1eyro se haga cargo de la primera ma\u00f1ana y Jos\u00e9 Mar\u00eda Listorti, de la segunda ma\u00f1ana.<\/p>\n\n\n\n<p>Ambos conductores ya forman parte de la grilla de Radio Pop, Luis Pi\u00f1eyro conduce &#8220;Volver a Casa&#8221; de lunes a viernes de 19.00 a 21.00 horas, mientras que Jos\u00e9 Mar\u00eda Listorti est\u00e1 al frente de &#8220;Re Tarde&#8221; de lunes a viernes de 16.00 a 19.00 horas.<\/p>\n\n\n\n<p>Fuente: <a href=\"http:\/\/www.lanacion.com.ar\" data-type=\"link\" data-id=\"www.lanacion.com.ar\" target=\"_blank\" rel=\"noreferrer noopener\">www.lanacion.com.ar<\/a> | Ciudad Aut\u00f3noma de Buenos Aires | 25.03.26<\/p>\n\n\n\n<p><\/p>\n","protected":false},"excerpt":{"rendered":"<p>Tras desvincular a dos de sus principales figuras, Lizy Tagliani y Elizabeth Vernaci, la emisora de Frecuencia Modulada Radio Pop se encuentra en pleno proceso de rearmado de su grilla de programaci\u00f3n. Seg\u00fan destaca este mi\u00e9rcoles 25 de marzo el diario La Naci\u00f3n, Lizy Tagliani conducir\u00e1 &#8220;Arriba Beb\u00b4\u00e9&#8221; hasta el viernes 27 de marzo, en &hellip; <a href=\"https:\/\/amplitudmodulada.com.ar\/index.php\/noticia14253\/\" class=\"more-link\">Continu\u00e1 leyendo <span class=\"screen-reader-text\">Radio Pop rearma su grilla de programaci\u00f3n<\/span><\/a><\/p>\n","protected":false},"author":1,"featured_media":0,"parent":0,"menu_order":0,"comment_status":"closed","ping_status":"closed","template":"","meta":{"footnotes":""},"class_list":["post-11589","page","type-page","status-publish","hentry"],"_links":{"self":[{"href":"https:\/\/amplitudmodulada.com.ar\/index.php\/wp-json\/wp\/v2\/pages\/11589","targetHints":{"allow":["GET"]}}],"collection":[{"href":"https:\/\/amplitudmodulada.com.ar\/index.php\/wp-json\/wp\/v2\/pages"}],"about":[{"href":"https:\/\/amplitudmodulada.com.ar\/index.php\/wp-json\/wp\/v2\/types\/page"}],"author":[{"embeddable":true,"href":"https:\/\/amplitudmodulada.com.ar\/index.php\/wp-json\/wp\/v2\/users\/1"}],"replies":[{"embeddable":true,"href":"https:\/\/amplitudmodulada.com.ar\/index.php\/wp-json\/wp\/v2\/comments?post=11589"}],"version-history":[{"count":3,"href":"https:\/\/amplitudmodulada.com.ar\/index.php\/wp-json\/wp\/v2\/pages\/11589\/revisions"}],"predecessor-version":[{"id":11594,"href":"https:\/\/amplitudmodulada.com.ar\/index.php\/wp-json\/wp\/v2\/pages\/11589\/revisions\/11594"}],"wp:attachment":[{"href":"https:\/\/amplitudmodulada.com.ar\/index.php\/wp-json\/wp\/v2\/media?parent=11589"}],"curies":[{"name":"wp","href":"https:\/\/api.w.org\/{rel}","templated":true}]}}