{"id":11606,"date":"2026-04-25T13:07:05","date_gmt":"2026-04-25T16:07:05","guid":{"rendered":"https:\/\/amplitudmodulada.com.ar\/?page_id=11606"},"modified":"2026-04-25T13:14:42","modified_gmt":"2026-04-25T16:14:42","slug":"noticia14255","status":"publish","type":"page","link":"https:\/\/amplitudmodulada.com.ar\/index.php\/noticia14255\/","title":{"rendered":"El periodista Sergio Elguez\u00e1bal se suma a Radio 750"},"content":{"rendered":"\n<figure class=\"wp-block-image size-full\"><img loading=\"lazy\" decoding=\"async\" width=\"201\" height=\"35\" src=\"http:\/\/amplitudmodulada.com.ar\/wp-content\/uploads\/2026\/01\/750-e1769720804706.png\" alt=\"\" class=\"wp-image-10798\"\/><\/figure>\n\n\n\n<p>El periodista Sergio Elguez\u00e1bal se sum\u00f3 a la grilla de programaci\u00f3n de LRL203 AM 750 con &#8220;El S\u00e9ptimo D\u00eda&#8221;, un nuevo ciclo que se emite los domingos de 10.00 a 12.00 horas.<\/p>\n\n\n\n<p>El nuevo programa propone un an\u00e1lisis con mirada distendida y original.<\/p>\n\n\n\n<p>&#8220;Estoy contento. S\u00e9 que va a ser un ciclo hermoso. La posibilidad de encontrarte con nuevas audiencias revive tanto que a m\u00ed me hace muy pero muy bien&#8221;, expres\u00f3 el periodista en declaraciones radiales sobre este nuevo desaf\u00edo profesional.<\/p>\n\n\n\n<p>En este sentido, indic\u00f3 que &#8220;el programa va a tener una estructura sencilla&#8221; y precis\u00f3 que &#8220;estar\u00e1n los temas ambientales, porque hoy no se puede pensar nada sin tener en cuenta la sustentabilidad&#8221;.<\/p>\n\n\n\n<p>Asimismo, el periodista, que cuenta con una dilatada trayectoria en distintos medios radiales, contin\u00faa los s\u00e1bados de 8.00 a 10.00 horas en LS1 Radio de la Ciudad con el ciclo &#8220;S\u00e1bado Verde&#8221;.<\/p>\n\n\n\n<p>Fuente: <a href=\"http:\/\/www.lanacion.com.ar\" data-type=\"link\" data-id=\"www.lanacion.com.ar\" target=\"_blank\" rel=\"noreferrer noopener\">www.lanacion.com.ar<\/a> | Ciudad Aut\u00f3noma de Buenos Aires | 25.03.26<\/p>\n\n\n\n<p><\/p>\n","protected":false},"excerpt":{"rendered":"<p>El periodista Sergio Elguez\u00e1bal se sum\u00f3 a la grilla de programaci\u00f3n de LRL203 AM 750 con &#8220;El S\u00e9ptimo D\u00eda&#8221;, un nuevo ciclo que se emite los domingos de 10.00 a 12.00 horas. El nuevo programa propone un an\u00e1lisis con mirada distendida y original. &#8220;Estoy contento. S\u00e9 que va a ser un ciclo hermoso. La posibilidad &hellip; <a href=\"https:\/\/amplitudmodulada.com.ar\/index.php\/noticia14255\/\" class=\"more-link\">Continu\u00e1 leyendo <span class=\"screen-reader-text\">El periodista Sergio Elguez\u00e1bal se suma a Radio 750<\/span><\/a><\/p>\n","protected":false},"author":1,"featured_media":0,"parent":0,"menu_order":0,"comment_status":"closed","ping_status":"closed","template":"","meta":{"footnotes":""},"class_list":["post-11606","page","type-page","status-publish","hentry"],"_links":{"self":[{"href":"https:\/\/amplitudmodulada.com.ar\/index.php\/wp-json\/wp\/v2\/pages\/11606","targetHints":{"allow":["GET"]}}],"collection":[{"href":"https:\/\/amplitudmodulada.com.ar\/index.php\/wp-json\/wp\/v2\/pages"}],"about":[{"href":"https:\/\/amplitudmodulada.com.ar\/index.php\/wp-json\/wp\/v2\/types\/page"}],"author":[{"embeddable":true,"href":"https:\/\/amplitudmodulada.com.ar\/index.php\/wp-json\/wp\/v2\/users\/1"}],"replies":[{"embeddable":true,"href":"https:\/\/amplitudmodulada.com.ar\/index.php\/wp-json\/wp\/v2\/comments?post=11606"}],"version-history":[{"count":3,"href":"https:\/\/amplitudmodulada.com.ar\/index.php\/wp-json\/wp\/v2\/pages\/11606\/revisions"}],"predecessor-version":[{"id":11611,"href":"https:\/\/amplitudmodulada.com.ar\/index.php\/wp-json\/wp\/v2\/pages\/11606\/revisions\/11611"}],"wp:attachment":[{"href":"https:\/\/amplitudmodulada.com.ar\/index.php\/wp-json\/wp\/v2\/media?parent=11606"}],"curies":[{"name":"wp","href":"https:\/\/api.w.org\/{rel}","templated":true}]}}

El periodista Sergio Elguezábal se suma a Radio 750

<figure class="wp-block-image size-full"><img loading="lazy" decoding="async" width="201" height="35" src="http://amplitudmodulada.com.ar/wp-content/uploads/2026/01/750-e1769720804706.png" alt="" class="wp-image-10798"/></figure>



<p>El periodista Sergio Elguezábal se sumó a la grilla de programación de LRL203 AM 750 con &#8220;El Séptimo Día&#8221;, un nuevo ciclo que se emite los domingos de 10.00 a 12.00 horas.</p>



<p>El nuevo programa propone un análisis con mirada distendida y original.</p>



<p>&#8220;Estoy contento. Sé que va a ser un ciclo hermoso. La posibilidad de encontrarte con nuevas audiencias revive tanto que a mí me hace muy pero muy bien&#8221;, expresó el periodista en declaraciones radiales sobre este nuevo desafío profesional.</p>



<p>En este sentido, indicó que &#8220;el programa va a tener una estructura sencilla&#8221; y precisó que &#8220;estarán los temas ambientales, porque hoy no se puede pensar nada sin tener en cuenta la sustentabilidad&#8221;.</p>



<p>Asimismo, el periodista, que cuenta con una dilatada trayectoria en distintos medios radiales, continúa los sábados de 8.00 a 10.00 horas en LS1 Radio de la Ciudad con el ciclo &#8220;Sábado Verde&#8221;.</p>



<p>Fuente: <a href="http://www.lanacion.com.ar" data-type="link" data-id="www.lanacion.com.ar" target="_blank" rel="noreferrer noopener">www.lanacion.com.ar</a> | Ciudad Autónoma de Buenos Aires | 25.03.26</p>



<p></p>

<p>El periodista Sergio Elguezábal se sumó a la grilla de programación de LRL203 AM 750 con &#8220;El Séptimo Día&#8221;, un nuevo ciclo que se emite los domingos de 10.00 a 12.00 horas. El nuevo programa propone un análisis con mirada distendida y original. &#8220;Estoy contento. Sé que va a ser un ciclo hermoso. La posibilidad &hellip; <a href="https://amplitudmodulada.com.ar/index.php/noticia14255/" class="more-link">Continuá leyendo <span class="screen-reader-text">El periodista Sergio Elguezábal se suma a Radio 750</span></a></p>
