{"id":11614,"date":"2026-04-25T13:30:26","date_gmt":"2026-04-25T16:30:26","guid":{"rendered":"https:\/\/amplitudmodulada.com.ar\/?page_id=11614"},"modified":"2026-04-25T14:17:06","modified_gmt":"2026-04-25T17:17:06","slug":"noticia14256","status":"publish","type":"page","link":"https:\/\/amplitudmodulada.com.ar\/index.php\/noticia14256\/","title":{"rendered":"Trabajadores de LT12 Radio Nacional Paso de los Libres exigieron la restituci\u00f3n de la programaci\u00f3n local"},"content":{"rendered":"\n<figure class=\"wp-block-image size-full\"><img loading=\"lazy\" decoding=\"async\" width=\"110\" height=\"110\" src=\"http:\/\/amplitudmodulada.com.ar\/wp-content\/uploads\/2024\/10\/LRA-e1728000015658.jpg\" alt=\"\" class=\"wp-image-4179\"\/><\/figure>\n\n\n\n<p>Luego de realizar una asamblea, los trabajadores de LT12 Radio Nacional Paso de los Libres elevaron un acta a las autoridades nacionales en el que exigen la restituci\u00f3n urgente de la programaci\u00f3n local.<\/p>\n\n\n\n<p>El reclamo se concreta tras el levantamiento total de la programaci\u00f3n local, una medida que -seg\u00fan indicaron- fue comunicada de manera irregular y sin respaldo formal.<\/p>\n\n\n\n<p>En ese contexto, Marcelo Arruch\u00faa, delegado de la Federaci\u00f3n Argentina de Trabajadores de Prensa (FATPREN) e integrante de la asamblea de trabajadores, explic\u00f3 que la decisi\u00f3n se conoci\u00f3 la semana pasada a trav\u00e9s de llamados telef\u00f3nicos dirigidos directamente a operadores de la radio.<\/p>\n\n\n\n<p>&#8220;La orden fue levantar toda la programaci\u00f3n local y no dar aire a ning\u00fan locutor o periodista. Es algo completamente irregular, porque en Radio Nacional todo se maneja con documentos y circulares&#8221;, se\u00f1al\u00f3.<\/p>\n\n\n\n<p>Actualmente, la emisora dej\u00f3 de producir contenidos propios y retransmite \u00fanicamente la se\u00f1al de LRA1 Radio Nacional Buenos Aires.<\/p>\n\n\n\n<p>Esto implica que periodistas, locutores, operadores y t\u00e9cnicos contin\u00faan asistiendo a sus puestos, pero sin posibilidad de desarrollar su trabajo habitual.<\/p>\n\n\n\n<p>&#8220;Nos dejan sin nuestra herramienta principal, que es el aire. Venimos cumpliendo horario, pero no podemos hacer nuestro trabajo&#8221;, a\u00f1adi\u00f3 Marcelo Arruch\u00faa.<\/p>\n\n\n\n<p>Fuente: <a href=\"http:\/\/www.ellitoral.com\" data-type=\"link\" data-id=\"www.ellitoral.com\" target=\"_blank\" rel=\"noreferrer noopener\">www.ellitoral.com.ar<\/a> | Corrientes &#8211; Corrientes| 26.03.26<\/p>\n\n\n\n<p><\/p>\n","protected":false},"excerpt":{"rendered":"<p>Luego de realizar una asamblea, los trabajadores de LT12 Radio Nacional Paso de los Libres elevaron un acta a las autoridades nacionales en el que exigen la restituci\u00f3n urgente de la programaci\u00f3n local. El reclamo se concreta tras el levantamiento total de la programaci\u00f3n local, una medida que -seg\u00fan indicaron- fue comunicada de manera irregular &hellip; <a href=\"https:\/\/amplitudmodulada.com.ar\/index.php\/noticia14256\/\" class=\"more-link\">Continu\u00e1 leyendo <span class=\"screen-reader-text\">Trabajadores de LT12 Radio Nacional Paso de los Libres exigieron la restituci\u00f3n de la programaci\u00f3n local<\/span><\/a><\/p>\n","protected":false},"author":1,"featured_media":0,"parent":0,"menu_order":0,"comment_status":"closed","ping_status":"closed","template":"","meta":{"footnotes":""},"class_list":["post-11614","page","type-page","status-publish","hentry"],"_links":{"self":[{"href":"https:\/\/amplitudmodulada.com.ar\/index.php\/wp-json\/wp\/v2\/pages\/11614","targetHints":{"allow":["GET"]}}],"collection":[{"href":"https:\/\/amplitudmodulada.com.ar\/index.php\/wp-json\/wp\/v2\/pages"}],"about":[{"href":"https:\/\/amplitudmodulada.com.ar\/index.php\/wp-json\/wp\/v2\/types\/page"}],"author":[{"embeddable":true,"href":"https:\/\/amplitudmodulada.com.ar\/index.php\/wp-json\/wp\/v2\/users\/1"}],"replies":[{"embeddable":true,"href":"https:\/\/amplitudmodulada.com.ar\/index.php\/wp-json\/wp\/v2\/comments?post=11614"}],"version-history":[{"count":3,"href":"https:\/\/amplitudmodulada.com.ar\/index.php\/wp-json\/wp\/v2\/pages\/11614\/revisions"}],"predecessor-version":[{"id":11618,"href":"https:\/\/amplitudmodulada.com.ar\/index.php\/wp-json\/wp\/v2\/pages\/11614\/revisions\/11618"}],"wp:attachment":[{"href":"https:\/\/amplitudmodulada.com.ar\/index.php\/wp-json\/wp\/v2\/media?parent=11614"}],"curies":[{"name":"wp","href":"https:\/\/api.w.org\/{rel}","templated":true}]}}

Trabajadores de LT12 Radio Nacional Paso de los Libres exigieron la restitución de la programación local

<figure class="wp-block-image size-full"><img loading="lazy" decoding="async" width="110" height="110" src="http://amplitudmodulada.com.ar/wp-content/uploads/2024/10/LRA-e1728000015658.jpg" alt="" class="wp-image-4179"/></figure>



<p>Luego de realizar una asamblea, los trabajadores de LT12 Radio Nacional Paso de los Libres elevaron un acta a las autoridades nacionales en el que exigen la restitución urgente de la programación local.</p>



<p>El reclamo se concreta tras el levantamiento total de la programación local, una medida que -según indicaron- fue comunicada de manera irregular y sin respaldo formal.</p>



<p>En ese contexto, Marcelo Arruchúa, delegado de la Federación Argentina de Trabajadores de Prensa (FATPREN) e integrante de la asamblea de trabajadores, explicó que la decisión se conoció la semana pasada a través de llamados telefónicos dirigidos directamente a operadores de la radio.</p>



<p>&#8220;La orden fue levantar toda la programación local y no dar aire a ningún locutor o periodista. Es algo completamente irregular, porque en Radio Nacional todo se maneja con documentos y circulares&#8221;, señaló.</p>



<p>Actualmente, la emisora dejó de producir contenidos propios y retransmite únicamente la señal de LRA1 Radio Nacional Buenos Aires.</p>



<p>Esto implica que periodistas, locutores, operadores y técnicos continúan asistiendo a sus puestos, pero sin posibilidad de desarrollar su trabajo habitual.</p>



<p>&#8220;Nos dejan sin nuestra herramienta principal, que es el aire. Venimos cumpliendo horario, pero no podemos hacer nuestro trabajo&#8221;, añadió Marcelo Arruchúa.</p>



<p>Fuente: <a href="http://www.ellitoral.com" data-type="link" data-id="www.ellitoral.com" target="_blank" rel="noreferrer noopener">www.ellitoral.com.ar</a> | Corrientes &#8211; Corrientes| 26.03.26</p>



<p></p>

<p>Luego de realizar una asamblea, los trabajadores de LT12 Radio Nacional Paso de los Libres elevaron un acta a las autoridades nacionales en el que exigen la restitución urgente de la programación local. El reclamo se concreta tras el levantamiento total de la programación local, una medida que -según indicaron- fue comunicada de manera irregular &hellip; <a href="https://amplitudmodulada.com.ar/index.php/noticia14256/" class="more-link">Continuá leyendo <span class="screen-reader-text">Trabajadores de LT12 Radio Nacional Paso de los Libres exigieron la restitución de la programación local</span></a></p>
