{"id":11621,"date":"2026-04-25T17:58:56","date_gmt":"2026-04-25T20:58:56","guid":{"rendered":"https:\/\/amplitudmodulada.com.ar\/?page_id=11621"},"modified":"2026-04-25T18:13:50","modified_gmt":"2026-04-25T21:13:50","slug":"noticia14257","status":"publish","type":"page","link":"https:\/\/amplitudmodulada.com.ar\/index.php\/noticia14257\/","title":{"rendered":"El director de LRA15 Radio Nacional Tucum\u00e1n calific\u00f3 a Mercedes Sosa de &#8220;gorda comunista&#8221; y &#8220;c\u00e1ncer&#8221;"},"content":{"rendered":"\n<figure class=\"wp-block-image size-full\"><img loading=\"lazy\" decoding=\"async\" width=\"110\" height=\"110\" src=\"http:\/\/amplitudmodulada.com.ar\/wp-content\/uploads\/2024\/10\/LRA-e1728000015658.jpg\" alt=\"\" class=\"wp-image-4179\"\/><\/figure>\n\n\n\n<p>A trav\u00e9s de la red social X, Enzo Ferreira, coordinador de LRA15 Radio Nacional Tucum\u00e1n y referente de La Libertad Avanza en esa provincia, calific\u00f3 a la cantante Mercedes Sosa de &#8220;gorda comunista&#8221; y consider\u00f3 que &#8220;esta gorda fue un c\u00e1ncer&#8221;.<\/p>\n\n\n\n<p>Poco despu\u00e9s de los insultos, cuando un periodista comparti\u00f3 la captura de estos mensajes, el directivo de Radio Nacional Tucum\u00e1n sali\u00f3 a cuestionarlo sin retractarse y adjudic\u00f3 los agravios a &#8220;piezas de humor negro&#8221;.<\/p>\n\n\n\n<p>A continuaci\u00f3n, volvi\u00f3 a cuestionar al periodista que lo denunci\u00f3 y motivado por otro mensaje de un usuario de X sobre Mercedes Sosa, afirm\u00f3 que &#8220;solo hice una descripci\u00f3n f\u00edsica e ideol\u00f3gica&#8221;.<\/p>\n\n\n\n<p>Los insultos proferidos por el coordinador de Radio Nacional Tucum\u00e1n a la artista tucumana, fallecida en 2009, se tornan a\u00fan m\u00e1s graves ya que la emisora p\u00fablica lleva, adem\u00e1s, el nombre de Mercedes Sosa.<\/p>\n\n\n\n<p>Fuente: <a href=\"http:\/\/www.perfil.com\" data-type=\"link\" data-id=\"www.perfil.com\" target=\"_blank\" rel=\"noreferrer noopener\">www.perfil.com<\/a> | Ciudad Aut\u00f3noma de Buenos Aires | 27.03,26<\/p>\n\n\n\n<p> <\/p>\n\n\n\n<p><\/p>\n","protected":false},"excerpt":{"rendered":"<p>A trav\u00e9s de la red social X, Enzo Ferreira, coordinador de LRA15 Radio Nacional Tucum\u00e1n y referente de La Libertad Avanza en esa provincia, calific\u00f3 a la cantante Mercedes Sosa de &#8220;gorda comunista&#8221; y consider\u00f3 que &#8220;esta gorda fue un c\u00e1ncer&#8221;. Poco despu\u00e9s de los insultos, cuando un periodista comparti\u00f3 la captura de estos mensajes, &hellip; <a href=\"https:\/\/amplitudmodulada.com.ar\/index.php\/noticia14257\/\" class=\"more-link\">Continu\u00e1 leyendo <span class=\"screen-reader-text\">El director de LRA15 Radio Nacional Tucum\u00e1n calific\u00f3 a Mercedes Sosa de &#8220;gorda comunista&#8221; y &#8220;c\u00e1ncer&#8221;<\/span><\/a><\/p>\n","protected":false},"author":1,"featured_media":0,"parent":0,"menu_order":0,"comment_status":"closed","ping_status":"closed","template":"","meta":{"footnotes":""},"class_list":["post-11621","page","type-page","status-publish","hentry"],"_links":{"self":[{"href":"https:\/\/amplitudmodulada.com.ar\/index.php\/wp-json\/wp\/v2\/pages\/11621","targetHints":{"allow":["GET"]}}],"collection":[{"href":"https:\/\/amplitudmodulada.com.ar\/index.php\/wp-json\/wp\/v2\/pages"}],"about":[{"href":"https:\/\/amplitudmodulada.com.ar\/index.php\/wp-json\/wp\/v2\/types\/page"}],"author":[{"embeddable":true,"href":"https:\/\/amplitudmodulada.com.ar\/index.php\/wp-json\/wp\/v2\/users\/1"}],"replies":[{"embeddable":true,"href":"https:\/\/amplitudmodulada.com.ar\/index.php\/wp-json\/wp\/v2\/comments?post=11621"}],"version-history":[{"count":3,"href":"https:\/\/amplitudmodulada.com.ar\/index.php\/wp-json\/wp\/v2\/pages\/11621\/revisions"}],"predecessor-version":[{"id":11626,"href":"https:\/\/amplitudmodulada.com.ar\/index.php\/wp-json\/wp\/v2\/pages\/11621\/revisions\/11626"}],"wp:attachment":[{"href":"https:\/\/amplitudmodulada.com.ar\/index.php\/wp-json\/wp\/v2\/media?parent=11621"}],"curies":[{"name":"wp","href":"https:\/\/api.w.org\/{rel}","templated":true}]}}

El director de LRA15 Radio Nacional Tucumán calificó a Mercedes Sosa de &#8220;gorda comunista&#8221; y &#8220;cáncer&#8221;

<figure class="wp-block-image size-full"><img loading="lazy" decoding="async" width="110" height="110" src="http://amplitudmodulada.com.ar/wp-content/uploads/2024/10/LRA-e1728000015658.jpg" alt="" class="wp-image-4179"/></figure>



<p>A través de la red social X, Enzo Ferreira, coordinador de LRA15 Radio Nacional Tucumán y referente de La Libertad Avanza en esa provincia, calificó a la cantante Mercedes Sosa de &#8220;gorda comunista&#8221; y consideró que &#8220;esta gorda fue un cáncer&#8221;.</p>



<p>Poco después de los insultos, cuando un periodista compartió la captura de estos mensajes, el directivo de Radio Nacional Tucumán salió a cuestionarlo sin retractarse y adjudicó los agravios a &#8220;piezas de humor negro&#8221;.</p>



<p>A continuación, volvió a cuestionar al periodista que lo denunció y motivado por otro mensaje de un usuario de X sobre Mercedes Sosa, afirmó que &#8220;solo hice una descripción física e ideológica&#8221;.</p>



<p>Los insultos proferidos por el coordinador de Radio Nacional Tucumán a la artista tucumana, fallecida en 2009, se tornan aún más graves ya que la emisora pública lleva, además, el nombre de Mercedes Sosa.</p>



<p>Fuente: <a href="http://www.perfil.com" data-type="link" data-id="www.perfil.com" target="_blank" rel="noreferrer noopener">www.perfil.com</a> | Ciudad Autónoma de Buenos Aires | 27.03,26</p>



<p> </p>



<p></p>

<p>A través de la red social X, Enzo Ferreira, coordinador de LRA15 Radio Nacional Tucumán y referente de La Libertad Avanza en esa provincia, calificó a la cantante Mercedes Sosa de &#8220;gorda comunista&#8221; y consideró que &#8220;esta gorda fue un cáncer&#8221;. Poco después de los insultos, cuando un periodista compartió la captura de estos mensajes, &hellip; <a href="https://amplitudmodulada.com.ar/index.php/noticia14257/" class="more-link">Continuá leyendo <span class="screen-reader-text">El director de LRA15 Radio Nacional Tucumán calificó a Mercedes Sosa de &#8220;gorda comunista&#8221; y &#8220;cáncer&#8221;</span></a></p>
