{"id":11629,"date":"2026-04-25T18:27:48","date_gmt":"2026-04-25T21:27:48","guid":{"rendered":"https:\/\/amplitudmodulada.com.ar\/?page_id=11629"},"modified":"2026-04-25T18:39:19","modified_gmt":"2026-04-25T21:39:19","slug":"noticia14258","status":"publish","type":"page","link":"https:\/\/amplitudmodulada.com.ar\/index.php\/noticia14258\/","title":{"rendered":"El Ente Cultural de Tucum\u00e1n repudi\u00f3 las expresiones agraviantes hacia Mercedes Sosa"},"content":{"rendered":"\n<figure class=\"wp-block-image size-full\"><img loading=\"lazy\" decoding=\"async\" width=\"208\" height=\"55\" src=\"http:\/\/amplitudmodulada.com.ar\/wp-content\/uploads\/2026\/04\/entetucuman-e1777152498561.png\" alt=\"\" class=\"wp-image-11632\"\/><\/figure>\n\n\n\n<p>El Ente Cultural de Tucum\u00e1n expres\u00f3 su m\u00e1s en\u00e9rgico repudio ante las expresiones agraviantes vertidas en redes sociales por Enzo Ferreira. coordinador de LRA15 Radio Nacional Tucum\u00e1n, hacia la figura de Mercedes Sosa.<\/p>\n\n\n\n<p>En ese sentido, el Ente Cultural de Tucum\u00e1n describi\u00f3 a Mercedes Sosa como &#8220;una de las artistas m\u00e1s trascendentes de la cultura argentina y latinoamericana, orgullo del pueblo tucumano y referente indiscutida de nuestra identidad&#8221;.<\/p>\n\n\n\n<p>&#8220;Las manifestaciones que califican a Mercedes Sosa mediante t\u00e9rminos ofensivos y descalificatorios no s\u00f3lo constituyen un agravio a su memoria, sino tambi\u00e9n a toda la comunidad que reconoce en su voz un s\u00edmbolo de lucha, sensibilidad y compromiso social&#8221;, afirm\u00f3 el organismo.<\/p>\n\n\n\n<p>En ese sentido, consider\u00f3 &#8220;inadmisible que discursos de odio, violencia simb\u00f3lica y desvalorizaci\u00f3n circulen en el espacio p\u00fablico y m\u00e1s a\u00fan cuando provienen de personas que ejercen funciones institucionales&#8221;.<\/p>\n\n\n\n<p>&#8220;Este tipo de expresiones representan un ataque a la cultura y a la identidad tucumana, desconociendo el valor de quienes han construido, con su obra, el patrimonio cultural de nuestra provincia&#8221;, a\u00f1adi\u00f3 el Ente Cultural de Turismo.<\/p>\n\n\n\n<p>Fuente: <a href=\"http:\/\/www.enteculturaltucuman.gob.ar\" data-type=\"link\" data-id=\"www.enteculturaltucuman.gob.ar\" target=\"_blank\" rel=\"noreferrer noopener\">www.enteculturaltucuman.gob.ar<\/a> | San Miguel de Tucum\u00e1n &#8211; Tucum\u00e1n | 27.03.26<\/p>\n\n\n\n<p><\/p>\n","protected":false},"excerpt":{"rendered":"<p>El Ente Cultural de Tucum\u00e1n expres\u00f3 su m\u00e1s en\u00e9rgico repudio ante las expresiones agraviantes vertidas en redes sociales por Enzo Ferreira. coordinador de LRA15 Radio Nacional Tucum\u00e1n, hacia la figura de Mercedes Sosa. En ese sentido, el Ente Cultural de Tucum\u00e1n describi\u00f3 a Mercedes Sosa como &#8220;una de las artistas m\u00e1s trascendentes de la cultura &hellip; <a href=\"https:\/\/amplitudmodulada.com.ar\/index.php\/noticia14258\/\" class=\"more-link\">Continu\u00e1 leyendo <span class=\"screen-reader-text\">El Ente Cultural de Tucum\u00e1n repudi\u00f3 las expresiones agraviantes hacia Mercedes Sosa<\/span><\/a><\/p>\n","protected":false},"author":1,"featured_media":0,"parent":0,"menu_order":0,"comment_status":"closed","ping_status":"closed","template":"","meta":{"footnotes":""},"class_list":["post-11629","page","type-page","status-publish","hentry"],"_links":{"self":[{"href":"https:\/\/amplitudmodulada.com.ar\/index.php\/wp-json\/wp\/v2\/pages\/11629","targetHints":{"allow":["GET"]}}],"collection":[{"href":"https:\/\/amplitudmodulada.com.ar\/index.php\/wp-json\/wp\/v2\/pages"}],"about":[{"href":"https:\/\/amplitudmodulada.com.ar\/index.php\/wp-json\/wp\/v2\/types\/page"}],"author":[{"embeddable":true,"href":"https:\/\/amplitudmodulada.com.ar\/index.php\/wp-json\/wp\/v2\/users\/1"}],"replies":[{"embeddable":true,"href":"https:\/\/amplitudmodulada.com.ar\/index.php\/wp-json\/wp\/v2\/comments?post=11629"}],"version-history":[{"count":2,"href":"https:\/\/amplitudmodulada.com.ar\/index.php\/wp-json\/wp\/v2\/pages\/11629\/revisions"}],"predecessor-version":[{"id":11633,"href":"https:\/\/amplitudmodulada.com.ar\/index.php\/wp-json\/wp\/v2\/pages\/11629\/revisions\/11633"}],"wp:attachment":[{"href":"https:\/\/amplitudmodulada.com.ar\/index.php\/wp-json\/wp\/v2\/media?parent=11629"}],"curies":[{"name":"wp","href":"https:\/\/api.w.org\/{rel}","templated":true}]}}

El Ente Cultural de Tucumán repudió las expresiones agraviantes hacia Mercedes Sosa

<figure class="wp-block-image size-full"><img loading="lazy" decoding="async" width="208" height="55" src="http://amplitudmodulada.com.ar/wp-content/uploads/2026/04/entetucuman-e1777152498561.png" alt="" class="wp-image-11632"/></figure>



<p>El Ente Cultural de Tucumán expresó su más enérgico repudio ante las expresiones agraviantes vertidas en redes sociales por Enzo Ferreira. coordinador de LRA15 Radio Nacional Tucumán, hacia la figura de Mercedes Sosa.</p>



<p>En ese sentido, el Ente Cultural de Tucumán describió a Mercedes Sosa como &#8220;una de las artistas más trascendentes de la cultura argentina y latinoamericana, orgullo del pueblo tucumano y referente indiscutida de nuestra identidad&#8221;.</p>



<p>&#8220;Las manifestaciones que califican a Mercedes Sosa mediante términos ofensivos y descalificatorios no sólo constituyen un agravio a su memoria, sino también a toda la comunidad que reconoce en su voz un símbolo de lucha, sensibilidad y compromiso social&#8221;, afirmó el organismo.</p>



<p>En ese sentido, consideró &#8220;inadmisible que discursos de odio, violencia simbólica y desvalorización circulen en el espacio público y más aún cuando provienen de personas que ejercen funciones institucionales&#8221;.</p>



<p>&#8220;Este tipo de expresiones representan un ataque a la cultura y a la identidad tucumana, desconociendo el valor de quienes han construido, con su obra, el patrimonio cultural de nuestra provincia&#8221;, añadió el Ente Cultural de Turismo.</p>



<p>Fuente: <a href="http://www.enteculturaltucuman.gob.ar" data-type="link" data-id="www.enteculturaltucuman.gob.ar" target="_blank" rel="noreferrer noopener">www.enteculturaltucuman.gob.ar</a> | San Miguel de Tucumán &#8211; Tucumán | 27.03.26</p>



<p></p>

<p>El Ente Cultural de Tucumán expresó su más enérgico repudio ante las expresiones agraviantes vertidas en redes sociales por Enzo Ferreira. coordinador de LRA15 Radio Nacional Tucumán, hacia la figura de Mercedes Sosa. En ese sentido, el Ente Cultural de Tucumán describió a Mercedes Sosa como &#8220;una de las artistas más trascendentes de la cultura &hellip; <a href="https://amplitudmodulada.com.ar/index.php/noticia14258/" class="more-link">Continuá leyendo <span class="screen-reader-text">El Ente Cultural de Tucumán repudió las expresiones agraviantes hacia Mercedes Sosa</span></a></p>
