{"id":1163,"date":"2024-03-09T13:18:02","date_gmt":"2024-03-09T16:18:02","guid":{"rendered":"https:\/\/amplitudmodulada.com.ar\/?page_id=1163"},"modified":"2024-03-09T13:28:09","modified_gmt":"2024-03-09T16:28:09","slug":"noticia12915","status":"publish","type":"page","link":"https:\/\/amplitudmodulada.com.ar\/index.php\/noticia12915\/","title":{"rendered":"Muere el hist\u00f3rico conductor de radio y televisi\u00f3n Alberto AJ Llorente"},"content":{"rendered":"\n<figure class=\"wp-block-image size-full\"><img loading=\"lazy\" decoding=\"async\" width=\"105\" height=\"120\" src=\"http:\/\/amplitudmodulada.com.ar\/wp-content\/uploads\/2024\/02\/LT3-e1708686815576.png\" alt=\"\" class=\"wp-image-1007\"\/><\/figure>\n\n\n\n<p>El hist\u00f3rico conductor y productor de radio y televisi\u00f3n Alberto AJ Llorente, de extensa trayectoria en distintos medios de Rosario, falleci\u00f3 este s\u00e1bado a los 93 a\u00f1os como consecuencia de una enfermedad terminal.<\/p>\n\n\n\n<p>Alberto AJ Llorente fue afectuosamente despedido en redes sociales por distintas personalidades locales, as\u00ed como por el p\u00fablico en general.<\/p>\n\n\n\n<p>El m\u00edtico conductor era hincha fan\u00e1tico de Rosario Central y se hab\u00eda hecho muy amigo de importantes figuras del mundo de la m\u00fasica y el espect\u00e1culo.<\/p>\n\n\n\n<p>Por sus programas de radio y televisi\u00f3n pasaron distintas figuras como Sandro, Palito Ortega, Luis Miguel, Cristian Castro y Roberto Carlos.<\/p>\n\n\n\n<p>Comenz\u00f3 su carrera en los a\u00f1os 60, trabaj\u00f3 en LT2 Radio 2, LT3 Radio Cerealista, LT8 Radio Rosario, entre otras, con programas como &#8220;La Ma\u00f1ana de AJ&#8221;, &#8220;La Tarde de AJ&#8221;, &#8220;Burbujitas&#8221; y &#8220;El C\u00edrculo Musical&#8221;.<\/p>\n\n\n\n<p>Fuente: <a href=\"http:\/\/www.noticiasargentinas.com\" data-type=\"link\" data-id=\"www.noticiasargentinas.com\" target=\"_blank\" rel=\"noreferrer noopener\">www.noticiasargentinas.com<\/a> | Ciudad Aut\u00f3noma de Buenos Aires | 19.02.24<\/p>\n","protected":false},"excerpt":{"rendered":"<p>El hist\u00f3rico conductor y productor de radio y televisi\u00f3n Alberto AJ Llorente, de extensa trayectoria en distintos medios de Rosario, falleci\u00f3 este s\u00e1bado a los 93 a\u00f1os como consecuencia de una enfermedad terminal. Alberto AJ Llorente fue afectuosamente despedido en redes sociales por distintas personalidades locales, as\u00ed como por el p\u00fablico en general. El m\u00edtico &hellip; <a href=\"https:\/\/amplitudmodulada.com.ar\/index.php\/noticia12915\/\" class=\"more-link\">Continu\u00e1 leyendo <span class=\"screen-reader-text\">Muere el hist\u00f3rico conductor de radio y televisi\u00f3n Alberto AJ Llorente<\/span><\/a><\/p>\n","protected":false},"author":1,"featured_media":0,"parent":0,"menu_order":0,"comment_status":"closed","ping_status":"closed","template":"","meta":{"footnotes":""},"class_list":["post-1163","page","type-page","status-publish","hentry"],"_links":{"self":[{"href":"https:\/\/amplitudmodulada.com.ar\/index.php\/wp-json\/wp\/v2\/pages\/1163","targetHints":{"allow":["GET"]}}],"collection":[{"href":"https:\/\/amplitudmodulada.com.ar\/index.php\/wp-json\/wp\/v2\/pages"}],"about":[{"href":"https:\/\/amplitudmodulada.com.ar\/index.php\/wp-json\/wp\/v2\/types\/page"}],"author":[{"embeddable":true,"href":"https:\/\/amplitudmodulada.com.ar\/index.php\/wp-json\/wp\/v2\/users\/1"}],"replies":[{"embeddable":true,"href":"https:\/\/amplitudmodulada.com.ar\/index.php\/wp-json\/wp\/v2\/comments?post=1163"}],"version-history":[{"count":2,"href":"https:\/\/amplitudmodulada.com.ar\/index.php\/wp-json\/wp\/v2\/pages\/1163\/revisions"}],"predecessor-version":[{"id":1166,"href":"https:\/\/amplitudmodulada.com.ar\/index.php\/wp-json\/wp\/v2\/pages\/1163\/revisions\/1166"}],"wp:attachment":[{"href":"https:\/\/amplitudmodulada.com.ar\/index.php\/wp-json\/wp\/v2\/media?parent=1163"}],"curies":[{"name":"wp","href":"https:\/\/api.w.org\/{rel}","templated":true}]}}