{"id":11636,"date":"2026-04-26T13:03:03","date_gmt":"2026-04-26T16:03:03","guid":{"rendered":"https:\/\/amplitudmodulada.com.ar\/?page_id=11636"},"modified":"2026-04-26T15:00:56","modified_gmt":"2026-04-26T18:00:56","slug":"noticia14259","status":"publish","type":"page","link":"https:\/\/amplitudmodulada.com.ar\/index.php\/noticia14259\/","title":{"rendered":"La familia de Mercedes Sosa pidi\u00f3 la renuncia de Enzo Ferreira"},"content":{"rendered":"\n<figure class=\"wp-block-image size-full\"><img loading=\"lazy\" decoding=\"async\" width=\"110\" height=\"110\" src=\"http:\/\/amplitudmodulada.com.ar\/wp-content\/uploads\/2024\/10\/LRA-e1728000015658.jpg\" alt=\"\" class=\"wp-image-4179\"\/><\/figure>\n\n\n\n<p>Tras los agravios del coordinador de LRA15 Radio Nacional Tucum\u00e1n y referente de La Libertad Avanza en esa provincia, Enzo Ferreira, hacia la cantante Mercedes Sosa, la familia de la artista pidi\u00f3 la renuncia del funcionario.<\/p>\n\n\n\n<p>A trav\u00e9s de la red social X, el directivo de la emisora p\u00fablica de Tucum\u00e1n, calific\u00f3 a Mercedes Sosa de &#8220;gorda comunista&#8221; y afirm\u00f3 que la artista, fallecida en 2009, fue un &#8220;c\u00e1ncer&#8221;.<\/p>\n\n\n\n<p>En ese contexto, la familia de la artista difundi\u00f3 una carta abierta titulada &#8220;La vigencia de un legado que trasciende el agravio&#8221;, en la que eligieron un tono reflexivo, aunque con una exigencia concreta.<\/p>\n\n\n\n<p>&#8220;Su memoria no necesita defensa. Como familia, trabajamos permanentemente en la difusi\u00f3n de su obra y elegimos no responder al odio con m\u00e1s odio, porque como Mercedes nos ense\u00f1\u00f3, la mejor respuesta es la construcci\u00f3n cultura&#8221;, expresaron.<\/p>\n\n\n\n<p>Asimismo, en el mismo texto exigieron la renuncia del coordinador de Radio Nacional Tucum\u00e1n.<\/p>\n\n\n\n<p>&#8220;Es por eso que tambi\u00e9n pedimos la renuncia del coordinador de Radio Nacional Tucum\u00e1n. Es inadmisible que un funcionario p\u00fablico est\u00e9 al frente de la emisora que lleva el nombre de quien intent\u00f3 desprestigiar&#8221;, indicaron.<\/p>\n\n\n\n<p>La carta concluye con una reivindicaci\u00f3n del legado de la cantante, al afirmar que &#8220;el ruido de las redes es pasajero, la voz de Mercedes, como nuestra tierra, es eterna&#8221;.<\/p>\n\n\n\n<p>Fuente: <a href=\"http:\/\/www.lagaceta.com.ar\" data-type=\"link\" data-id=\"www.lagaceta.com.ar\" target=\"_blank\" rel=\"noreferrer noopener\">www.lagaceta.com.ar<\/a> | San Miguel de Tucum\u00e1n &#8211; Tucum\u00e1n | 27.03.26<\/p>\n\n\n\n<p><\/p>\n","protected":false},"excerpt":{"rendered":"<p>Tras los agravios del coordinador de LRA15 Radio Nacional Tucum\u00e1n y referente de La Libertad Avanza en esa provincia, Enzo Ferreira, hacia la cantante Mercedes Sosa, la familia de la artista pidi\u00f3 la renuncia del funcionario. A trav\u00e9s de la red social X, el directivo de la emisora p\u00fablica de Tucum\u00e1n, calific\u00f3 a Mercedes Sosa &hellip; <a href=\"https:\/\/amplitudmodulada.com.ar\/index.php\/noticia14259\/\" class=\"more-link\">Continu\u00e1 leyendo <span class=\"screen-reader-text\">La familia de Mercedes Sosa pidi\u00f3 la renuncia de Enzo Ferreira<\/span><\/a><\/p>\n","protected":false},"author":1,"featured_media":0,"parent":0,"menu_order":0,"comment_status":"closed","ping_status":"closed","template":"","meta":{"footnotes":""},"class_list":["post-11636","page","type-page","status-publish","hentry"],"_links":{"self":[{"href":"https:\/\/amplitudmodulada.com.ar\/index.php\/wp-json\/wp\/v2\/pages\/11636","targetHints":{"allow":["GET"]}}],"collection":[{"href":"https:\/\/amplitudmodulada.com.ar\/index.php\/wp-json\/wp\/v2\/pages"}],"about":[{"href":"https:\/\/amplitudmodulada.com.ar\/index.php\/wp-json\/wp\/v2\/types\/page"}],"author":[{"embeddable":true,"href":"https:\/\/amplitudmodulada.com.ar\/index.php\/wp-json\/wp\/v2\/users\/1"}],"replies":[{"embeddable":true,"href":"https:\/\/amplitudmodulada.com.ar\/index.php\/wp-json\/wp\/v2\/comments?post=11636"}],"version-history":[{"count":4,"href":"https:\/\/amplitudmodulada.com.ar\/index.php\/wp-json\/wp\/v2\/pages\/11636\/revisions"}],"predecessor-version":[{"id":11643,"href":"https:\/\/amplitudmodulada.com.ar\/index.php\/wp-json\/wp\/v2\/pages\/11636\/revisions\/11643"}],"wp:attachment":[{"href":"https:\/\/amplitudmodulada.com.ar\/index.php\/wp-json\/wp\/v2\/media?parent=11636"}],"curies":[{"name":"wp","href":"https:\/\/api.w.org\/{rel}","templated":true}]}}

La familia de Mercedes Sosa pidió la renuncia de Enzo Ferreira

<figure class="wp-block-image size-full"><img loading="lazy" decoding="async" width="110" height="110" src="http://amplitudmodulada.com.ar/wp-content/uploads/2024/10/LRA-e1728000015658.jpg" alt="" class="wp-image-4179"/></figure>



<p>Tras los agravios del coordinador de LRA15 Radio Nacional Tucumán y referente de La Libertad Avanza en esa provincia, Enzo Ferreira, hacia la cantante Mercedes Sosa, la familia de la artista pidió la renuncia del funcionario.</p>



<p>A través de la red social X, el directivo de la emisora pública de Tucumán, calificó a Mercedes Sosa de &#8220;gorda comunista&#8221; y afirmó que la artista, fallecida en 2009, fue un &#8220;cáncer&#8221;.</p>



<p>En ese contexto, la familia de la artista difundió una carta abierta titulada &#8220;La vigencia de un legado que trasciende el agravio&#8221;, en la que eligieron un tono reflexivo, aunque con una exigencia concreta.</p>



<p>&#8220;Su memoria no necesita defensa. Como familia, trabajamos permanentemente en la difusión de su obra y elegimos no responder al odio con más odio, porque como Mercedes nos enseñó, la mejor respuesta es la construcción cultura&#8221;, expresaron.</p>



<p>Asimismo, en el mismo texto exigieron la renuncia del coordinador de Radio Nacional Tucumán.</p>



<p>&#8220;Es por eso que también pedimos la renuncia del coordinador de Radio Nacional Tucumán. Es inadmisible que un funcionario público esté al frente de la emisora que lleva el nombre de quien intentó desprestigiar&#8221;, indicaron.</p>



<p>La carta concluye con una reivindicación del legado de la cantante, al afirmar que &#8220;el ruido de las redes es pasajero, la voz de Mercedes, como nuestra tierra, es eterna&#8221;.</p>



<p>Fuente: <a href="http://www.lagaceta.com.ar" data-type="link" data-id="www.lagaceta.com.ar" target="_blank" rel="noreferrer noopener">www.lagaceta.com.ar</a> | San Miguel de Tucumán &#8211; Tucumán | 27.03.26</p>



<p></p>

<p>Tras los agravios del coordinador de LRA15 Radio Nacional Tucumán y referente de La Libertad Avanza en esa provincia, Enzo Ferreira, hacia la cantante Mercedes Sosa, la familia de la artista pidió la renuncia del funcionario. A través de la red social X, el directivo de la emisora pública de Tucumán, calificó a Mercedes Sosa &hellip; <a href="https://amplitudmodulada.com.ar/index.php/noticia14259/" class="more-link">Continuá leyendo <span class="screen-reader-text">La familia de Mercedes Sosa pidió la renuncia de Enzo Ferreira</span></a></p>
