{"id":11646,"date":"2026-04-26T20:42:42","date_gmt":"2026-04-26T23:42:42","guid":{"rendered":"https:\/\/amplitudmodulada.com.ar\/?page_id=11646"},"modified":"2026-04-26T20:54:44","modified_gmt":"2026-04-26T23:54:44","slug":"noticia14260","status":"publish","type":"page","link":"https:\/\/amplitudmodulada.com.ar\/index.php\/noticia14260\/","title":{"rendered":"LU28 Radio Tuy\u00fa deja de emitir en Amplitud Modulada"},"content":{"rendered":"\n<figure class=\"wp-block-image size-full\"><img loading=\"lazy\" decoding=\"async\" width=\"150\" height=\"90\" src=\"http:\/\/amplitudmodulada.com.ar\/wp-content\/uploads\/2026\/04\/0200-e1777247190653.png\" alt=\"\" class=\"wp-image-11648\"\/><\/figure>\n\n\n\n<p>Seg\u00fan destac\u00f3 este fin de semana el sitio de Facebook Argentina en AM y FM, LU28 Radio Tuy\u00fa de General Madariaga, provincia de Buenos Aires, ha dejado de emitir definitivamente en Amplitud Modulada.<\/p>\n\n\n\n<p>Argentina en AM y FM se\u00f1ala que el sistema irradiante de Radio Tuy\u00fa ha sido desmantelado y su programaci\u00f3n s\u00f3lo podr\u00eda ser escuchada a trav\u00e9s del 92.5 Mhz.<\/p>\n\n\n\n<p>La licencia de Radio Tuy\u00fa fue adjudicada a trav\u00e9s del Decreto 1870\/1969 del 21 de abril de 1969 en favor de la firma Radio Tuy\u00fa S.R.L. para operar en 1540 Khz.<\/p>\n\n\n\n<p>Su primera emisi\u00f3n, en tanto, se concret\u00f3 el 7 de noviembre de 1970.<\/p>\n\n\n\n<p>Los estudios de Radio Tuy\u00fa se encuentran ubicados en la avenida San Mart\u00edn 336 y su planta transmisora se localizaba en un terreno situado en la intersecci\u00f3n de las calles Presidente Carlos Pellegrini y Calle 14.<\/p>\n\n\n\n<p>30.03.26<\/p>\n","protected":false},"excerpt":{"rendered":"<p>Seg\u00fan destac\u00f3 este fin de semana el sitio de Facebook Argentina en AM y FM, LU28 Radio Tuy\u00fa de General Madariaga, provincia de Buenos Aires, ha dejado de emitir definitivamente en Amplitud Modulada. Argentina en AM y FM se\u00f1ala que el sistema irradiante de Radio Tuy\u00fa ha sido desmantelado y su programaci\u00f3n s\u00f3lo podr\u00eda ser &hellip; <a href=\"https:\/\/amplitudmodulada.com.ar\/index.php\/noticia14260\/\" class=\"more-link\">Continu\u00e1 leyendo <span class=\"screen-reader-text\">LU28 Radio Tuy\u00fa deja de emitir en Amplitud Modulada<\/span><\/a><\/p>\n","protected":false},"author":1,"featured_media":0,"parent":0,"menu_order":0,"comment_status":"closed","ping_status":"closed","template":"","meta":{"footnotes":""},"class_list":["post-11646","page","type-page","status-publish","hentry"],"_links":{"self":[{"href":"https:\/\/amplitudmodulada.com.ar\/index.php\/wp-json\/wp\/v2\/pages\/11646","targetHints":{"allow":["GET"]}}],"collection":[{"href":"https:\/\/amplitudmodulada.com.ar\/index.php\/wp-json\/wp\/v2\/pages"}],"about":[{"href":"https:\/\/amplitudmodulada.com.ar\/index.php\/wp-json\/wp\/v2\/types\/page"}],"author":[{"embeddable":true,"href":"https:\/\/amplitudmodulada.com.ar\/index.php\/wp-json\/wp\/v2\/users\/1"}],"replies":[{"embeddable":true,"href":"https:\/\/amplitudmodulada.com.ar\/index.php\/wp-json\/wp\/v2\/comments?post=11646"}],"version-history":[{"count":2,"href":"https:\/\/amplitudmodulada.com.ar\/index.php\/wp-json\/wp\/v2\/pages\/11646\/revisions"}],"predecessor-version":[{"id":11650,"href":"https:\/\/amplitudmodulada.com.ar\/index.php\/wp-json\/wp\/v2\/pages\/11646\/revisions\/11650"}],"wp:attachment":[{"href":"https:\/\/amplitudmodulada.com.ar\/index.php\/wp-json\/wp\/v2\/media?parent=11646"}],"curies":[{"name":"wp","href":"https:\/\/api.w.org\/{rel}","templated":true}]}}

LU28 Radio Tuyú deja de emitir en Amplitud Modulada

<figure class="wp-block-image size-full"><img loading="lazy" decoding="async" width="150" height="90" src="http://amplitudmodulada.com.ar/wp-content/uploads/2026/04/0200-e1777247190653.png" alt="" class="wp-image-11648"/></figure>



<p>Según destacó este fin de semana el sitio de Facebook Argentina en AM y FM, LU28 Radio Tuyú de General Madariaga, provincia de Buenos Aires, ha dejado de emitir definitivamente en Amplitud Modulada.</p>



<p>Argentina en AM y FM señala que el sistema irradiante de Radio Tuyú ha sido desmantelado y su programación sólo podría ser escuchada a través del 92.5 Mhz.</p>



<p>La licencia de Radio Tuyú fue adjudicada a través del Decreto 1870/1969 del 21 de abril de 1969 en favor de la firma Radio Tuyú S.R.L. para operar en 1540 Khz.</p>



<p>Su primera emisión, en tanto, se concretó el 7 de noviembre de 1970.</p>



<p>Los estudios de Radio Tuyú se encuentran ubicados en la avenida San Martín 336 y su planta transmisora se localizaba en un terreno situado en la intersección de las calles Presidente Carlos Pellegrini y Calle 14.</p>



<p>30.03.26</p>

<p>Según destacó este fin de semana el sitio de Facebook Argentina en AM y FM, LU28 Radio Tuyú de General Madariaga, provincia de Buenos Aires, ha dejado de emitir definitivamente en Amplitud Modulada. Argentina en AM y FM señala que el sistema irradiante de Radio Tuyú ha sido desmantelado y su programación sólo podría ser &hellip; <a href="https://amplitudmodulada.com.ar/index.php/noticia14260/" class="more-link">Continuá leyendo <span class="screen-reader-text">LU28 Radio Tuyú deja de emitir en Amplitud Modulada</span></a></p>
