{"id":11653,"date":"2026-04-27T20:10:53","date_gmt":"2026-04-27T23:10:53","guid":{"rendered":"https:\/\/amplitudmodulada.com.ar\/?page_id=11653"},"modified":"2026-04-27T20:27:40","modified_gmt":"2026-04-27T23:27:40","slug":"noticia14261","status":"publish","type":"page","link":"https:\/\/amplitudmodulada.com.ar\/index.php\/noticia14261\/","title":{"rendered":"Presentaron los nuevos estudios de transmisi\u00f3n de LV11 Radio Santiago del Estero"},"content":{"rendered":"\n<figure class=\"wp-block-image size-full\"><img loading=\"lazy\" decoding=\"async\" width=\"171\" height=\"100\" src=\"http:\/\/amplitudmodulada.com.ar\/wp-content\/uploads\/2024\/05\/LV11-e1714598560483.png\" alt=\"\" class=\"wp-image-1835\"\/><\/figure>\n\n\n\n<p>En el marco del 56\u00ba aniversario de la primera emisi\u00f3n de LV11 Radio Santiago del Estero, sus directores, Jos\u00e9 Mar\u00eda Cantos y Jos\u00e9 Blas Cantos, presentaron este domingo 29 de marzo los nuevos estudios de transmisi\u00f3n de la emisora.<\/p>\n\n\n\n<p>En di\u00e1logo con Ra\u00fal D\u00edaz y Silvina Su\u00e1rez, conductores del programa &#8220;De Ma\u00f1ana y Sin Apuro&#8221;, los directivos destacaron la vanguardia tecnol\u00f3gica y reafirmaron el compromiso de servicio heredado de su padre.<\/p>\n\n\n\n<p>Jos\u00e9 Mar\u00eda Cantos, director de Radio Santiago del Estero y Nuevo Diario Web, explic\u00f3 que el nuevo edificio, ubicado en Libertad y Olaechea, es fruto del sacrificio sostenido.<\/p>\n\n\n\n<p>&#8220;La compra de esta propiedad fue en \u00e9pocas m\u00e1s ben\u00e9volas, pero la construcci\u00f3n nos agarr\u00f3 en medio de una inflaci\u00f3n de m\u00e1s del 100%. Sin embargo, las empresas est\u00e1n consolidadas y aqu\u00ed estamos, mirando al futuro&#8221;, se\u00f1al\u00f3.<\/p>\n\n\n\n<p>Asimismo, durante la charla se record\u00f3 con emoci\u00f3n al fundador de la emisora, Jos\u00e9 Blas Cantos.<\/p>\n\n\n\n<p>&#8220;Desde que Don Cantos adjudic\u00f3 la onda, la idea fue siempre el servicio, ser generosos con la gente&#8221;, asegur\u00f3 y a\u00f1adi\u00f3 que &#8220;de chico nos ense\u00f1\u00f3 a no tenerle miedo a los desaf\u00edos&#8221;.<\/p>\n\n\n\n<p>Por \u00faltimo, los directivos agradecieron al personal y a la audiencia.<\/p>\n\n\n\n<p>&#8220;Queremos ser la radio del norte argentino. Nos sobra capacidad y fuerza para seguir luchando&#8221;, concluy\u00f3.<\/p>\n\n\n\n<p>Fuente: <a href=\"http:\/\/www.radiolv11.com.ar\" data-type=\"link\" data-id=\"www.radiolv11.com.ar\" target=\"_blank\" rel=\"noreferrer noopener\">www.radiolv11.com.ar<\/a> | Santiago del Estero &#8211; Santiago del Estero | 30.03.26<\/p>\n\n\n\n<p><\/p>\n","protected":false},"excerpt":{"rendered":"<p>En el marco del 56\u00ba aniversario de la primera emisi\u00f3n de LV11 Radio Santiago del Estero, sus directores, Jos\u00e9 Mar\u00eda Cantos y Jos\u00e9 Blas Cantos, presentaron este domingo 29 de marzo los nuevos estudios de transmisi\u00f3n de la emisora. En di\u00e1logo con Ra\u00fal D\u00edaz y Silvina Su\u00e1rez, conductores del programa &#8220;De Ma\u00f1ana y Sin Apuro&#8221;, &hellip; <a href=\"https:\/\/amplitudmodulada.com.ar\/index.php\/noticia14261\/\" class=\"more-link\">Continu\u00e1 leyendo <span class=\"screen-reader-text\">Presentaron los nuevos estudios de transmisi\u00f3n de LV11 Radio Santiago del Estero<\/span><\/a><\/p>\n","protected":false},"author":1,"featured_media":0,"parent":0,"menu_order":0,"comment_status":"closed","ping_status":"closed","template":"","meta":{"footnotes":""},"class_list":["post-11653","page","type-page","status-publish","hentry"],"_links":{"self":[{"href":"https:\/\/amplitudmodulada.com.ar\/index.php\/wp-json\/wp\/v2\/pages\/11653","targetHints":{"allow":["GET"]}}],"collection":[{"href":"https:\/\/amplitudmodulada.com.ar\/index.php\/wp-json\/wp\/v2\/pages"}],"about":[{"href":"https:\/\/amplitudmodulada.com.ar\/index.php\/wp-json\/wp\/v2\/types\/page"}],"author":[{"embeddable":true,"href":"https:\/\/amplitudmodulada.com.ar\/index.php\/wp-json\/wp\/v2\/users\/1"}],"replies":[{"embeddable":true,"href":"https:\/\/amplitudmodulada.com.ar\/index.php\/wp-json\/wp\/v2\/comments?post=11653"}],"version-history":[{"count":2,"href":"https:\/\/amplitudmodulada.com.ar\/index.php\/wp-json\/wp\/v2\/pages\/11653\/revisions"}],"predecessor-version":[{"id":11656,"href":"https:\/\/amplitudmodulada.com.ar\/index.php\/wp-json\/wp\/v2\/pages\/11653\/revisions\/11656"}],"wp:attachment":[{"href":"https:\/\/amplitudmodulada.com.ar\/index.php\/wp-json\/wp\/v2\/media?parent=11653"}],"curies":[{"name":"wp","href":"https:\/\/api.w.org\/{rel}","templated":true}]}}

Presentaron los nuevos estudios de transmisión de LV11 Radio Santiago del Estero

<figure class="wp-block-image size-full"><img loading="lazy" decoding="async" width="171" height="100" src="http://amplitudmodulada.com.ar/wp-content/uploads/2024/05/LV11-e1714598560483.png" alt="" class="wp-image-1835"/></figure>



<p>En el marco del 56º aniversario de la primera emisión de LV11 Radio Santiago del Estero, sus directores, José María Cantos y José Blas Cantos, presentaron este domingo 29 de marzo los nuevos estudios de transmisión de la emisora.</p>



<p>En diálogo con Raúl Díaz y Silvina Suárez, conductores del programa &#8220;De Mañana y Sin Apuro&#8221;, los directivos destacaron la vanguardia tecnológica y reafirmaron el compromiso de servicio heredado de su padre.</p>



<p>José María Cantos, director de Radio Santiago del Estero y Nuevo Diario Web, explicó que el nuevo edificio, ubicado en Libertad y Olaechea, es fruto del sacrificio sostenido.</p>



<p>&#8220;La compra de esta propiedad fue en épocas más benévolas, pero la construcción nos agarró en medio de una inflación de más del 100%. Sin embargo, las empresas están consolidadas y aquí estamos, mirando al futuro&#8221;, señaló.</p>



<p>Asimismo, durante la charla se recordó con emoción al fundador de la emisora, José Blas Cantos.</p>



<p>&#8220;Desde que Don Cantos adjudicó la onda, la idea fue siempre el servicio, ser generosos con la gente&#8221;, aseguró y añadió que &#8220;de chico nos enseñó a no tenerle miedo a los desafíos&#8221;.</p>



<p>Por último, los directivos agradecieron al personal y a la audiencia.</p>



<p>&#8220;Queremos ser la radio del norte argentino. Nos sobra capacidad y fuerza para seguir luchando&#8221;, concluyó.</p>



<p>Fuente: <a href="http://www.radiolv11.com.ar" data-type="link" data-id="www.radiolv11.com.ar" target="_blank" rel="noreferrer noopener">www.radiolv11.com.ar</a> | Santiago del Estero &#8211; Santiago del Estero | 30.03.26</p>



<p></p>

<p>En el marco del 56º aniversario de la primera emisión de LV11 Radio Santiago del Estero, sus directores, José María Cantos y José Blas Cantos, presentaron este domingo 29 de marzo los nuevos estudios de transmisión de la emisora. En diálogo con Raúl Díaz y Silvina Suárez, conductores del programa &#8220;De Mañana y Sin Apuro&#8221;, &hellip; <a href="https://amplitudmodulada.com.ar/index.php/noticia14261/" class="more-link">Continuá leyendo <span class="screen-reader-text">Presentaron los nuevos estudios de transmisión de LV11 Radio Santiago del Estero</span></a></p>
