{"id":11669,"date":"2026-05-01T09:35:05","date_gmt":"2026-05-01T12:35:05","guid":{"rendered":"https:\/\/amplitudmodulada.com.ar\/?page_id=11669"},"modified":"2026-05-01T09:45:48","modified_gmt":"2026-05-01T12:45:48","slug":"noticia14263","status":"publish","type":"page","link":"https:\/\/amplitudmodulada.com.ar\/index.php\/noticia14263\/","title":{"rendered":"Osvaldo Jaldo repudi\u00f3 los agravios a Mercedes Sosa del coordinador de LRA15 Radio Nacional Tucum\u00e1n"},"content":{"rendered":"\n<figure class=\"wp-block-image size-full\"><img loading=\"lazy\" decoding=\"async\" width=\"110\" height=\"110\" src=\"http:\/\/amplitudmodulada.com.ar\/wp-content\/uploads\/2024\/10\/LRA-e1728000015658.jpg\" alt=\"\" class=\"wp-image-4179\"\/><\/figure>\n\n\n\n<p>El gobernador de Tucum\u00e1n, Osvaldo Jaldo, respudi\u00f3 este lunes los agravios en redes sociales del coordinador de LRA15 Radio Nacional Tucum\u00e1n, Enzo Ferreira, contra la cantante tucumana Mercedes Sosa.<\/p>\n\n\n\n<p>En ese sentido, el mandatario asegur\u00f3 que los dichos de Enzo Ferreira constituyen una falta de respeto a la figura de Mercedes Sosa y consider\u00f3 que no es necesario pedirle la renuncia porque &#8220;se tiene que ir solo&#8221;.<\/p>\n\n\n\n<p>&#8220;Creo que es una falta de respeto total, porque no conocer la historia es no conocer la cultura, es no conocer lo que Mercedes Sosa le dio a Tucum\u00e1n, a Argentina y a gran parte de Latinoam\u00e9rica&#8221;, a\u00f1adi\u00f3 Osvaldo Jaldo.<\/p>\n\n\n\n<p>La semana pasada, el coordinador de Radio Nacional Tucum\u00e1n desat\u00f3 una fuerte ola de repudios tras replicar un mensaje en el que se calificaba a Mercedes Sosa con t\u00e9rminos insultantes.<\/p>\n\n\n\n<p>En ese contexto, el Ente Cultural de Tucum\u00e1n y la familia de la artista exigieron la renuncia del directivo y referente de La Libertad Avanza en la provincia.<\/p>\n\n\n\n<p>30.03.26<\/p>\n","protected":false},"excerpt":{"rendered":"<p>El gobernador de Tucum\u00e1n, Osvaldo Jaldo, respudi\u00f3 este lunes los agravios en redes sociales del coordinador de LRA15 Radio Nacional Tucum\u00e1n, Enzo Ferreira, contra la cantante tucumana Mercedes Sosa. En ese sentido, el mandatario asegur\u00f3 que los dichos de Enzo Ferreira constituyen una falta de respeto a la figura de Mercedes Sosa y consider\u00f3 que &hellip; <a href=\"https:\/\/amplitudmodulada.com.ar\/index.php\/noticia14263\/\" class=\"more-link\">Continu\u00e1 leyendo <span class=\"screen-reader-text\">Osvaldo Jaldo repudi\u00f3 los agravios a Mercedes Sosa del coordinador de LRA15 Radio Nacional Tucum\u00e1n<\/span><\/a><\/p>\n","protected":false},"author":1,"featured_media":0,"parent":0,"menu_order":0,"comment_status":"closed","ping_status":"closed","template":"","meta":{"footnotes":""},"class_list":["post-11669","page","type-page","status-publish","hentry"],"_links":{"self":[{"href":"https:\/\/amplitudmodulada.com.ar\/index.php\/wp-json\/wp\/v2\/pages\/11669","targetHints":{"allow":["GET"]}}],"collection":[{"href":"https:\/\/amplitudmodulada.com.ar\/index.php\/wp-json\/wp\/v2\/pages"}],"about":[{"href":"https:\/\/amplitudmodulada.com.ar\/index.php\/wp-json\/wp\/v2\/types\/page"}],"author":[{"embeddable":true,"href":"https:\/\/amplitudmodulada.com.ar\/index.php\/wp-json\/wp\/v2\/users\/1"}],"replies":[{"embeddable":true,"href":"https:\/\/amplitudmodulada.com.ar\/index.php\/wp-json\/wp\/v2\/comments?post=11669"}],"version-history":[{"count":3,"href":"https:\/\/amplitudmodulada.com.ar\/index.php\/wp-json\/wp\/v2\/pages\/11669\/revisions"}],"predecessor-version":[{"id":11674,"href":"https:\/\/amplitudmodulada.com.ar\/index.php\/wp-json\/wp\/v2\/pages\/11669\/revisions\/11674"}],"wp:attachment":[{"href":"https:\/\/amplitudmodulada.com.ar\/index.php\/wp-json\/wp\/v2\/media?parent=11669"}],"curies":[{"name":"wp","href":"https:\/\/api.w.org\/{rel}","templated":true}]}}