{"id":1169,"date":"2024-03-09T13:41:36","date_gmt":"2024-03-09T16:41:36","guid":{"rendered":"https:\/\/amplitudmodulada.com.ar\/?page_id=1169"},"modified":"2024-03-09T13:46:35","modified_gmt":"2024-03-09T16:46:35","slug":"noticia12916","status":"publish","type":"page","link":"https:\/\/amplitudmodulada.com.ar\/index.php\/noticia12916\/","title":{"rendered":"LU2 Radio Bah\u00eda Blanca vuelve a emitir en Amplitud Modulada"},"content":{"rendered":"\n<figure class=\"wp-block-image size-full\"><img loading=\"lazy\" decoding=\"async\" width=\"178\" height=\"60\" src=\"http:\/\/amplitudmodulada.com.ar\/wp-content\/uploads\/2024\/01\/LU2-e1705179069268.png\" alt=\"\" class=\"wp-image-243\"\/><\/figure>\n\n\n\n<p>Dos meses despu\u00e9s del temporal que azot\u00f3 la ciudad de Bah\u00eda Blanca y que provoc\u00f3 la ca\u00edda de su antena de transmisi\u00f3n, LU2 Radio Bah\u00eda Blanca anunci\u00f3 este lunes que vuelve a emitir su programaci\u00f3n a trav\u00e9s de su se\u00f1al de Amplitud Modulada.<\/p>\n\n\n\n<p>El temporal del 16 de diciembre dej\u00f3 a la tradicional emisora de Bah\u00eda Blanca sin poder emitir en Amplitud Modulada, por lo que su programaci\u00f3n pudo ser escuchada en Frecuencia Modulada y a trav\u00e9s de Internet y su aplicaci\u00f3n para tel\u00e9fonos m\u00f3viles.<\/p>\n\n\n\n<p>De todos modos, se\u00f1ala la emisora, personal t\u00e9cnico contin\u00faa trabajando para recuperar la calidad de servicio en todos los distritos donde Radio Bah\u00eda Blanca cuenta con oyentes.<\/p>\n\n\n\n<p>Fuente: <a href=\"http:\/\/www.lanueva.com\" data-type=\"link\" data-id=\"www.lanueva.com\" target=\"_blank\" rel=\"noreferrer noopener\">www.lanueva.com<\/a> | Bah\u00eda Blanca &#8211; Buenos Aires | 19.02.24<\/p>\n","protected":false},"excerpt":{"rendered":"<p>Dos meses despu\u00e9s del temporal que azot\u00f3 la ciudad de Bah\u00eda Blanca y que provoc\u00f3 la ca\u00edda de su antena de transmisi\u00f3n, LU2 Radio Bah\u00eda Blanca anunci\u00f3 este lunes que vuelve a emitir su programaci\u00f3n a trav\u00e9s de su se\u00f1al de Amplitud Modulada. El temporal del 16 de diciembre dej\u00f3 a la tradicional emisora de &hellip; <a href=\"https:\/\/amplitudmodulada.com.ar\/index.php\/noticia12916\/\" class=\"more-link\">Continu\u00e1 leyendo <span class=\"screen-reader-text\">LU2 Radio Bah\u00eda Blanca vuelve a emitir en Amplitud Modulada<\/span><\/a><\/p>\n","protected":false},"author":1,"featured_media":0,"parent":0,"menu_order":0,"comment_status":"closed","ping_status":"closed","template":"","meta":{"footnotes":""},"class_list":["post-1169","page","type-page","status-publish","hentry"],"_links":{"self":[{"href":"https:\/\/amplitudmodulada.com.ar\/index.php\/wp-json\/wp\/v2\/pages\/1169","targetHints":{"allow":["GET"]}}],"collection":[{"href":"https:\/\/amplitudmodulada.com.ar\/index.php\/wp-json\/wp\/v2\/pages"}],"about":[{"href":"https:\/\/amplitudmodulada.com.ar\/index.php\/wp-json\/wp\/v2\/types\/page"}],"author":[{"embeddable":true,"href":"https:\/\/amplitudmodulada.com.ar\/index.php\/wp-json\/wp\/v2\/users\/1"}],"replies":[{"embeddable":true,"href":"https:\/\/amplitudmodulada.com.ar\/index.php\/wp-json\/wp\/v2\/comments?post=1169"}],"version-history":[{"count":2,"href":"https:\/\/amplitudmodulada.com.ar\/index.php\/wp-json\/wp\/v2\/pages\/1169\/revisions"}],"predecessor-version":[{"id":1172,"href":"https:\/\/amplitudmodulada.com.ar\/index.php\/wp-json\/wp\/v2\/pages\/1169\/revisions\/1172"}],"wp:attachment":[{"href":"https:\/\/amplitudmodulada.com.ar\/index.php\/wp-json\/wp\/v2\/media?parent=1169"}],"curies":[{"name":"wp","href":"https:\/\/api.w.org\/{rel}","templated":true}]}}