{"id":11713,"date":"2026-05-01T13:33:52","date_gmt":"2026-05-01T16:33:52","guid":{"rendered":"https:\/\/amplitudmodulada.com.ar\/?page_id=11713"},"modified":"2026-05-01T13:46:16","modified_gmt":"2026-05-01T16:46:16","slug":"noticia14268","status":"publish","type":"page","link":"https:\/\/amplitudmodulada.com.ar\/index.php\/noticia14268\/","title":{"rendered":"El empresario Sergio Szpolski operar\u00e1 FM Vale"},"content":{"rendered":"\n<figure class=\"wp-block-image size-full\"><img loading=\"lazy\" decoding=\"async\" width=\"180\" height=\"40\" src=\"http:\/\/amplitudmodulada.com.ar\/wp-content\/uploads\/2026\/05\/fmvale-e1777653359434.png\" alt=\"\" class=\"wp-image-11716\"\/><\/figure>\n\n\n\n<p>Seg\u00fan destaca este mi\u00e9rcoles 1 de abril el diario La Naci\u00f3n, el empresario de medios Sergio Szpolski asumi\u00f3 el control operativo de la empresa Radio Productora 2000, titular de la licencia de la emisora de Frecuencia Modulada Vale, que se encontraba bajo la \u00f3rbita de Indalo Media y que sale al aire en 97.5 Mhz.<\/p>\n\n\n\n<p>La operaci\u00f3n t\u00e9cnica y comercial, realizada mediante un contrato de asociaci\u00f3n con canon por explotaci\u00f3n, se da en su rol de socio minoritario (posee el 5,66%) en la divisi\u00f3n de medios de la empresa que encabeza Crist\u00f3bal L\u00f3pez que, actualmente, comprende activos como la se\u00f1al C5N, LRL202 Radio 10, las emisoras de Frecuencia Modulada Pop y Mega, el portal minutouno.com y participaciones en el diario \u00c1mbito Financiero y la productora La Corte.<\/p>\n\n\n\n<p>La gesti\u00f3n no solo incluye la direcci\u00f3n de la licencia, sino tambi\u00e9n la transferencia de los aproximadamente veinte empleados y una futura mudanza.<\/p>\n\n\n\n<p>Seg\u00fan pudo saber el diario La Naci\u00f3n, el proyecto busca modernizar el perfil de la emisora sin perder su esencia.<\/p>\n\n\n\n<p>Aunque mantendr\u00e1 su hist\u00f3rica inclinaci\u00f3n hacia el pop latino y las baladas rom\u00e1nticas, la apuesta de Sergio Szpolski apunta a una convergencia digital total.<\/p>\n\n\n\n<p>La programaci\u00f3n estar\u00e1 centrada en el entretenimiento y el streaming, a cargo de Javier Fabregas, sumando la organizaci\u00f3n de recitales en vivo y una fuerte presentcia en redes sociales.<\/p>\n\n\n\n<p>Fuente: <a href=\"http:\/\/www.lanacion.com.ar\" data-type=\"link\" data-id=\"www.lanacion.com.ar\" target=\"_blank\" rel=\"noreferrer noopener\">www.lanacion.com.ar<\/a> | Ciudad Aut\u00f3noma de Buenos Aires | 01.04.26<\/p>\n\n\n\n<p><\/p>\n","protected":false},"excerpt":{"rendered":"<p>Seg\u00fan destaca este mi\u00e9rcoles 1 de abril el diario La Naci\u00f3n, el empresario de medios Sergio Szpolski asumi\u00f3 el control operativo de la empresa Radio Productora 2000, titular de la licencia de la emisora de Frecuencia Modulada Vale, que se encontraba bajo la \u00f3rbita de Indalo Media y que sale al aire en 97.5 Mhz. &hellip; <a href=\"https:\/\/amplitudmodulada.com.ar\/index.php\/noticia14268\/\" class=\"more-link\">Continu\u00e1 leyendo <span class=\"screen-reader-text\">El empresario Sergio Szpolski operar\u00e1 FM Vale<\/span><\/a><\/p>\n","protected":false},"author":1,"featured_media":0,"parent":0,"menu_order":0,"comment_status":"closed","ping_status":"closed","template":"","meta":{"footnotes":""},"class_list":["post-11713","page","type-page","status-publish","hentry"],"_links":{"self":[{"href":"https:\/\/amplitudmodulada.com.ar\/index.php\/wp-json\/wp\/v2\/pages\/11713","targetHints":{"allow":["GET"]}}],"collection":[{"href":"https:\/\/amplitudmodulada.com.ar\/index.php\/wp-json\/wp\/v2\/pages"}],"about":[{"href":"https:\/\/amplitudmodulada.com.ar\/index.php\/wp-json\/wp\/v2\/types\/page"}],"author":[{"embeddable":true,"href":"https:\/\/amplitudmodulada.com.ar\/index.php\/wp-json\/wp\/v2\/users\/1"}],"replies":[{"embeddable":true,"href":"https:\/\/amplitudmodulada.com.ar\/index.php\/wp-json\/wp\/v2\/comments?post=11713"}],"version-history":[{"count":4,"href":"https:\/\/amplitudmodulada.com.ar\/index.php\/wp-json\/wp\/v2\/pages\/11713\/revisions"}],"predecessor-version":[{"id":11720,"href":"https:\/\/amplitudmodulada.com.ar\/index.php\/wp-json\/wp\/v2\/pages\/11713\/revisions\/11720"}],"wp:attachment":[{"href":"https:\/\/amplitudmodulada.com.ar\/index.php\/wp-json\/wp\/v2\/media?parent=11713"}],"curies":[{"name":"wp","href":"https:\/\/api.w.org\/{rel}","templated":true}]}}