{"id":11723,"date":"2026-05-01T17:30:24","date_gmt":"2026-05-01T20:30:24","guid":{"rendered":"https:\/\/amplitudmodulada.com.ar\/?page_id=11723"},"modified":"2026-05-01T17:41:46","modified_gmt":"2026-05-01T20:41:46","slug":"noticia14269","status":"publish","type":"page","link":"https:\/\/amplitudmodulada.com.ar\/index.php\/noticia14269\/","title":{"rendered":"La familia de Mercedes Sosa rechaz\u00f3 las disculpas del coordinador de LRA15 Radio Nacional Tucum\u00e1n"},"content":{"rendered":"\n<figure class=\"wp-block-image size-full\"><img loading=\"lazy\" decoding=\"async\" width=\"110\" height=\"110\" src=\"http:\/\/amplitudmodulada.com.ar\/wp-content\/uploads\/2024\/10\/LRA-e1728000015658.jpg\" alt=\"\" class=\"wp-image-4179\"\/><\/figure>\n\n\n\n<p>La familia de Mercedes Sosa rechaz\u00f3 este mi\u00e9rcoles 1 de abril el pedido de disculpas del coordinador de LRA15 Radio Nacional Tucum\u00e1n, Enzo Ferreira, en tanto volvi\u00f3 a reclamar su renuncia a la emisora que, adem\u00e1s, lleva el nombre de la artista.<\/p>\n\n\n\n<p>&#8220;El uso de una red social no est\u00e1 escindida del rol de un funcionario p\u00fablico&#8221;, indicaron los familiares de la cantante, fallecida en 2009.<\/p>\n\n\n\n<p>Tras cosechar un amplio repudio, que incluso lleg\u00f3 hasta el gobernador Osvaldo Jaldo, por haber tratado a Mercedes Sosa de &#8220;gorda comunista&#8221;, Enzo Ferreira pidi\u00f3 disculpas en dos ocasiones.<\/p>\n\n\n\n<p>Primero, lo hizo a trav\u00e9s de un comunicado y luego en un programa de streaming.<\/p>\n\n\n\n<p>El funcionario explic\u00f3 que sus palabras respondieron a las &#8220;l\u00f3gicas de Twitter&#8221; y asumi\u00f3 que &#8220;estuvo mal&#8221;.<\/p>\n\n\n\n<p>&#8220;Pido disculpas si ofend\u00ed a la familia de Mercedes Sosa, a sus seguidores y a sus oyentes. Nunca puse en duda el talento y la importancia de Mercedes Sosa como artista&#8221;, se defendi\u00f3 en di\u00e1logo con una emisora de Tucum\u00e1n.<\/p>\n\n\n\n<p>En tanto, la familia de la artista rechaz\u00f3 las excusas del directivo al se\u00f1alar que &#8220;las disculpas de Ferreira son una nueva muestra de profunda intolerancia y discriminaci\u00f3n&#8221; y asegur\u00f3 que no los ofende que se destaque el pensamiento pol\u00edtico de Mercedes Sosa, sino que &#8220;se pretenda insultar con eso&#8221;.<\/p>\n\n\n\n<p>Fuente: <a href=\"http:\/\/www.ambito.com\" data-type=\"link\" data-id=\"www.ambito.com\" target=\"_blank\" rel=\"noreferrer noopener\">www.ambito.com<\/a> | Ciudad Aut\u00f3noma de Buenos Aires | 01.04.26<\/p>\n\n\n\n<p><\/p>\n","protected":false},"excerpt":{"rendered":"<p>La familia de Mercedes Sosa rechaz\u00f3 este mi\u00e9rcoles 1 de abril el pedido de disculpas del coordinador de LRA15 Radio Nacional Tucum\u00e1n, Enzo Ferreira, en tanto volvi\u00f3 a reclamar su renuncia a la emisora que, adem\u00e1s, lleva el nombre de la artista. &#8220;El uso de una red social no est\u00e1 escindida del rol de un &hellip; <a href=\"https:\/\/amplitudmodulada.com.ar\/index.php\/noticia14269\/\" class=\"more-link\">Continu\u00e1 leyendo <span class=\"screen-reader-text\">La familia de Mercedes Sosa rechaz\u00f3 las disculpas del coordinador de LRA15 Radio Nacional Tucum\u00e1n<\/span><\/a><\/p>\n","protected":false},"author":1,"featured_media":0,"parent":0,"menu_order":0,"comment_status":"closed","ping_status":"closed","template":"","meta":{"footnotes":""},"class_list":["post-11723","page","type-page","status-publish","hentry"],"_links":{"self":[{"href":"https:\/\/amplitudmodulada.com.ar\/index.php\/wp-json\/wp\/v2\/pages\/11723","targetHints":{"allow":["GET"]}}],"collection":[{"href":"https:\/\/amplitudmodulada.com.ar\/index.php\/wp-json\/wp\/v2\/pages"}],"about":[{"href":"https:\/\/amplitudmodulada.com.ar\/index.php\/wp-json\/wp\/v2\/types\/page"}],"author":[{"embeddable":true,"href":"https:\/\/amplitudmodulada.com.ar\/index.php\/wp-json\/wp\/v2\/users\/1"}],"replies":[{"embeddable":true,"href":"https:\/\/amplitudmodulada.com.ar\/index.php\/wp-json\/wp\/v2\/comments?post=11723"}],"version-history":[{"count":2,"href":"https:\/\/amplitudmodulada.com.ar\/index.php\/wp-json\/wp\/v2\/pages\/11723\/revisions"}],"predecessor-version":[{"id":11726,"href":"https:\/\/amplitudmodulada.com.ar\/index.php\/wp-json\/wp\/v2\/pages\/11723\/revisions\/11726"}],"wp:attachment":[{"href":"https:\/\/amplitudmodulada.com.ar\/index.php\/wp-json\/wp\/v2\/media?parent=11723"}],"curies":[{"name":"wp","href":"https:\/\/api.w.org\/{rel}","templated":true}]}}