{"id":11729,"date":"2026-05-01T19:14:18","date_gmt":"2026-05-01T22:14:18","guid":{"rendered":"https:\/\/amplitudmodulada.com.ar\/?page_id=11729"},"modified":"2026-05-01T19:23:45","modified_gmt":"2026-05-01T22:23:45","slug":"noticia14271","status":"publish","type":"page","link":"https:\/\/amplitudmodulada.com.ar\/index.php\/noticia14271\/","title":{"rendered":"Radio Splendid realiza cambios en su grilla de programci\u00f3n"},"content":{"rendered":"\n<figure class=\"wp-block-image size-full\"><img loading=\"lazy\" decoding=\"async\" width=\"110\" height=\"110\" src=\"http:\/\/amplitudmodulada.com.ar\/wp-content\/uploads\/2026\/01\/991-e1769186224370.png\" alt=\"\" class=\"wp-image-10701\"\/><\/figure>\n\n\n\n<p>En el marco de una fuerte crisis interna, que incluy\u00f3 el reciente despido de quince trabajadores, LR4 Radio Splendid renueva su oferta de contenidos y concreta cambios en su grilla de programaci\u00f3n.<\/p>\n\n\n\n<p>Una de las novedades principales es el debut de &#8220;C\u00f3digo Internacional&#8221;, el nuevo ciclo que conduce el periodista especializado en temas internacionales Alfredo Casado y que cuenta con la producci\u00f3n de Lorena Talavera.<\/p>\n\n\n\n<p>El nuevo programa, que ofrece un resumen semanal detallado del escenario y la agenda global, se emitir\u00e1 todos los s\u00e1bados de 6.00 a 7.00 horas.<\/p>\n\n\n\n<p>Por otro lado, a partir del lunes 6 de abril, Daniel Mollo y Roberto Leto sumar\u00e1n una edici\u00f3n a su ciclo partidario dedicado a Boca Juniors con &#8220;El Show de Boca. Boca de Selecci\u00f3n. Primera Edici\u00f3n&#8221;, que ir\u00e1 todos los d\u00edas de 11.00 a 12.00 horas.<\/p>\n\n\n\n<p>A partir de este cambio, el ciclo &#8220;RPM&#8221;, que conduce el periodista Rolando Gra\u00f1a, tendr\u00e1 una hora menos de duraci\u00f3n y saldr\u00e1 al aire solamente de 9.00 a 11.00 horas.<\/p>\n\n\n\n<p>Fuente: <a href=\"http:\/\/www.lanacion.com.ar\" data-type=\"link\" data-id=\"www.lanacion.com.ar\" target=\"_blank\" rel=\"noreferrer noopener\">www.lanacion.com.ar<\/a> | Ciudad Aut\u00f3noma de Buenos Aires | 01.04.26<\/p>\n\n\n\n<p><\/p>\n","protected":false},"excerpt":{"rendered":"<p>En el marco de una fuerte crisis interna, que incluy\u00f3 el reciente despido de quince trabajadores, LR4 Radio Splendid renueva su oferta de contenidos y concreta cambios en su grilla de programaci\u00f3n. Una de las novedades principales es el debut de &#8220;C\u00f3digo Internacional&#8221;, el nuevo ciclo que conduce el periodista especializado en temas internacionales Alfredo &hellip; <a href=\"https:\/\/amplitudmodulada.com.ar\/index.php\/noticia14271\/\" class=\"more-link\">Continu\u00e1 leyendo <span class=\"screen-reader-text\">Radio Splendid realiza cambios en su grilla de programci\u00f3n<\/span><\/a><\/p>\n","protected":false},"author":1,"featured_media":0,"parent":0,"menu_order":0,"comment_status":"closed","ping_status":"closed","template":"","meta":{"footnotes":""},"class_list":["post-11729","page","type-page","status-publish","hentry"],"_links":{"self":[{"href":"https:\/\/amplitudmodulada.com.ar\/index.php\/wp-json\/wp\/v2\/pages\/11729","targetHints":{"allow":["GET"]}}],"collection":[{"href":"https:\/\/amplitudmodulada.com.ar\/index.php\/wp-json\/wp\/v2\/pages"}],"about":[{"href":"https:\/\/amplitudmodulada.com.ar\/index.php\/wp-json\/wp\/v2\/types\/page"}],"author":[{"embeddable":true,"href":"https:\/\/amplitudmodulada.com.ar\/index.php\/wp-json\/wp\/v2\/users\/1"}],"replies":[{"embeddable":true,"href":"https:\/\/amplitudmodulada.com.ar\/index.php\/wp-json\/wp\/v2\/comments?post=11729"}],"version-history":[{"count":3,"href":"https:\/\/amplitudmodulada.com.ar\/index.php\/wp-json\/wp\/v2\/pages\/11729\/revisions"}],"predecessor-version":[{"id":11733,"href":"https:\/\/amplitudmodulada.com.ar\/index.php\/wp-json\/wp\/v2\/pages\/11729\/revisions\/11733"}],"wp:attachment":[{"href":"https:\/\/amplitudmodulada.com.ar\/index.php\/wp-json\/wp\/v2\/media?parent=11729"}],"curies":[{"name":"wp","href":"https:\/\/api.w.org\/{rel}","templated":true}]}}