{"id":11750,"date":"2026-05-01T21:59:48","date_gmt":"2026-05-02T00:59:48","guid":{"rendered":"https:\/\/amplitudmodulada.com.ar\/?page_id=11750"},"modified":"2026-05-02T09:25:29","modified_gmt":"2026-05-02T12:25:29","slug":"noticia14274","status":"publish","type":"page","link":"https:\/\/amplitudmodulada.com.ar\/index.php\/noticia14274\/","title":{"rendered":"LU17 La 17 transmitir\u00e1 en vivo el V\u00eda Crucis Submarino"},"content":{"rendered":"\n<figure class=\"wp-block-image size-full\"><img loading=\"lazy\" decoding=\"async\" width=\"152\" height=\"60\" src=\"http:\/\/amplitudmodulada.com.ar\/wp-content\/uploads\/2024\/02\/LU17-e1708187368984.png\" alt=\"\" class=\"wp-image-838\"\/><\/figure>\n\n\n\n<p>LU17 La 17 pondr\u00e1 al aire este s\u00e1bado 4 de abril una cobertura especial del V\u00eda Crucis Submarino, una de las expresiones religiosas y comunitarias m\u00e1s representativas de Puerto Madryn en Semana Santa.<\/p>\n\n\n\n<p>La transmisi\u00f3n en vivo comenzar\u00e1 a las 18.00 horas y permitir\u00e1 seguir cada momento de una ceremonia que a\u00f1o tras a\u00f1o convoca a vecinos, visitantes y creyentes frente a la costa de la ciudad.<\/p>\n\n\n\n<p>La propuesta de La 17 incluir\u00e1 la previa, el desarrollo del tramo terrestre y todo lo que ocurra despu\u00e9s en el Muelle Luis Piedra Buena, donde desde las 19.00 horas volver\u00e1 a desplegarse la celebraci\u00f3n.<\/p>\n\n\n\n<p>La audiencia podr\u00e1 acompa\u00f1ar la cobertura a trav\u00e9s de las dos se\u00f1ales de la emisora, 540 Khz. y 100.3 Mhz.<\/p>\n\n\n\n<p>El eje de la ceremonia volver\u00e1 a estar puesto en la procesi\u00f3n y en la posterior inmersi\u00f3n de la cruz iluminada en las aguas del Golfo Nuevo, uno de los momentos m\u00e1s importantes del evento.<\/p>\n\n\n\n<p>Esa secuencia, acompa\u00f1ada por buzos, kayakistas, nadadores y cientos de personas desde la costa, forma parte de una postal ya instalada en la identidad de la ciudad durante estas fechas.<\/p>\n\n\n\n<p>Fuente: <a href=\"http:\/\/www.lu17.com\" data-type=\"link\" data-id=\"www.lu17.com\" target=\"_blank\" rel=\"noreferrer noopener\">www.lu17.com<\/a> | Puerto Madryn &#8211; Chubut | 03.04.26<\/p>\n\n\n\n<p><\/p>\n","protected":false},"excerpt":{"rendered":"<p>LU17 La 17 pondr\u00e1 al aire este s\u00e1bado 4 de abril una cobertura especial del V\u00eda Crucis Submarino, una de las expresiones religiosas y comunitarias m\u00e1s representativas de Puerto Madryn en Semana Santa. La transmisi\u00f3n en vivo comenzar\u00e1 a las 18.00 horas y permitir\u00e1 seguir cada momento de una ceremonia que a\u00f1o tras a\u00f1o convoca &hellip; <a href=\"https:\/\/amplitudmodulada.com.ar\/index.php\/noticia14274\/\" class=\"more-link\">Continu\u00e1 leyendo <span class=\"screen-reader-text\">LU17 La 17 transmitir\u00e1 en vivo el V\u00eda Crucis Submarino<\/span><\/a><\/p>\n","protected":false},"author":1,"featured_media":0,"parent":0,"menu_order":0,"comment_status":"closed","ping_status":"closed","template":"","meta":{"footnotes":""},"class_list":["post-11750","page","type-page","status-publish","hentry"],"_links":{"self":[{"href":"https:\/\/amplitudmodulada.com.ar\/index.php\/wp-json\/wp\/v2\/pages\/11750","targetHints":{"allow":["GET"]}}],"collection":[{"href":"https:\/\/amplitudmodulada.com.ar\/index.php\/wp-json\/wp\/v2\/pages"}],"about":[{"href":"https:\/\/amplitudmodulada.com.ar\/index.php\/wp-json\/wp\/v2\/types\/page"}],"author":[{"embeddable":true,"href":"https:\/\/amplitudmodulada.com.ar\/index.php\/wp-json\/wp\/v2\/users\/1"}],"replies":[{"embeddable":true,"href":"https:\/\/amplitudmodulada.com.ar\/index.php\/wp-json\/wp\/v2\/comments?post=11750"}],"version-history":[{"count":3,"href":"https:\/\/amplitudmodulada.com.ar\/index.php\/wp-json\/wp\/v2\/pages\/11750\/revisions"}],"predecessor-version":[{"id":11755,"href":"https:\/\/amplitudmodulada.com.ar\/index.php\/wp-json\/wp\/v2\/pages\/11750\/revisions\/11755"}],"wp:attachment":[{"href":"https:\/\/amplitudmodulada.com.ar\/index.php\/wp-json\/wp\/v2\/media?parent=11750"}],"curies":[{"name":"wp","href":"https:\/\/api.w.org\/{rel}","templated":true}]}}

LU17 La 17 transmitirá en vivo el Vía Crucis Submarino

<figure class="wp-block-image size-full"><img loading="lazy" decoding="async" width="152" height="60" src="http://amplitudmodulada.com.ar/wp-content/uploads/2024/02/LU17-e1708187368984.png" alt="" class="wp-image-838"/></figure>



<p>LU17 La 17 pondrá al aire este sábado 4 de abril una cobertura especial del Vía Crucis Submarino, una de las expresiones religiosas y comunitarias más representativas de Puerto Madryn en Semana Santa.</p>



<p>La transmisión en vivo comenzará a las 18.00 horas y permitirá seguir cada momento de una ceremonia que año tras año convoca a vecinos, visitantes y creyentes frente a la costa de la ciudad.</p>



<p>La propuesta de La 17 incluirá la previa, el desarrollo del tramo terrestre y todo lo que ocurra después en el Muelle Luis Piedra Buena, donde desde las 19.00 horas volverá a desplegarse la celebración.</p>



<p>La audiencia podrá acompañar la cobertura a través de las dos señales de la emisora, 540 Khz. y 100.3 Mhz.</p>



<p>El eje de la ceremonia volverá a estar puesto en la procesión y en la posterior inmersión de la cruz iluminada en las aguas del Golfo Nuevo, uno de los momentos más importantes del evento.</p>



<p>Esa secuencia, acompañada por buzos, kayakistas, nadadores y cientos de personas desde la costa, forma parte de una postal ya instalada en la identidad de la ciudad durante estas fechas.</p>



<p>Fuente: <a href="http://www.lu17.com" data-type="link" data-id="www.lu17.com" target="_blank" rel="noreferrer noopener">www.lu17.com</a> | Puerto Madryn &#8211; Chubut | 03.04.26</p>



<p></p>

<p>LU17 La 17 pondrá al aire este sábado 4 de abril una cobertura especial del Vía Crucis Submarino, una de las expresiones religiosas y comunitarias más representativas de Puerto Madryn en Semana Santa. La transmisión en vivo comenzará a las 18.00 horas y permitirá seguir cada momento de una ceremonia que año tras año convoca &hellip; <a href="https://amplitudmodulada.com.ar/index.php/noticia14274/" class="more-link">Continuá leyendo <span class="screen-reader-text">LU17 La 17 transmitirá en vivo el Vía Crucis Submarino</span></a></p>
