{"id":11758,"date":"2026-05-02T09:33:30","date_gmt":"2026-05-02T12:33:30","guid":{"rendered":"https:\/\/amplitudmodulada.com.ar\/?page_id=11758"},"modified":"2026-05-02T09:42:46","modified_gmt":"2026-05-02T12:42:46","slug":"noticia14275","status":"publish","type":"page","link":"https:\/\/amplitudmodulada.com.ar\/index.php\/noticia14275\/","title":{"rendered":"La familia de Mercedes Sosa volvi\u00f3 a pedir la renuncia del coordinador de LRA15 Radio Nacional Tucum\u00e1n"},"content":{"rendered":"\n<figure class=\"wp-block-image size-full\"><img loading=\"lazy\" decoding=\"async\" width=\"110\" height=\"110\" src=\"http:\/\/amplitudmodulada.com.ar\/wp-content\/uploads\/2024\/10\/LRA-e1728000015658.jpg\" alt=\"\" class=\"wp-image-4179\"\/><\/figure>\n\n\n\n<p>Adri\u00e1n Sosa, sobrino de Mercedes Sosa, exigi\u00f3 la renuncia de Enzo Ferreira, coordinador de LRA15 Radio Nacional Tucum\u00e1n, a la vez que descart\u00f3 aceptar el pedido de disculpas del funcionario de La Libertad Avanza.<\/p>\n\n\n\n<p>En declaraciones al programa &#8220;Mejor que Ma\u00f1ana&#8221;, que se emite por LRL203 AM 750, el sobrino de la artista tucumana afirm\u00f3 que &#8220;la familia est\u00e1 fuerte, seguimos manteniendo el pedido de renuncia de este funcionario&#8221; y consider\u00f3 que el discurso de Enzo Ferreira &#8220;atrasa&#8221; y &#8220;demuestra la impunidad con la que creen que pueden manejarse&#8221;.<\/p>\n\n\n\n<p>En ese sentido, Adri\u00e1n Sosa destac\u00f3 que el director de Radio Nacional Tucum\u00e1n deber\u00eda respetar una figura trascendental para la cultura y se mostr\u00f3 dolido por el uso de &#8220;palabras muy graves&#8221;.<\/p>\n\n\n\n<p>&#8220;El tiene el ejemplo de su presidente. No le importa nada. Habla discriminanndo&#8221;, a\u00f1adi\u00f3.<\/p>\n\n\n\n<p>Asimismo, record\u00f3 que no es el primer ataque que sufre la familia en los \u00faltimos a\u00f1os ya que durante el gobierno de Mauricio Macri las autoridades de la emisora retiraron la placa que llevaba el nombre de Mercedes Sosa y la dejaron abandonada.<\/p>\n\n\n\n<p>Fuente: <a href=\"http:\/\/www.pagina12.com.ar\" data-type=\"link\" data-id=\"www.pagina12.com.ar\" target=\"_blank\" rel=\"noreferrer noopener\">www.pagina12.com.ar<\/a> | Ciudad Aut\u00f3noma de Buenos Aires | 03.04.26<\/p>\n","protected":false},"excerpt":{"rendered":"<p>Adri\u00e1n Sosa, sobrino de Mercedes Sosa, exigi\u00f3 la renuncia de Enzo Ferreira, coordinador de LRA15 Radio Nacional Tucum\u00e1n, a la vez que descart\u00f3 aceptar el pedido de disculpas del funcionario de La Libertad Avanza. En declaraciones al programa &#8220;Mejor que Ma\u00f1ana&#8221;, que se emite por LRL203 AM 750, el sobrino de la artista tucumana afirm\u00f3 &hellip; <a href=\"https:\/\/amplitudmodulada.com.ar\/index.php\/noticia14275\/\" class=\"more-link\">Continu\u00e1 leyendo <span class=\"screen-reader-text\">La familia de Mercedes Sosa volvi\u00f3 a pedir la renuncia del coordinador de LRA15 Radio Nacional Tucum\u00e1n<\/span><\/a><\/p>\n","protected":false},"author":1,"featured_media":0,"parent":0,"menu_order":0,"comment_status":"closed","ping_status":"closed","template":"","meta":{"footnotes":""},"class_list":["post-11758","page","type-page","status-publish","hentry"],"_links":{"self":[{"href":"https:\/\/amplitudmodulada.com.ar\/index.php\/wp-json\/wp\/v2\/pages\/11758","targetHints":{"allow":["GET"]}}],"collection":[{"href":"https:\/\/amplitudmodulada.com.ar\/index.php\/wp-json\/wp\/v2\/pages"}],"about":[{"href":"https:\/\/amplitudmodulada.com.ar\/index.php\/wp-json\/wp\/v2\/types\/page"}],"author":[{"embeddable":true,"href":"https:\/\/amplitudmodulada.com.ar\/index.php\/wp-json\/wp\/v2\/users\/1"}],"replies":[{"embeddable":true,"href":"https:\/\/amplitudmodulada.com.ar\/index.php\/wp-json\/wp\/v2\/comments?post=11758"}],"version-history":[{"count":2,"href":"https:\/\/amplitudmodulada.com.ar\/index.php\/wp-json\/wp\/v2\/pages\/11758\/revisions"}],"predecessor-version":[{"id":11761,"href":"https:\/\/amplitudmodulada.com.ar\/index.php\/wp-json\/wp\/v2\/pages\/11758\/revisions\/11761"}],"wp:attachment":[{"href":"https:\/\/amplitudmodulada.com.ar\/index.php\/wp-json\/wp\/v2\/media?parent=11758"}],"curies":[{"name":"wp","href":"https:\/\/api.w.org\/{rel}","templated":true}]}}

La familia de Mercedes Sosa volvió a pedir la renuncia del coordinador de LRA15 Radio Nacional Tucumán

<figure class="wp-block-image size-full"><img loading="lazy" decoding="async" width="110" height="110" src="http://amplitudmodulada.com.ar/wp-content/uploads/2024/10/LRA-e1728000015658.jpg" alt="" class="wp-image-4179"/></figure>



<p>Adrián Sosa, sobrino de Mercedes Sosa, exigió la renuncia de Enzo Ferreira, coordinador de LRA15 Radio Nacional Tucumán, a la vez que descartó aceptar el pedido de disculpas del funcionario de La Libertad Avanza.</p>



<p>En declaraciones al programa &#8220;Mejor que Mañana&#8221;, que se emite por LRL203 AM 750, el sobrino de la artista tucumana afirmó que &#8220;la familia está fuerte, seguimos manteniendo el pedido de renuncia de este funcionario&#8221; y consideró que el discurso de Enzo Ferreira &#8220;atrasa&#8221; y &#8220;demuestra la impunidad con la que creen que pueden manejarse&#8221;.</p>



<p>En ese sentido, Adrián Sosa destacó que el director de Radio Nacional Tucumán debería respetar una figura trascendental para la cultura y se mostró dolido por el uso de &#8220;palabras muy graves&#8221;.</p>



<p>&#8220;El tiene el ejemplo de su presidente. No le importa nada. Habla discriminanndo&#8221;, añadió.</p>



<p>Asimismo, recordó que no es el primer ataque que sufre la familia en los últimos años ya que durante el gobierno de Mauricio Macri las autoridades de la emisora retiraron la placa que llevaba el nombre de Mercedes Sosa y la dejaron abandonada.</p>



<p>Fuente: <a href="http://www.pagina12.com.ar" data-type="link" data-id="www.pagina12.com.ar" target="_blank" rel="noreferrer noopener">www.pagina12.com.ar</a> | Ciudad Autónoma de Buenos Aires | 03.04.26</p>

<p>Adrián Sosa, sobrino de Mercedes Sosa, exigió la renuncia de Enzo Ferreira, coordinador de LRA15 Radio Nacional Tucumán, a la vez que descartó aceptar el pedido de disculpas del funcionario de La Libertad Avanza. En declaraciones al programa &#8220;Mejor que Mañana&#8221;, que se emite por LRL203 AM 750, el sobrino de la artista tucumana afirmó &hellip; <a href="https://amplitudmodulada.com.ar/index.php/noticia14275/" class="more-link">Continuá leyendo <span class="screen-reader-text">La familia de Mercedes Sosa volvió a pedir la renuncia del coordinador de LRA15 Radio Nacional Tucumán</span></a></p>
