{"id":11764,"date":"2026-05-02T09:49:13","date_gmt":"2026-05-02T12:49:13","guid":{"rendered":"https:\/\/amplitudmodulada.com.ar\/?page_id=11764"},"modified":"2026-05-02T10:01:30","modified_gmt":"2026-05-02T13:01:30","slug":"noticia14276","status":"publish","type":"page","link":"https:\/\/amplitudmodulada.com.ar\/index.php\/noticia14276\/","title":{"rendered":"LT21 Radio Municipal Alvear cumpli\u00f3 sesenta y cinco a\u00f1os en el aire"},"content":{"rendered":"\n<figure class=\"wp-block-image size-large is-resized\"><img loading=\"lazy\" decoding=\"async\" width=\"1024\" height=\"1024\" src=\"http:\/\/amplitudmodulada.com.ar\/wp-content\/uploads\/2024\/05\/LT21-1024x1024.jpg\" alt=\"\" class=\"wp-image-1985\" style=\"width:104px;height:auto\"\/><\/figure>\n\n\n\n<p>Se cumplieron este s\u00e1bado 4 de abril sesenta y cinco a\u00f1os de la primera transmisi\u00f3n de LT21 Radio Municipal Alvear. <\/p>\n\n\n\n<p>A lo largo de m\u00e1s de seis d\u00e9cadas, la emisora ha sido protagonista en la difusi\u00f3n de la palabra, la m\u00fasica y la cultura regional argentina, especialmente en una ciudad de frontera que comparte identidad con la ciudad brasile\u00f1a de Itaqu\u00ed.<\/p>\n\n\n\n<p>Operada por la Muncipalidad de Alvear, encabezada actualmente por el intendente Mario Coco Vera, la emisora cumple un rol social clave y fortalece el desarrollo local.<\/p>\n\n\n\n<p>Con una programaci\u00f3n que refleja las ra\u00edces y tradiciones de esta regi\u00f3n de la provincia de Corrientes, Radio Muncipal Alvear se mantiene como un faro cultural en la Costa del Uruguay, acompa\u00f1ando a generaciones de oyentes y adapt\u00e1ndose a los nuevos tiempos sin perder su esencia.<\/p>\n\n\n\n<p>Radio Muncipal Alvear sale al aire en 830 Khz.<\/p>\n\n\n\n<p>Fuente: <a href=\"http:\/\/www.cadenaderadios.com.ar\" data-type=\"link\" data-id=\"www.cadenaderadios.com.ar\" target=\"_blank\" rel=\"noreferrer noopener\">www.cadenaderadios.com.ar<\/a> | Corrientes &#8211; Corrientes | 06.04.26<\/p>\n\n\n\n<p><\/p>\n","protected":false},"excerpt":{"rendered":"<p>Se cumplieron este s\u00e1bado 4 de abril sesenta y cinco a\u00f1os de la primera transmisi\u00f3n de LT21 Radio Municipal Alvear. A lo largo de m\u00e1s de seis d\u00e9cadas, la emisora ha sido protagonista en la difusi\u00f3n de la palabra, la m\u00fasica y la cultura regional argentina, especialmente en una ciudad de frontera que comparte identidad &hellip; <a href=\"https:\/\/amplitudmodulada.com.ar\/index.php\/noticia14276\/\" class=\"more-link\">Continu\u00e1 leyendo <span class=\"screen-reader-text\">LT21 Radio Municipal Alvear cumpli\u00f3 sesenta y cinco a\u00f1os en el aire<\/span><\/a><\/p>\n","protected":false},"author":1,"featured_media":0,"parent":0,"menu_order":0,"comment_status":"closed","ping_status":"closed","template":"","meta":{"footnotes":""},"class_list":["post-11764","page","type-page","status-publish","hentry"],"_links":{"self":[{"href":"https:\/\/amplitudmodulada.com.ar\/index.php\/wp-json\/wp\/v2\/pages\/11764","targetHints":{"allow":["GET"]}}],"collection":[{"href":"https:\/\/amplitudmodulada.com.ar\/index.php\/wp-json\/wp\/v2\/pages"}],"about":[{"href":"https:\/\/amplitudmodulada.com.ar\/index.php\/wp-json\/wp\/v2\/types\/page"}],"author":[{"embeddable":true,"href":"https:\/\/amplitudmodulada.com.ar\/index.php\/wp-json\/wp\/v2\/users\/1"}],"replies":[{"embeddable":true,"href":"https:\/\/amplitudmodulada.com.ar\/index.php\/wp-json\/wp\/v2\/comments?post=11764"}],"version-history":[{"count":2,"href":"https:\/\/amplitudmodulada.com.ar\/index.php\/wp-json\/wp\/v2\/pages\/11764\/revisions"}],"predecessor-version":[{"id":11767,"href":"https:\/\/amplitudmodulada.com.ar\/index.php\/wp-json\/wp\/v2\/pages\/11764\/revisions\/11767"}],"wp:attachment":[{"href":"https:\/\/amplitudmodulada.com.ar\/index.php\/wp-json\/wp\/v2\/media?parent=11764"}],"curies":[{"name":"wp","href":"https:\/\/api.w.org\/{rel}","templated":true}]}}

LT21 Radio Municipal Alvear cumplió sesenta y cinco años en el aire

<figure class="wp-block-image size-large is-resized"><img loading="lazy" decoding="async" width="1024" height="1024" src="http://amplitudmodulada.com.ar/wp-content/uploads/2024/05/LT21-1024x1024.jpg" alt="" class="wp-image-1985" style="width:104px;height:auto"/></figure>



<p>Se cumplieron este sábado 4 de abril sesenta y cinco años de la primera transmisión de LT21 Radio Municipal Alvear. </p>



<p>A lo largo de más de seis décadas, la emisora ha sido protagonista en la difusión de la palabra, la música y la cultura regional argentina, especialmente en una ciudad de frontera que comparte identidad con la ciudad brasileña de Itaquí.</p>



<p>Operada por la Muncipalidad de Alvear, encabezada actualmente por el intendente Mario Coco Vera, la emisora cumple un rol social clave y fortalece el desarrollo local.</p>



<p>Con una programación que refleja las raíces y tradiciones de esta región de la provincia de Corrientes, Radio Muncipal Alvear se mantiene como un faro cultural en la Costa del Uruguay, acompañando a generaciones de oyentes y adaptándose a los nuevos tiempos sin perder su esencia.</p>



<p>Radio Muncipal Alvear sale al aire en 830 Khz.</p>



<p>Fuente: <a href="http://www.cadenaderadios.com.ar" data-type="link" data-id="www.cadenaderadios.com.ar" target="_blank" rel="noreferrer noopener">www.cadenaderadios.com.ar</a> | Corrientes &#8211; Corrientes | 06.04.26</p>



<p></p>

<p>Se cumplieron este sábado 4 de abril sesenta y cinco años de la primera transmisión de LT21 Radio Municipal Alvear. A lo largo de más de seis décadas, la emisora ha sido protagonista en la difusión de la palabra, la música y la cultura regional argentina, especialmente en una ciudad de frontera que comparte identidad &hellip; <a href="https://amplitudmodulada.com.ar/index.php/noticia14276/" class="more-link">Continuá leyendo <span class="screen-reader-text">LT21 Radio Municipal Alvear cumplió sesenta y cinco años en el aire</span></a></p>
