{"id":11770,"date":"2026-05-02T13:13:20","date_gmt":"2026-05-02T16:13:20","guid":{"rendered":"https:\/\/amplitudmodulada.com.ar\/?page_id=11770"},"modified":"2026-05-02T13:26:18","modified_gmt":"2026-05-02T16:26:18","slug":"noticia14277","status":"publish","type":"page","link":"https:\/\/amplitudmodulada.com.ar\/index.php\/noticia14277\/","title":{"rendered":"Distinguen a LU17 La 17 por su cobertura del V\u00eda Crucis Submarino"},"content":{"rendered":"\n<figure class=\"wp-block-image size-full\"><img loading=\"lazy\" decoding=\"async\" width=\"152\" height=\"60\" src=\"http:\/\/amplitudmodulada.com.ar\/wp-content\/uploads\/2024\/02\/LU17-e1708187368984.png\" alt=\"\" class=\"wp-image-838\"\/><\/figure>\n\n\n\n<p>La edici\u00f3n XXII del V\u00eda Crucis Submarino distingui\u00f3 a LU17 La 17 por su transmisi\u00f3n hist\u00f3rica del evento, que se llev\u00f3 a cabo este s\u00e1bado 4 de abril en la ciudad de Puerto Madryn.<\/p>\n\n\n\n<p>La distinci\u00f3n termin\u00f3 funcionando como una s\u00edntesis de un v\u00ednculo construido durante muchos a\u00f1os entre la radio, la comunidad y uno de los acontecimientos m\u00e1s representativos de Puerto Madryn en Semana Santa.<\/p>\n\n\n\n<p>En ese marco, se destac\u00f3 p\u00fablicamente la transmisi\u00f3n y difusi\u00f3n que permiti\u00f3 que el evento llegara m\u00e1s all\u00e1 del per\u00edmetro del muelle.<\/p>\n\n\n\n<p>Durante el acto se subray\u00f3 que La 17 acompa\u00f1\u00f3 no solo esta edici\u00f3n, sino tambi\u00e9n las anteriores, con una cobertura que llev\u00f3 el recorrido del V\u00eda Crucis a hogares, lugares de trabajo y sectores alejados de la costa.<\/p>\n\n\n\n<p>La presencia de la emisora fue el coraz\u00f3n del reconocimiento, expresado desde la organizaci\u00f3n como un agradecimiento a una presencia constante en un evento que, por su singularidad, forma parte de la identidad tur\u00edstica, religiosa y comunitaria de la ciudad.<\/p>\n\n\n\n<p>Fuente: <a href=\"http:\/\/www.lu17.com\" data-type=\"link\" data-id=\"www.lu17.com\" target=\"_blank\" rel=\"noreferrer noopener\">www.lu17.com<\/a> | Puerto Madryn &#8211; Chubut | 06.03.26<\/p>\n\n\n\n<p><\/p>\n","protected":false},"excerpt":{"rendered":"<p>La edici\u00f3n XXII del V\u00eda Crucis Submarino distingui\u00f3 a LU17 La 17 por su transmisi\u00f3n hist\u00f3rica del evento, que se llev\u00f3 a cabo este s\u00e1bado 4 de abril en la ciudad de Puerto Madryn. La distinci\u00f3n termin\u00f3 funcionando como una s\u00edntesis de un v\u00ednculo construido durante muchos a\u00f1os entre la radio, la comunidad y uno &hellip; <a href=\"https:\/\/amplitudmodulada.com.ar\/index.php\/noticia14277\/\" class=\"more-link\">Continu\u00e1 leyendo <span class=\"screen-reader-text\">Distinguen a LU17 La 17 por su cobertura del V\u00eda Crucis Submarino<\/span><\/a><\/p>\n","protected":false},"author":1,"featured_media":0,"parent":0,"menu_order":0,"comment_status":"closed","ping_status":"closed","template":"","meta":{"footnotes":""},"class_list":["post-11770","page","type-page","status-publish","hentry"],"_links":{"self":[{"href":"https:\/\/amplitudmodulada.com.ar\/index.php\/wp-json\/wp\/v2\/pages\/11770","targetHints":{"allow":["GET"]}}],"collection":[{"href":"https:\/\/amplitudmodulada.com.ar\/index.php\/wp-json\/wp\/v2\/pages"}],"about":[{"href":"https:\/\/amplitudmodulada.com.ar\/index.php\/wp-json\/wp\/v2\/types\/page"}],"author":[{"embeddable":true,"href":"https:\/\/amplitudmodulada.com.ar\/index.php\/wp-json\/wp\/v2\/users\/1"}],"replies":[{"embeddable":true,"href":"https:\/\/amplitudmodulada.com.ar\/index.php\/wp-json\/wp\/v2\/comments?post=11770"}],"version-history":[{"count":3,"href":"https:\/\/amplitudmodulada.com.ar\/index.php\/wp-json\/wp\/v2\/pages\/11770\/revisions"}],"predecessor-version":[{"id":11775,"href":"https:\/\/amplitudmodulada.com.ar\/index.php\/wp-json\/wp\/v2\/pages\/11770\/revisions\/11775"}],"wp:attachment":[{"href":"https:\/\/amplitudmodulada.com.ar\/index.php\/wp-json\/wp\/v2\/media?parent=11770"}],"curies":[{"name":"wp","href":"https:\/\/api.w.org\/{rel}","templated":true}]}}

Distinguen a LU17 La 17 por su cobertura del Vía Crucis Submarino

<figure class="wp-block-image size-full"><img loading="lazy" decoding="async" width="152" height="60" src="http://amplitudmodulada.com.ar/wp-content/uploads/2024/02/LU17-e1708187368984.png" alt="" class="wp-image-838"/></figure>



<p>La edición XXII del Vía Crucis Submarino distinguió a LU17 La 17 por su transmisión histórica del evento, que se llevó a cabo este sábado 4 de abril en la ciudad de Puerto Madryn.</p>



<p>La distinción terminó funcionando como una síntesis de un vínculo construido durante muchos años entre la radio, la comunidad y uno de los acontecimientos más representativos de Puerto Madryn en Semana Santa.</p>



<p>En ese marco, se destacó públicamente la transmisión y difusión que permitió que el evento llegara más allá del perímetro del muelle.</p>



<p>Durante el acto se subrayó que La 17 acompañó no solo esta edición, sino también las anteriores, con una cobertura que llevó el recorrido del Vía Crucis a hogares, lugares de trabajo y sectores alejados de la costa.</p>



<p>La presencia de la emisora fue el corazón del reconocimiento, expresado desde la organización como un agradecimiento a una presencia constante en un evento que, por su singularidad, forma parte de la identidad turística, religiosa y comunitaria de la ciudad.</p>



<p>Fuente: <a href="http://www.lu17.com" data-type="link" data-id="www.lu17.com" target="_blank" rel="noreferrer noopener">www.lu17.com</a> | Puerto Madryn &#8211; Chubut | 06.03.26</p>



<p></p>

<p>La edición XXII del Vía Crucis Submarino distinguió a LU17 La 17 por su transmisión histórica del evento, que se llevó a cabo este sábado 4 de abril en la ciudad de Puerto Madryn. La distinción terminó funcionando como una síntesis de un vínculo construido durante muchos años entre la radio, la comunidad y uno &hellip; <a href="https://amplitudmodulada.com.ar/index.php/noticia14277/" class="more-link">Continuá leyendo <span class="screen-reader-text">Distinguen a LU17 La 17 por su cobertura del Vía Crucis Submarino</span></a></p>
