{"id":11778,"date":"2026-05-02T13:50:10","date_gmt":"2026-05-02T16:50:10","guid":{"rendered":"https:\/\/amplitudmodulada.com.ar\/?page_id=11778"},"modified":"2026-05-02T17:18:55","modified_gmt":"2026-05-02T20:18:55","slug":"noticia14278","status":"publish","type":"page","link":"https:\/\/amplitudmodulada.com.ar\/index.php\/noticia14278\/","title":{"rendered":"Se celebr\u00f3 este domingo el D\u00eda de las Radios Universitarias"},"content":{"rendered":"\n<figure class=\"wp-block-image size-full is-resized\"><img loading=\"lazy\" decoding=\"async\" width=\"180\" height=\"62\" src=\"http:\/\/amplitudmodulada.com.ar\/wp-content\/uploads\/2024\/05\/LR11-e1715447806485.png\" alt=\"\" class=\"wp-image-1929\" style=\"width:180px;height:auto\"\/><\/figure>\n\n\n\n<p>Se celebr\u00f3 este domingo 5 de abril el D\u00eda de las Radios Universitarias. La fecha recuerda la primera transmisi\u00f3n de LR11 Radio Universidad Nacional de La Plata concretada en el a\u00f1o 1924.<\/p>\n\n\n\n<p>La celebraci\u00f3n fue aprobada en 2013 por el Plenario de Rectores del Concejo Interuniversitario Nacional, a propuesta de la Asociaci\u00f3n de Radios de Universidades Nacionales Argentinas (ARUNA) y reconocida por la Red de Radios Universtarias de Latinoam\u00e9rica y el Caribe.<\/p>\n\n\n\n<p>Las emisoras universitarias cuentan con un fuerte compromiso con la sociedad, un tratamiento profesional de las noticias enfocadas en la divulgaci\u00f3n cultural, cient\u00edfica y acad\u00e9mica.<\/p>\n\n\n\n<p>&#8220;En un contexto desafiante, seguimos apostando a una comunicaci\u00f3n p\u00fablica, federal  y con compromiso&#8221;, se\u00f1al\u00f3 a trav\u00e9s de las redes sociales ARUNA.<\/p>\n\n\n\n<p>06.03.26<\/p>\n","protected":false},"excerpt":{"rendered":"<p>Se celebr\u00f3 este domingo 5 de abril el D\u00eda de las Radios Universitarias. La fecha recuerda la primera transmisi\u00f3n de LR11 Radio Universidad Nacional de La Plata concretada en el a\u00f1o 1924. La celebraci\u00f3n fue aprobada en 2013 por el Plenario de Rectores del Concejo Interuniversitario Nacional, a propuesta de la Asociaci\u00f3n de Radios de &hellip; <a href=\"https:\/\/amplitudmodulada.com.ar\/index.php\/noticia14278\/\" class=\"more-link\">Continu\u00e1 leyendo <span class=\"screen-reader-text\">Se celebr\u00f3 este domingo el D\u00eda de las Radios Universitarias<\/span><\/a><\/p>\n","protected":false},"author":1,"featured_media":0,"parent":0,"menu_order":0,"comment_status":"closed","ping_status":"closed","template":"","meta":{"footnotes":""},"class_list":["post-11778","page","type-page","status-publish","hentry"],"_links":{"self":[{"href":"https:\/\/amplitudmodulada.com.ar\/index.php\/wp-json\/wp\/v2\/pages\/11778","targetHints":{"allow":["GET"]}}],"collection":[{"href":"https:\/\/amplitudmodulada.com.ar\/index.php\/wp-json\/wp\/v2\/pages"}],"about":[{"href":"https:\/\/amplitudmodulada.com.ar\/index.php\/wp-json\/wp\/v2\/types\/page"}],"author":[{"embeddable":true,"href":"https:\/\/amplitudmodulada.com.ar\/index.php\/wp-json\/wp\/v2\/users\/1"}],"replies":[{"embeddable":true,"href":"https:\/\/amplitudmodulada.com.ar\/index.php\/wp-json\/wp\/v2\/comments?post=11778"}],"version-history":[{"count":2,"href":"https:\/\/amplitudmodulada.com.ar\/index.php\/wp-json\/wp\/v2\/pages\/11778\/revisions"}],"predecessor-version":[{"id":11781,"href":"https:\/\/amplitudmodulada.com.ar\/index.php\/wp-json\/wp\/v2\/pages\/11778\/revisions\/11781"}],"wp:attachment":[{"href":"https:\/\/amplitudmodulada.com.ar\/index.php\/wp-json\/wp\/v2\/media?parent=11778"}],"curies":[{"name":"wp","href":"https:\/\/api.w.org\/{rel}","templated":true}]}}

Se celebró este domingo el Día de las Radios Universitarias

<figure class="wp-block-image size-full is-resized"><img loading="lazy" decoding="async" width="180" height="62" src="http://amplitudmodulada.com.ar/wp-content/uploads/2024/05/LR11-e1715447806485.png" alt="" class="wp-image-1929" style="width:180px;height:auto"/></figure>



<p>Se celebró este domingo 5 de abril el Día de las Radios Universitarias. La fecha recuerda la primera transmisión de LR11 Radio Universidad Nacional de La Plata concretada en el año 1924.</p>



<p>La celebración fue aprobada en 2013 por el Plenario de Rectores del Concejo Interuniversitario Nacional, a propuesta de la Asociación de Radios de Universidades Nacionales Argentinas (ARUNA) y reconocida por la Red de Radios Universtarias de Latinoamérica y el Caribe.</p>



<p>Las emisoras universitarias cuentan con un fuerte compromiso con la sociedad, un tratamiento profesional de las noticias enfocadas en la divulgación cultural, científica y académica.</p>



<p>&#8220;En un contexto desafiante, seguimos apostando a una comunicación pública, federal  y con compromiso&#8221;, señaló a través de las redes sociales ARUNA.</p>



<p>06.03.26</p>

<p>Se celebró este domingo 5 de abril el Día de las Radios Universitarias. La fecha recuerda la primera transmisión de LR11 Radio Universidad Nacional de La Plata concretada en el año 1924. La celebración fue aprobada en 2013 por el Plenario de Rectores del Concejo Interuniversitario Nacional, a propuesta de la Asociación de Radios de &hellip; <a href="https://amplitudmodulada.com.ar/index.php/noticia14278/" class="more-link">Continuá leyendo <span class="screen-reader-text">Se celebró este domingo el Día de las Radios Universitarias</span></a></p>
