{"id":11791,"date":"2026-05-03T19:36:17","date_gmt":"2026-05-03T22:36:17","guid":{"rendered":"https:\/\/amplitudmodulada.com.ar\/?page_id=11791"},"modified":"2026-05-03T19:47:37","modified_gmt":"2026-05-03T22:47:37","slug":"noticia14280","status":"publish","type":"page","link":"https:\/\/amplitudmodulada.com.ar\/index.php\/noticia14280\/","title":{"rendered":"Convocan a un abrazo solidario en defensa de LT12 Radio Nacional Paso de los Libres"},"content":{"rendered":"\n<figure class=\"wp-block-image size-full\"><img loading=\"lazy\" decoding=\"async\" width=\"110\" height=\"110\" src=\"http:\/\/amplitudmodulada.com.ar\/wp-content\/uploads\/2024\/10\/LRA-e1728000015658.jpg\" alt=\"\" class=\"wp-image-4179\"\/><\/figure>\n\n\n\n<p>La Asamblea Multisectorial de Paso de los Libres conovoc\u00f3 para ma\u00f1ana, mi\u00e9rcoles 8 de abril, a un abrazo solidario en defensa de LT12 Radio Nacional Paso de los Libres.<\/p>\n\n\n\n<p>El objetivo de la convocatoria es manifestar el compromiso de la comunidad con la defensa de un medio p\u00fablico fundamental para el acceso a la informaci\u00f3n, la pluralidad de voces y la comunicaci\u00f3n democr\u00e1tica.<\/p>\n\n\n\n<p>Autoridades de Radio y Televisi\u00f3n Argentina (RTA) levantaron d\u00edas atr\u00e1s y sin aviso previo toda la programaci\u00f3n local de Radio Nacional Paso de los Libres y desde los distintos sindicatos que agrupan a los trabajadores de la emisora temen &#8220;el inicio de un proceso de vaciamiento que termine en retiros obligados o despidos&#8221;.<\/p>\n\n\n\n<p>El abrazo solidario est\u00e1 previsto para las 18.00 horas y est\u00e1n convocadas organizaciones sociales, culturales y sindicales, as\u00ed como tambi\u00e9n los vecinos de Paso de los Libres.<\/p>\n\n\n\n<p>Fuente: <a href=\"http:\/\/www.confirmado.com.ar\" data-type=\"link\" data-id=\"www.confirmado.com.ar\" target=\"_blank\" rel=\"noreferrer noopener\">www.confirmado.com.ar<\/a> | Paso de los Libres &#8211; Corrientes | 07.04.26<\/p>\n\n\n\n<p><\/p>\n","protected":false},"excerpt":{"rendered":"<p>La Asamblea Multisectorial de Paso de los Libres conovoc\u00f3 para ma\u00f1ana, mi\u00e9rcoles 8 de abril, a un abrazo solidario en defensa de LT12 Radio Nacional Paso de los Libres. El objetivo de la convocatoria es manifestar el compromiso de la comunidad con la defensa de un medio p\u00fablico fundamental para el acceso a la informaci\u00f3n, &hellip; <a href=\"https:\/\/amplitudmodulada.com.ar\/index.php\/noticia14280\/\" class=\"more-link\">Continu\u00e1 leyendo <span class=\"screen-reader-text\">Convocan a un abrazo solidario en defensa de LT12 Radio Nacional Paso de los Libres<\/span><\/a><\/p>\n","protected":false},"author":1,"featured_media":0,"parent":0,"menu_order":0,"comment_status":"closed","ping_status":"closed","template":"","meta":{"footnotes":""},"class_list":["post-11791","page","type-page","status-publish","hentry"],"_links":{"self":[{"href":"https:\/\/amplitudmodulada.com.ar\/index.php\/wp-json\/wp\/v2\/pages\/11791","targetHints":{"allow":["GET"]}}],"collection":[{"href":"https:\/\/amplitudmodulada.com.ar\/index.php\/wp-json\/wp\/v2\/pages"}],"about":[{"href":"https:\/\/amplitudmodulada.com.ar\/index.php\/wp-json\/wp\/v2\/types\/page"}],"author":[{"embeddable":true,"href":"https:\/\/amplitudmodulada.com.ar\/index.php\/wp-json\/wp\/v2\/users\/1"}],"replies":[{"embeddable":true,"href":"https:\/\/amplitudmodulada.com.ar\/index.php\/wp-json\/wp\/v2\/comments?post=11791"}],"version-history":[{"count":3,"href":"https:\/\/amplitudmodulada.com.ar\/index.php\/wp-json\/wp\/v2\/pages\/11791\/revisions"}],"predecessor-version":[{"id":11796,"href":"https:\/\/amplitudmodulada.com.ar\/index.php\/wp-json\/wp\/v2\/pages\/11791\/revisions\/11796"}],"wp:attachment":[{"href":"https:\/\/amplitudmodulada.com.ar\/index.php\/wp-json\/wp\/v2\/media?parent=11791"}],"curies":[{"name":"wp","href":"https:\/\/api.w.org\/{rel}","templated":true}]}}