{"id":11828,"date":"2026-05-09T18:03:41","date_gmt":"2026-05-09T21:03:41","guid":{"rendered":"https:\/\/amplitudmodulada.com.ar\/?page_id=11828"},"modified":"2026-05-09T18:26:19","modified_gmt":"2026-05-09T21:26:19","slug":"noticia14285","status":"publish","type":"page","link":"https:\/\/amplitudmodulada.com.ar\/index.php\/noticia14285\/","title":{"rendered":"Prefectura impidi\u00f3 el ingreso de los trabajadores de LT12 Radio Nacional Paso de los Libres a la emisora"},"content":{"rendered":"\n<figure class=\"wp-block-image size-full\"><img loading=\"lazy\" decoding=\"async\" width=\"110\" height=\"110\" src=\"http:\/\/amplitudmodulada.com.ar\/wp-content\/uploads\/2024\/10\/LRA-e1728000015658.jpg\" alt=\"\" class=\"wp-image-4179\"\/><\/figure>\n\n\n\n<p>Luego de levantar toda la programaci\u00f3n local de LT12 Radio Nacional Paso de los Libres, personal de Prefectura Naval Argentina y Gendarmer\u00eda Nacional impidi\u00f3 este mi\u00e9rcoles 8 de abril el ingreso de los trabajadores de la emisora sus instalaciones.<\/p>\n\n\n\n<p>El despliegue del operativo de seguridad se llev\u00f3 a cabo ante una veintena de personas, convocadas por la Asamblea Multisectorial de Paso de los Libres, que se manifest\u00f3 de manera pac\u00edfica en defensa de los puestos de trabajo y en contra del vaciamiento de la emisora p\u00fablica.<\/p>\n\n\n\n<p>Alrededor de las 19.00 horas se abri\u00f3 el micr\u00f3fono para que se expresen aquellos que quisieran hacerlo.<\/p>\n\n\n\n<p>En ese marco, Sara Alegre, una de las referentes de la Asamblea Multisectorial de Paso de los Libres, reinvidic\u00f3 la historia y el valor de la radio en la ciudad y su zona de influencia.<\/p>\n\n\n\n<p>&#8220;Hoy estamos preocupados y preocupadas por la situaci\u00f3n de nuestra querida radio, que sabemos que se repite en cada uno de los puntos de nuestro pa\u00eds&#8221;, se\u00f1al\u00f3 y a\u00f1adi\u00f3 que &#8220;hoy nuestra querida LT12 pasa a ser una repetidora&#8221;.<\/p>\n\n\n\n<p>El pasado 18 de marzo, una orden emanada de manera telef\u00f3nica desde Buenos Aires implic\u00f3 la suspensi\u00f3n inmediata de toda la programaci\u00f3n local.<\/p>\n\n\n\n<p>Desde ese momento, los contenidos generados en la ciudad dejaron de salir al aire, pese a que periodistas, operadores y t\u00e9cnicos de la emisora continuaron asistiendo a sus puestos de trabajo.<\/p>\n\n\n\n<p>Fuente: <a href=\"http:\/\/www.nortecorrientes.com\" data-type=\"link\" data-id=\"www.nortecorrientes.com\" target=\"_blank\" rel=\"noreferrer noopener\">www.nortecorrientes.com<\/a> | Corrientes &#8211; Corrientes | 09.04.26<\/p>\n\n\n\n<p><\/p>\n\n\n\n<p>  <\/p>\n\n\n\n<p><\/p>\n","protected":false},"excerpt":{"rendered":"<p>Luego de levantar toda la programaci\u00f3n local de LT12 Radio Nacional Paso de los Libres, personal de Prefectura Naval Argentina y Gendarmer\u00eda Nacional impidi\u00f3 este mi\u00e9rcoles 8 de abril el ingreso de los trabajadores de la emisora sus instalaciones. El despliegue del operativo de seguridad se llev\u00f3 a cabo ante una veintena de personas, convocadas &hellip; <a href=\"https:\/\/amplitudmodulada.com.ar\/index.php\/noticia14285\/\" class=\"more-link\">Continu\u00e1 leyendo <span class=\"screen-reader-text\">Prefectura impidi\u00f3 el ingreso de los trabajadores de LT12 Radio Nacional Paso de los Libres a la emisora<\/span><\/a><\/p>\n","protected":false},"author":1,"featured_media":0,"parent":0,"menu_order":0,"comment_status":"closed","ping_status":"closed","template":"","meta":{"footnotes":""},"class_list":["post-11828","page","type-page","status-publish","hentry"],"_links":{"self":[{"href":"https:\/\/amplitudmodulada.com.ar\/index.php\/wp-json\/wp\/v2\/pages\/11828","targetHints":{"allow":["GET"]}}],"collection":[{"href":"https:\/\/amplitudmodulada.com.ar\/index.php\/wp-json\/wp\/v2\/pages"}],"about":[{"href":"https:\/\/amplitudmodulada.com.ar\/index.php\/wp-json\/wp\/v2\/types\/page"}],"author":[{"embeddable":true,"href":"https:\/\/amplitudmodulada.com.ar\/index.php\/wp-json\/wp\/v2\/users\/1"}],"replies":[{"embeddable":true,"href":"https:\/\/amplitudmodulada.com.ar\/index.php\/wp-json\/wp\/v2\/comments?post=11828"}],"version-history":[{"count":3,"href":"https:\/\/amplitudmodulada.com.ar\/index.php\/wp-json\/wp\/v2\/pages\/11828\/revisions"}],"predecessor-version":[{"id":11833,"href":"https:\/\/amplitudmodulada.com.ar\/index.php\/wp-json\/wp\/v2\/pages\/11828\/revisions\/11833"}],"wp:attachment":[{"href":"https:\/\/amplitudmodulada.com.ar\/index.php\/wp-json\/wp\/v2\/media?parent=11828"}],"curies":[{"name":"wp","href":"https:\/\/api.w.org\/{rel}","templated":true}]}}