{"id":11836,"date":"2026-05-09T19:58:00","date_gmt":"2026-05-09T22:58:00","guid":{"rendered":"https:\/\/amplitudmodulada.com.ar\/?page_id=11836"},"modified":"2026-05-09T21:52:13","modified_gmt":"2026-05-10T00:52:13","slug":"noticia14286","status":"publish","type":"page","link":"https:\/\/amplitudmodulada.com.ar\/index.php\/noticia14286\/","title":{"rendered":"Reclaman la continuidad laboral de los trabajadores de los medios p\u00fablicos porte\u00f1os"},"content":{"rendered":"\n<figure class=\"wp-block-image size-full\"><img loading=\"lazy\" decoding=\"async\" width=\"125\" height=\"100\" src=\"http:\/\/amplitudmodulada.com.ar\/wp-content\/uploads\/2026\/05\/sutecba-e1778367502193.png\" alt=\"\" class=\"wp-image-11838\"\/><\/figure>\n\n\n\n<p>A trav\u00e9s de su secretario general, Amadeo Genta, el Sindicato \u00danico de Trabajadores y Empleados del Estado de la Ciudad de Buenos Aires (SUTECBA) expres\u00f3 su preocupaci\u00f3n por la posible concesi\u00f3n de los medios p\u00fablicos porte\u00f1os y alert\u00f3 sobre la continuidad laboral de sus trabajadores.<\/p>\n\n\n\n<p>En ese sentido, la entidad sindical se\u00f1al\u00f3 que el Gobierno de la Ciudad de Buenos Aires debe garantizar la continuidad de todos los trabajadores de LS1 Radio de la Ciudad, la emisora de Frecuencia Modulada La 2&#215;4 y el Canal de la Ciudad.<\/p>\n\n\n\n<p>El gremio remarc\u00f3 que la concesi\u00f3n o privatizaci\u00f3n de estos medios podr\u00eda vulnerar el art\u00edculo 47 de la Constituci\u00f3n de la Ciudad de Buenos Aires, que garantiza la existencia de medios propios con fines que exceden el \u00e1mbito comercial.<\/p>\n\n\n\n<p>Seg\u00fan el SUTECBA, estos medios cumplen una funci\u00f3n social, cultural y educativa, a la vez que promueven la pluralidad de ideas y expresiones pol\u00edticas, sociales y culturales.<\/p>\n\n\n\n<p>Asimismo, advirti\u00f3 que el llamado a concesi\u00f3n excluye expresamente al personal, lo que genera un grave perjuicio en t\u00e9rminos de estabilidad y carrera administrativa, adem\u00e1s de implicar la cesi\u00f3n de la conducci\u00f3n t\u00e9cnico-administrativa de los medios p\u00fablicos.<\/p>\n\n\n\n<p>Fuente: <a href=\"http:\/\/www.noticiasurbanas.com.ar\" data-type=\"link\" data-id=\"www.noticiasurbanas.com.ar\" target=\"_blank\" rel=\"noreferrer noopener\">www.noticiasurbanas.com.ar<\/a> | Ciudad Aut\u00f3noma de Buenos Aires | 09.04-26<\/p>\n\n\n\n<p><\/p>\n","protected":false},"excerpt":{"rendered":"<p>A trav\u00e9s de su secretario general, Amadeo Genta, el Sindicato \u00danico de Trabajadores y Empleados del Estado de la Ciudad de Buenos Aires (SUTECBA) expres\u00f3 su preocupaci\u00f3n por la posible concesi\u00f3n de los medios p\u00fablicos porte\u00f1os y alert\u00f3 sobre la continuidad laboral de sus trabajadores. En ese sentido, la entidad sindical se\u00f1al\u00f3 que el Gobierno &hellip; <a href=\"https:\/\/amplitudmodulada.com.ar\/index.php\/noticia14286\/\" class=\"more-link\">Continu\u00e1 leyendo <span class=\"screen-reader-text\">Reclaman la continuidad laboral de los trabajadores de los medios p\u00fablicos porte\u00f1os<\/span><\/a><\/p>\n","protected":false},"author":1,"featured_media":0,"parent":0,"menu_order":0,"comment_status":"closed","ping_status":"closed","template":"","meta":{"footnotes":""},"class_list":["post-11836","page","type-page","status-publish","hentry"],"_links":{"self":[{"href":"https:\/\/amplitudmodulada.com.ar\/index.php\/wp-json\/wp\/v2\/pages\/11836","targetHints":{"allow":["GET"]}}],"collection":[{"href":"https:\/\/amplitudmodulada.com.ar\/index.php\/wp-json\/wp\/v2\/pages"}],"about":[{"href":"https:\/\/amplitudmodulada.com.ar\/index.php\/wp-json\/wp\/v2\/types\/page"}],"author":[{"embeddable":true,"href":"https:\/\/amplitudmodulada.com.ar\/index.php\/wp-json\/wp\/v2\/users\/1"}],"replies":[{"embeddable":true,"href":"https:\/\/amplitudmodulada.com.ar\/index.php\/wp-json\/wp\/v2\/comments?post=11836"}],"version-history":[{"count":3,"href":"https:\/\/amplitudmodulada.com.ar\/index.php\/wp-json\/wp\/v2\/pages\/11836\/revisions"}],"predecessor-version":[{"id":11842,"href":"https:\/\/amplitudmodulada.com.ar\/index.php\/wp-json\/wp\/v2\/pages\/11836\/revisions\/11842"}],"wp:attachment":[{"href":"https:\/\/amplitudmodulada.com.ar\/index.php\/wp-json\/wp\/v2\/media?parent=11836"}],"curies":[{"name":"wp","href":"https:\/\/api.w.org\/{rel}","templated":true}]}}