{"id":12270,"date":"2026-08-30T11:18:44","date_gmt":"2026-08-30T14:18:44","guid":{"rendered":"https:\/\/amplitudmodulada.com.ar\/?page_id=12270"},"modified":"2026-08-30T11:28:40","modified_gmt":"2026-08-30T14:28:40","slug":"noticia14344","status":"publish","type":"page","link":"https:\/\/amplitudmodulada.com.ar\/index.php\/noticia14344\/","title":{"rendered":"Roban equipamiento en la planta transmisora de LRA27 Radio Nacional Catamarca"},"content":{"rendered":"\n<figure class=\"wp-block-image size-full\"><img loading=\"lazy\" decoding=\"async\" width=\"110\" height=\"110\" src=\"http:\/\/amplitudmodulada.com.ar\/wp-content\/uploads\/2024\/10\/LRA-e1728000015658.jpg\" alt=\"\" class=\"wp-image-4179\"\/><\/figure>\n\n\n\n<p>Delincuentes ingresaron a la planta transmisora de LRA27 Radio Nacional Catamarca, ubicada en la localidad de El Ba\u00f1ado, departamento Valle Viejo, donde sustrajeron diversos elementos fundamentales para el funcionamiento de la emisora.<\/p>\n\n\n\n<p>La denuncia fue radicada por un empleado de Radio Nacional Catamarca, quien al llegar a su lugar de trabajo en horas de la ma\u00f1ana advirti\u00f3 que se hab\u00eda violentado la puerta del sector donde se encuentra instalado el equipo transmisor.<\/p>\n\n\n\n<p>Seg\u00fan consta en la presentaci\u00f3n judicial, los autores del hecho se apoderaron de aproximadamente cuatro metros de cobre y de otros elementos indispensables para el funcionamiento de la emisora p\u00fablica.<\/p>\n\n\n\n<p>El robo no solo representa una importante p\u00e9rdida econ\u00f3mica, sino que tambi\u00e9n podr\u00eda comprometer parte del funcionamiento operativo de la emisora estatal.<\/p>\n\n\n\n<p>Hasta el momento no hay sospechosos identificados y la causa qued\u00f3 bajo investigaci\u00f3n para determinar qui\u00e9nes fueron los autores del il\u00edcito y si actuaron con conocimiento espec\u00edfico sobre el valor t\u00e9cnico y comercial de los elementos sustra\u00eddos.<\/p>\n\n\n\n<p>Fuente: <a href=\"http:\/\/www.catamarcaencana.com.ar\" data-type=\"link\" data-id=\"www.catamarcaencana.com.ar\" target=\"_blank\" rel=\"noreferrer noopener\">www.catamarcaencana.com.ar<\/a> | San Fernando del Valle de Catamarca | 14.05.26<\/p>\n\n\n\n<p><\/p>\n","protected":false},"excerpt":{"rendered":"<p>Delincuentes ingresaron a la planta transmisora de LRA27 Radio Nacional Catamarca, ubicada en la localidad de El Ba\u00f1ado, departamento Valle Viejo, donde sustrajeron diversos elementos fundamentales para el funcionamiento de la emisora. La denuncia fue radicada por un empleado de Radio Nacional Catamarca, quien al llegar a su lugar de trabajo en horas de la &hellip; <a href=\"https:\/\/amplitudmodulada.com.ar\/index.php\/noticia14344\/\" class=\"more-link\">Continu\u00e1 leyendo <span class=\"screen-reader-text\">Roban equipamiento en la planta transmisora de LRA27 Radio Nacional Catamarca<\/span><\/a><\/p>\n","protected":false},"author":1,"featured_media":0,"parent":0,"menu_order":0,"comment_status":"closed","ping_status":"closed","template":"","meta":{"footnotes":""},"class_list":["post-12270","page","type-page","status-publish","hentry"],"_links":{"self":[{"href":"https:\/\/amplitudmodulada.com.ar\/index.php\/wp-json\/wp\/v2\/pages\/12270","targetHints":{"allow":["GET"]}}],"collection":[{"href":"https:\/\/amplitudmodulada.com.ar\/index.php\/wp-json\/wp\/v2\/pages"}],"about":[{"href":"https:\/\/amplitudmodulada.com.ar\/index.php\/wp-json\/wp\/v2\/types\/page"}],"author":[{"embeddable":true,"href":"https:\/\/amplitudmodulada.com.ar\/index.php\/wp-json\/wp\/v2\/users\/1"}],"replies":[{"embeddable":true,"href":"https:\/\/amplitudmodulada.com.ar\/index.php\/wp-json\/wp\/v2\/comments?post=12270"}],"version-history":[{"count":2,"href":"https:\/\/amplitudmodulada.com.ar\/index.php\/wp-json\/wp\/v2\/pages\/12270\/revisions"}],"predecessor-version":[{"id":12273,"href":"https:\/\/amplitudmodulada.com.ar\/index.php\/wp-json\/wp\/v2\/pages\/12270\/revisions\/12273"}],"wp:attachment":[{"href":"https:\/\/amplitudmodulada.com.ar\/index.php\/wp-json\/wp\/v2\/media?parent=12270"}],"curies":[{"name":"wp","href":"https:\/\/api.w.org\/{rel}","templated":true}]}}

<figure class="wp-block-image size-full"><img loading="lazy" decoding="async" width="110" height="110" src="http://amplitudmodulada.com.ar/wp-content/uploads/2024/10/LRA-e1728000015658.jpg" alt="" class="wp-image-4179"/></figure>



<p>Delincuentes ingresaron a la planta transmisora de LRA27 Radio Nacional Catamarca, ubicada en la localidad de El Bañado, departamento Valle Viejo, donde sustrajeron diversos elementos fundamentales para el funcionamiento de la emisora.</p>



<p>La denuncia fue radicada por un empleado de Radio Nacional Catamarca, quien al llegar a su lugar de trabajo en horas de la mañana advirtió que se había violentado la puerta del sector donde se encuentra instalado el equipo transmisor.</p>



<p>Según consta en la presentación judicial, los autores del hecho se apoderaron de aproximadamente cuatro metros de cobre y de otros elementos indispensables para el funcionamiento de la emisora pública.</p>



<p>El robo no solo representa una importante pérdida económica, sino que también podría comprometer parte del funcionamiento operativo de la emisora estatal.</p>



<p>Hasta el momento no hay sospechosos identificados y la causa quedó bajo investigación para determinar quiénes fueron los autores del ilícito y si actuaron con conocimiento específico sobre el valor técnico y comercial de los elementos sustraídos.</p>



<p>Fuente: <a href="http://www.catamarcaencana.com.ar" data-type="link" data-id="www.catamarcaencana.com.ar" target="_blank" rel="noreferrer noopener">www.catamarcaencana.com.ar</a> | San Fernando del Valle de Catamarca | 14.05.26</p>



<p></p>

<p>Delincuentes ingresaron a la planta transmisora de LRA27 Radio Nacional Catamarca, ubicada en la localidad de El Bañado, departamento Valle Viejo, donde sustrajeron diversos elementos fundamentales para el funcionamiento de la emisora. La denuncia fue radicada por un empleado de Radio Nacional Catamarca, quien al llegar a su lugar de trabajo en horas de la &hellip; <a href="https://amplitudmodulada.com.ar/index.php/noticia14344/" class="more-link">Continuá leyendo <span class="screen-reader-text">Roban equipamiento en la planta transmisora de LRA27 Radio Nacional Catamarca</span></a></p>
