{"id":12276,"date":"2026-08-30T13:17:01","date_gmt":"2026-08-30T16:17:01","guid":{"rendered":"https:\/\/amplitudmodulada.com.ar\/?page_id=12276"},"modified":"2026-08-30T13:23:37","modified_gmt":"2026-08-30T16:23:37","slug":"noticia14345","status":"publish","type":"page","link":"https:\/\/amplitudmodulada.com.ar\/index.php\/noticia14345\/","title":{"rendered":"Daniel Mollo ser\u00e1 el relator de Radio Nacional en el Mundial"},"content":{"rendered":"\n<figure class=\"wp-block-image size-full\"><img loading=\"lazy\" decoding=\"async\" width=\"110\" height=\"110\" src=\"http:\/\/amplitudmodulada.com.ar\/wp-content\/uploads\/2024\/10\/LRA-e1728000015658.jpg\" alt=\"\" class=\"wp-image-4179\"\/><\/figure>\n\n\n\n<p>El periodista y relator Daniel Mollo ser\u00e1 el relator de los partidos que la Selecci\u00f3n Nacional dispute en el pr\u00f3ximo Mundial de F\u00fatbol, que se disputar\u00e1 a partir del jueves 11 de mayo en M\u00e9xico, Estados Unidos y Canad\u00e1.<\/p>\n\n\n\n<p>&#8220;Es un placer estar en esta casa. El director de Radio Nacional, Fernando Subirats, tiene mucho que ver con esta determinaci\u00f3n. Esta es la posibilidad de llegar a toda la Argentina y el mundo. El rol de Radio Nacional y la Televisi\u00f3n P\u00fablica, es muy importante porque en algunos lugares no existen los cables y estos medios est\u00e1n&#8221;, se\u00f1al\u00f3 el relator en declaraciones a LRA1 Radio Nacional Buenos Aires.<\/p>\n\n\n\n<p>Relator en distintas emisoras de los partidos que disputa Boca Juniors en torneos locales e internacionales, Daniel Mollo es, adem\u00e1s, concejal de La Libertad Avanza en el Partido de General San Mart\u00edn, provincia de Buenos Aires.<\/p>\n\n\n\n<p>Fuente: <a href=\"http:\/\/www.radionacional.com.ar\" data-type=\"link\" data-id=\"www.radionacional.com.ar\" target=\"_blank\" rel=\"noreferrer noopener\">www.radionacional.com.ar<\/a> | Ciudad Aut\u00f3noma de Buenos Aires | 14.05.26<\/p>\n\n\n\n<p><\/p>\n","protected":false},"excerpt":{"rendered":"<p>El periodista y relator Daniel Mollo ser\u00e1 el relator de los partidos que la Selecci\u00f3n Nacional dispute en el pr\u00f3ximo Mundial de F\u00fatbol, que se disputar\u00e1 a partir del jueves 11 de mayo en M\u00e9xico, Estados Unidos y Canad\u00e1. &#8220;Es un placer estar en esta casa. El director de Radio Nacional, Fernando Subirats, tiene mucho &hellip; <a href=\"https:\/\/amplitudmodulada.com.ar\/index.php\/noticia14345\/\" class=\"more-link\">Continu\u00e1 leyendo <span class=\"screen-reader-text\">Daniel Mollo ser\u00e1 el relator de Radio Nacional en el Mundial<\/span><\/a><\/p>\n","protected":false},"author":1,"featured_media":0,"parent":0,"menu_order":0,"comment_status":"closed","ping_status":"closed","template":"","meta":{"footnotes":""},"class_list":["post-12276","page","type-page","status-publish","hentry"],"_links":{"self":[{"href":"https:\/\/amplitudmodulada.com.ar\/index.php\/wp-json\/wp\/v2\/pages\/12276","targetHints":{"allow":["GET"]}}],"collection":[{"href":"https:\/\/amplitudmodulada.com.ar\/index.php\/wp-json\/wp\/v2\/pages"}],"about":[{"href":"https:\/\/amplitudmodulada.com.ar\/index.php\/wp-json\/wp\/v2\/types\/page"}],"author":[{"embeddable":true,"href":"https:\/\/amplitudmodulada.com.ar\/index.php\/wp-json\/wp\/v2\/users\/1"}],"replies":[{"embeddable":true,"href":"https:\/\/amplitudmodulada.com.ar\/index.php\/wp-json\/wp\/v2\/comments?post=12276"}],"version-history":[{"count":2,"href":"https:\/\/amplitudmodulada.com.ar\/index.php\/wp-json\/wp\/v2\/pages\/12276\/revisions"}],"predecessor-version":[{"id":12279,"href":"https:\/\/amplitudmodulada.com.ar\/index.php\/wp-json\/wp\/v2\/pages\/12276\/revisions\/12279"}],"wp:attachment":[{"href":"https:\/\/amplitudmodulada.com.ar\/index.php\/wp-json\/wp\/v2\/media?parent=12276"}],"curies":[{"name":"wp","href":"https:\/\/api.w.org\/{rel}","templated":true}]}}

Daniel Mollo será el relator de Radio Nacional en el Mundial

<figure class="wp-block-image size-full"><img loading="lazy" decoding="async" width="110" height="110" src="http://amplitudmodulada.com.ar/wp-content/uploads/2024/10/LRA-e1728000015658.jpg" alt="" class="wp-image-4179"/></figure>



<p>El periodista y relator Daniel Mollo será el relator de los partidos que la Selección Nacional dispute en el próximo Mundial de Fútbol, que se disputará a partir del jueves 11 de mayo en México, Estados Unidos y Canadá.</p>



<p>&#8220;Es un placer estar en esta casa. El director de Radio Nacional, Fernando Subirats, tiene mucho que ver con esta determinación. Esta es la posibilidad de llegar a toda la Argentina y el mundo. El rol de Radio Nacional y la Televisión Pública, es muy importante porque en algunos lugares no existen los cables y estos medios están&#8221;, señaló el relator en declaraciones a LRA1 Radio Nacional Buenos Aires.</p>



<p>Relator en distintas emisoras de los partidos que disputa Boca Juniors en torneos locales e internacionales, Daniel Mollo es, además, concejal de La Libertad Avanza en el Partido de General San Martín, provincia de Buenos Aires.</p>



<p>Fuente: <a href="http://www.radionacional.com.ar" data-type="link" data-id="www.radionacional.com.ar" target="_blank" rel="noreferrer noopener">www.radionacional.com.ar</a> | Ciudad Autónoma de Buenos Aires | 14.05.26</p>



<p></p>

<p>El periodista y relator Daniel Mollo será el relator de los partidos que la Selección Nacional dispute en el próximo Mundial de Fútbol, que se disputará a partir del jueves 11 de mayo en México, Estados Unidos y Canadá. &#8220;Es un placer estar en esta casa. El director de Radio Nacional, Fernando Subirats, tiene mucho &hellip; <a href="https://amplitudmodulada.com.ar/index.php/noticia14345/" class="more-link">Continuá leyendo <span class="screen-reader-text">Daniel Mollo será el relator de Radio Nacional en el Mundial</span></a></p>
