{"id":12282,"date":"2026-08-30T13:40:49","date_gmt":"2026-08-30T16:40:49","guid":{"rendered":"https:\/\/amplitudmodulada.com.ar\/?page_id=12282"},"modified":"2026-08-30T19:17:12","modified_gmt":"2026-08-30T22:17:12","slug":"noticia14346","status":"publish","type":"page","link":"https:\/\/amplitudmodulada.com.ar\/index.php\/noticia14346\/","title":{"rendered":"La 17 renueva su v\u00ednculo period\u00edstico con Radio Francia Internacional"},"content":{"rendered":"\n<figure class=\"wp-block-image size-full\"><img loading=\"lazy\" decoding=\"async\" width=\"152\" height=\"60\" src=\"http:\/\/amplitudmodulada.com.ar\/wp-content\/uploads\/2024\/02\/LU17-e1708187368984.png\" alt=\"\" class=\"wp-image-838\"\/><\/figure>\n\n\n\n<p>En un encuentro mantenido este viernes en la sede de France Media Monde en Paris, LU17 La 17 renov\u00f3 su compromiso de distribuci\u00f3n de contenidos period\u00edsticos y art\u00edsticos generados por la redacci\u00f3n en espa\u00f1ol de Radio Francia Internacional (RFI).<\/p>\n\n\n\n<p>En ese marco, Mart\u00edn Berrade, coordinador General de La 17, y Pompeyo Pino, director de Distribuci\u00f3n Radiof\u00f3nica &#8211; Am\u00e9ricas de RFI, dialogaron en la sede francesa sobre el presente y los desaf\u00edos de la radio en Europa y Am\u00e9rica Latina, los temas de inter\u00e9s en com\u00fan y la utilizaci\u00f3n de Inteligencia Artificial en la generaci\u00f3n y distribuci\u00f3n de los contenidos generados a partir de emisiones radiales.<\/p>\n\n\n\n<p>Por su parte, el reconocido conductor del ciclo &#8220;El Invitado de RFI&#8221;, Jordi Batall\u00e9, destac\u00f3 la proyecci\u00f3n de los diversos programas de la se\u00f1al francesa en el mundo hispano gracias a emisoras como La 17.<\/p>\n\n\n\n<p>La emisora de Puerto Madyn emite a diario los segmentos period\u00edsticos, boletines informativos y otras transmisiones especiales de RFI.<\/p>\n\n\n\n<p>En tanto, los domingos, el ciclo &#8220;Mundo Podcast&#8221; comparte con la audiencia patag\u00f3nica diversos espacios dedicados al arte, ambiente, pol\u00edtica internacional y cultura.<\/p>\n\n\n\n<p>Adem\u00e1s, desde 2025 el sitio <a href=\"http:\/\/www.lu17.com\" data-type=\"link\" data-id=\"www.lu17.com\" target=\"_blank\" rel=\"noreferrer noopener\">www.lu17.com<\/a> reproduce los podcast y reportajes de RFI.<\/p>\n\n\n\n<p>Fuente: <a href=\"http:\/\/www.lu17.com\" data-type=\"link\" data-id=\"www.lu17.com\" target=\"_blank\" rel=\"noreferrer noopener\">www.lu17.com<\/a> | Puerto Madryn &#8211; Chubut | 15.05.26<\/p>\n\n\n\n<p><\/p>\n","protected":false},"excerpt":{"rendered":"<p>En un encuentro mantenido este viernes en la sede de France Media Monde en Paris, LU17 La 17 renov\u00f3 su compromiso de distribuci\u00f3n de contenidos period\u00edsticos y art\u00edsticos generados por la redacci\u00f3n en espa\u00f1ol de Radio Francia Internacional (RFI). En ese marco, Mart\u00edn Berrade, coordinador General de La 17, y Pompeyo Pino, director de Distribuci\u00f3n &hellip; <a href=\"https:\/\/amplitudmodulada.com.ar\/index.php\/noticia14346\/\" class=\"more-link\">Continu\u00e1 leyendo <span class=\"screen-reader-text\">La 17 renueva su v\u00ednculo period\u00edstico con Radio Francia Internacional<\/span><\/a><\/p>\n","protected":false},"author":1,"featured_media":0,"parent":0,"menu_order":0,"comment_status":"closed","ping_status":"closed","template":"","meta":{"footnotes":""},"class_list":["post-12282","page","type-page","status-publish","hentry"],"_links":{"self":[{"href":"https:\/\/amplitudmodulada.com.ar\/index.php\/wp-json\/wp\/v2\/pages\/12282","targetHints":{"allow":["GET"]}}],"collection":[{"href":"https:\/\/amplitudmodulada.com.ar\/index.php\/wp-json\/wp\/v2\/pages"}],"about":[{"href":"https:\/\/amplitudmodulada.com.ar\/index.php\/wp-json\/wp\/v2\/types\/page"}],"author":[{"embeddable":true,"href":"https:\/\/amplitudmodulada.com.ar\/index.php\/wp-json\/wp\/v2\/users\/1"}],"replies":[{"embeddable":true,"href":"https:\/\/amplitudmodulada.com.ar\/index.php\/wp-json\/wp\/v2\/comments?post=12282"}],"version-history":[{"count":4,"href":"https:\/\/amplitudmodulada.com.ar\/index.php\/wp-json\/wp\/v2\/pages\/12282\/revisions"}],"predecessor-version":[{"id":12288,"href":"https:\/\/amplitudmodulada.com.ar\/index.php\/wp-json\/wp\/v2\/pages\/12282\/revisions\/12288"}],"wp:attachment":[{"href":"https:\/\/amplitudmodulada.com.ar\/index.php\/wp-json\/wp\/v2\/media?parent=12282"}],"curies":[{"name":"wp","href":"https:\/\/api.w.org\/{rel}","templated":true}]}}

La 17 renueva su vínculo periodístico con Radio Francia Internacional

<figure class="wp-block-image size-full"><img loading="lazy" decoding="async" width="152" height="60" src="http://amplitudmodulada.com.ar/wp-content/uploads/2024/02/LU17-e1708187368984.png" alt="" class="wp-image-838"/></figure>



<p>En un encuentro mantenido este viernes en la sede de France Media Monde en Paris, LU17 La 17 renovó su compromiso de distribución de contenidos periodísticos y artísticos generados por la redacción en español de Radio Francia Internacional (RFI).</p>



<p>En ese marco, Martín Berrade, coordinador General de La 17, y Pompeyo Pino, director de Distribución Radiofónica &#8211; Américas de RFI, dialogaron en la sede francesa sobre el presente y los desafíos de la radio en Europa y América Latina, los temas de interés en común y la utilización de Inteligencia Artificial en la generación y distribución de los contenidos generados a partir de emisiones radiales.</p>



<p>Por su parte, el reconocido conductor del ciclo &#8220;El Invitado de RFI&#8221;, Jordi Batallé, destacó la proyección de los diversos programas de la señal francesa en el mundo hispano gracias a emisoras como La 17.</p>



<p>La emisora de Puerto Madyn emite a diario los segmentos periodísticos, boletines informativos y otras transmisiones especiales de RFI.</p>



<p>En tanto, los domingos, el ciclo &#8220;Mundo Podcast&#8221; comparte con la audiencia patagónica diversos espacios dedicados al arte, ambiente, política internacional y cultura.</p>



<p>Además, desde 2025 el sitio <a href="http://www.lu17.com" data-type="link" data-id="www.lu17.com" target="_blank" rel="noreferrer noopener">www.lu17.com</a> reproduce los podcast y reportajes de RFI.</p>



<p>Fuente: <a href="http://www.lu17.com" data-type="link" data-id="www.lu17.com" target="_blank" rel="noreferrer noopener">www.lu17.com</a> | Puerto Madryn &#8211; Chubut | 15.05.26</p>



<p></p>

<p>En un encuentro mantenido este viernes en la sede de France Media Monde en Paris, LU17 La 17 renovó su compromiso de distribución de contenidos periodísticos y artísticos generados por la redacción en español de Radio Francia Internacional (RFI). En ese marco, Martín Berrade, coordinador General de La 17, y Pompeyo Pino, director de Distribución &hellip; <a href="https://amplitudmodulada.com.ar/index.php/noticia14346/" class="more-link">Continuá leyendo <span class="screen-reader-text">La 17 renueva su vínculo periodístico con Radio Francia Internacional</span></a></p>
