{"id":12291,"date":"2026-08-30T19:26:47","date_gmt":"2026-08-30T22:26:47","guid":{"rendered":"https:\/\/amplitudmodulada.com.ar\/?page_id=12291"},"modified":"2026-08-30T19:35:18","modified_gmt":"2026-08-30T22:35:18","slug":"noticia14347","status":"publish","type":"page","link":"https:\/\/amplitudmodulada.com.ar\/index.php\/noticia14347\/","title":{"rendered":"Un jugador de Independiente fue a increpar a Gustavo L\u00f3pez a la sede de Radio La Red"},"content":{"rendered":"\n<figure class=\"wp-block-image size-full\"><img loading=\"lazy\" decoding=\"async\" width=\"174\" height=\"70\" src=\"http:\/\/amplitudmodulada.com.ar\/wp-content\/uploads\/2024\/07\/910-e1721926290452.png\" alt=\"\" class=\"wp-image-2752\"\/><\/figure>\n\n\n\n<p>Ignacio Malcorra, futbolista de Independiente, fue a buscar a la salida de LR5 Radio La Red a Gustavo L\u00f3pez, luego de un comentario del periodista sobre una acci\u00f3n suya en la eliminaci\u00f3n del conjunto de Avellaneda el domingo pasado ante Rosario Central.<\/p>\n\n\n\n<p>El jugador de Independiente apareci\u00f3 en los estudios de Radio La Red, ubicados en la calle Gorriti, para invitarlo a pelear, mientras este intentaba salir de la emisora en su veh\u00edculo.<\/p>\n\n\n\n<p>Ante esta situaci\u00f3n, tuvieron que intervenir colegas de Gustavo L\u00f3pez y empleados de seguridad de la emisora para evitar el agravamiento del incidente.<\/p>\n\n\n\n<p>&#8220;No sabes la semana de mierda que pas\u00f3 mi familia por tu culpa&#8221;, le habr\u00eda dicho, seg\u00fan afirmaron algunos testigos, Ignacio Malcorra al periodista de Radio La Red.<\/p>\n\n\n\n<p>El motivo del enojo del volante de Independiente fue un comentario de Gustavo L\u00f3pez en la transmisi\u00f3n televisiva del partido por octavos de final que disputaron ese equipo y Rosario Central.<\/p>\n\n\n\n<p>Fuente: <a href=\"http:\/\/www.tycsports.com\" data-type=\"link\" data-id=\"www.tycsports.com\" target=\"_blank\" rel=\"noreferrer noopener\">www.tycsports.com<\/a> | Ciudad Aut\u00f3noma de Buenos Aires | 15.05.26<\/p>\n\n\n\n<p><\/p>\n","protected":false},"excerpt":{"rendered":"<p>Ignacio Malcorra, futbolista de Independiente, fue a buscar a la salida de LR5 Radio La Red a Gustavo L\u00f3pez, luego de un comentario del periodista sobre una acci\u00f3n suya en la eliminaci\u00f3n del conjunto de Avellaneda el domingo pasado ante Rosario Central. El jugador de Independiente apareci\u00f3 en los estudios de Radio La Red, ubicados &hellip; <a href=\"https:\/\/amplitudmodulada.com.ar\/index.php\/noticia14347\/\" class=\"more-link\">Continu\u00e1 leyendo <span class=\"screen-reader-text\">Un jugador de Independiente fue a increpar a Gustavo L\u00f3pez a la sede de Radio La Red<\/span><\/a><\/p>\n","protected":false},"author":1,"featured_media":0,"parent":0,"menu_order":0,"comment_status":"closed","ping_status":"closed","template":"","meta":{"footnotes":""},"class_list":["post-12291","page","type-page","status-publish","hentry"],"_links":{"self":[{"href":"https:\/\/amplitudmodulada.com.ar\/index.php\/wp-json\/wp\/v2\/pages\/12291","targetHints":{"allow":["GET"]}}],"collection":[{"href":"https:\/\/amplitudmodulada.com.ar\/index.php\/wp-json\/wp\/v2\/pages"}],"about":[{"href":"https:\/\/amplitudmodulada.com.ar\/index.php\/wp-json\/wp\/v2\/types\/page"}],"author":[{"embeddable":true,"href":"https:\/\/amplitudmodulada.com.ar\/index.php\/wp-json\/wp\/v2\/users\/1"}],"replies":[{"embeddable":true,"href":"https:\/\/amplitudmodulada.com.ar\/index.php\/wp-json\/wp\/v2\/comments?post=12291"}],"version-history":[{"count":2,"href":"https:\/\/amplitudmodulada.com.ar\/index.php\/wp-json\/wp\/v2\/pages\/12291\/revisions"}],"predecessor-version":[{"id":12294,"href":"https:\/\/amplitudmodulada.com.ar\/index.php\/wp-json\/wp\/v2\/pages\/12291\/revisions\/12294"}],"wp:attachment":[{"href":"https:\/\/amplitudmodulada.com.ar\/index.php\/wp-json\/wp\/v2\/media?parent=12291"}],"curies":[{"name":"wp","href":"https:\/\/api.w.org\/{rel}","templated":true}]}}

Un jugador de Independiente fue a increpar a Gustavo López a la sede de Radio La Red

<figure class="wp-block-image size-full"><img loading="lazy" decoding="async" width="174" height="70" src="http://amplitudmodulada.com.ar/wp-content/uploads/2024/07/910-e1721926290452.png" alt="" class="wp-image-2752"/></figure>



<p>Ignacio Malcorra, futbolista de Independiente, fue a buscar a la salida de LR5 Radio La Red a Gustavo López, luego de un comentario del periodista sobre una acción suya en la eliminación del conjunto de Avellaneda el domingo pasado ante Rosario Central.</p>



<p>El jugador de Independiente apareció en los estudios de Radio La Red, ubicados en la calle Gorriti, para invitarlo a pelear, mientras este intentaba salir de la emisora en su vehículo.</p>



<p>Ante esta situación, tuvieron que intervenir colegas de Gustavo López y empleados de seguridad de la emisora para evitar el agravamiento del incidente.</p>



<p>&#8220;No sabes la semana de mierda que pasó mi familia por tu culpa&#8221;, le habría dicho, según afirmaron algunos testigos, Ignacio Malcorra al periodista de Radio La Red.</p>



<p>El motivo del enojo del volante de Independiente fue un comentario de Gustavo López en la transmisión televisiva del partido por octavos de final que disputaron ese equipo y Rosario Central.</p>



<p>Fuente: <a href="http://www.tycsports.com" data-type="link" data-id="www.tycsports.com" target="_blank" rel="noreferrer noopener">www.tycsports.com</a> | Ciudad Autónoma de Buenos Aires | 15.05.26</p>



<p></p>

<p>Ignacio Malcorra, futbolista de Independiente, fue a buscar a la salida de LR5 Radio La Red a Gustavo López, luego de un comentario del periodista sobre una acción suya en la eliminación del conjunto de Avellaneda el domingo pasado ante Rosario Central. El jugador de Independiente apareció en los estudios de Radio La Red, ubicados &hellip; <a href="https://amplitudmodulada.com.ar/index.php/noticia14347/" class="more-link">Continuá leyendo <span class="screen-reader-text">Un jugador de Independiente fue a increpar a Gustavo López a la sede de Radio La Red</span></a></p>
