{"id":12298,"date":"2026-09-01T19:21:36","date_gmt":"2026-09-01T22:21:36","guid":{"rendered":"https:\/\/amplitudmodulada.com.ar\/?page_id=12298"},"modified":"2026-09-01T19:31:12","modified_gmt":"2026-09-01T22:31:12","slug":"noticia14348","status":"publish","type":"page","link":"https:\/\/amplitudmodulada.com.ar\/index.php\/noticia14348\/","title":{"rendered":"Radio 10 deja de emitir el programa &#8220;Reloj de Arena&#8221;"},"content":{"rendered":"\n<figure class=\"wp-block-image size-full\"><img loading=\"lazy\" decoding=\"async\" width=\"126\" height=\"80\" src=\"http:\/\/amplitudmodulada.com.ar\/wp-content\/uploads\/2024\/01\/710-e1704587121920.png\" alt=\"\" class=\"wp-image-122\"\/><\/figure>\n\n\n\n<p>Seg\u00fan inform\u00f3 este viernes a trav\u00e9s de la red social X el periodista Pablo Montagna, LRL202 Radio 10 levant\u00f3 el programa &#8220;Reloj de Arena&#8221;, que conduce la periodista Liliana L\u00f3pez Foresi y que se emite todos los domingos de 10.00 a 12.00 horas.<\/p>\n\n\n\n<p>Este domingo 17 de mayo ser\u00e1, de esta manera, la \u00faltima edici\u00f3n del ciclo.<\/p>\n\n\n\n<p>El periodista inform\u00f3, adem\u00e1s, que se esperan anuncios oficiales en los pr\u00f3ximos d\u00edas acerca de qui\u00e9n reemplazar\u00e1 a Liliana L\u00f3pez Foresi.<\/p>\n\n\n\n<p>Con una extensa trayectoria en distintos medios radiales y televisivos, Liliana L\u00f3pez Foresi conduce &#8220;Reloj de Arena&#8221; en Radio 10 desde mediados de 2021.<\/p>\n\n\n\n<p>15.05.26<\/p>\n","protected":false},"excerpt":{"rendered":"<p>Seg\u00fan inform\u00f3 este viernes a trav\u00e9s de la red social X el periodista Pablo Montagna, LRL202 Radio 10 levant\u00f3 el programa &#8220;Reloj de Arena&#8221;, que conduce la periodista Liliana L\u00f3pez Foresi y que se emite todos los domingos de 10.00 a 12.00 horas. Este domingo 17 de mayo ser\u00e1, de esta manera, la \u00faltima edici\u00f3n &hellip; <a href=\"https:\/\/amplitudmodulada.com.ar\/index.php\/noticia14348\/\" class=\"more-link\">Continu\u00e1 leyendo <span class=\"screen-reader-text\">Radio 10 deja de emitir el programa &#8220;Reloj de Arena&#8221;<\/span><\/a><\/p>\n","protected":false},"author":1,"featured_media":0,"parent":0,"menu_order":0,"comment_status":"closed","ping_status":"closed","template":"","meta":{"footnotes":""},"class_list":["post-12298","page","type-page","status-publish","hentry"],"_links":{"self":[{"href":"https:\/\/amplitudmodulada.com.ar\/index.php\/wp-json\/wp\/v2\/pages\/12298","targetHints":{"allow":["GET"]}}],"collection":[{"href":"https:\/\/amplitudmodulada.com.ar\/index.php\/wp-json\/wp\/v2\/pages"}],"about":[{"href":"https:\/\/amplitudmodulada.com.ar\/index.php\/wp-json\/wp\/v2\/types\/page"}],"author":[{"embeddable":true,"href":"https:\/\/amplitudmodulada.com.ar\/index.php\/wp-json\/wp\/v2\/users\/1"}],"replies":[{"embeddable":true,"href":"https:\/\/amplitudmodulada.com.ar\/index.php\/wp-json\/wp\/v2\/comments?post=12298"}],"version-history":[{"count":2,"href":"https:\/\/amplitudmodulada.com.ar\/index.php\/wp-json\/wp\/v2\/pages\/12298\/revisions"}],"predecessor-version":[{"id":12301,"href":"https:\/\/amplitudmodulada.com.ar\/index.php\/wp-json\/wp\/v2\/pages\/12298\/revisions\/12301"}],"wp:attachment":[{"href":"https:\/\/amplitudmodulada.com.ar\/index.php\/wp-json\/wp\/v2\/media?parent=12298"}],"curies":[{"name":"wp","href":"https:\/\/api.w.org\/{rel}","templated":true}]}}

<figure class="wp-block-image size-full"><img loading="lazy" decoding="async" width="126" height="80" src="http://amplitudmodulada.com.ar/wp-content/uploads/2024/01/710-e1704587121920.png" alt="" class="wp-image-122"/></figure>



<p>Según informó este viernes a través de la red social X el periodista Pablo Montagna, LRL202 Radio 10 levantó el programa &#8220;Reloj de Arena&#8221;, que conduce la periodista Liliana López Foresi y que se emite todos los domingos de 10.00 a 12.00 horas.</p>



<p>Este domingo 17 de mayo será, de esta manera, la última edición del ciclo.</p>



<p>El periodista informó, además, que se esperan anuncios oficiales en los próximos días acerca de quién reemplazará a Liliana López Foresi.</p>



<p>Con una extensa trayectoria en distintos medios radiales y televisivos, Liliana López Foresi conduce &#8220;Reloj de Arena&#8221; en Radio 10 desde mediados de 2021.</p>



<p>15.05.26</p>

<p>Según informó este viernes a través de la red social X el periodista Pablo Montagna, LRL202 Radio 10 levantó el programa &#8220;Reloj de Arena&#8221;, que conduce la periodista Liliana López Foresi y que se emite todos los domingos de 10.00 a 12.00 horas. Este domingo 17 de mayo será, de esta manera, la última edición &hellip; <a href="https://amplitudmodulada.com.ar/index.php/noticia14348/" class="more-link">Continuá leyendo <span class="screen-reader-text">Radio 10 deja de emitir el programa &#8220;Reloj de Arena&#8221;</span></a></p>
