{"id":1797,"date":"2024-04-26T15:55:52","date_gmt":"2024-04-26T18:55:52","guid":{"rendered":"https:\/\/amplitudmodulada.com.ar\/?page_id=1797"},"modified":"2024-04-26T16:13:01","modified_gmt":"2024-04-26T19:13:01","slug":"noticia12980","status":"publish","type":"page","link":"https:\/\/amplitudmodulada.com.ar\/index.php\/noticia12980\/","title":{"rendered":"Daniel Mollo se hizo cargo de la segunda ma\u00f1ana de Radio Del Plata"},"content":{"rendered":"\n<figure class=\"wp-block-image size-full\"><img loading=\"lazy\" decoding=\"async\" width=\"140\" height=\"80\" src=\"http:\/\/amplitudmodulada.com.ar\/wp-content\/uploads\/2024\/01\/1030-e1706115424753.png\" alt=\"\" class=\"wp-image-583\"\/><\/figure>\n\n\n\n<p>Daniel Mollo se hizo cargo de la denominada segunda ma\u00f1ana en LS10 Radio Del Plata. El periodista conduce el programa &#8220;Vengan, Vengan&#8221;, que se emite de lunes a viernes de 10.00 a 12.00 horas.<\/p>\n\n\n\n<p>El periodista deportivo ya formaba parte de la programaci\u00f3n de Radio Del Plata, donde est\u00e1 a cargo de las transmisiones de los partidos de Boca Juniors y del ciclo &#8220;Boca de Selecci\u00f3n&#8221;, que se emite de lunes a viernes de 14.00 a 15.00 horas.<\/p>\n\n\n\n<p>En cada emisi\u00f3n de &#8220;Vengan, Vengan&#8221;, Daniel Mollo est\u00e1 acompa\u00f1ado por Sergio De Caro, Alejandro Di Biasi, Claudia Giardullo, Gabriel Links y Fernando Berot.<\/p>\n\n\n\n<p>Fuente: <a href=\"http:\/\/www.lanacion.com.ar\" data-type=\"link\" data-id=\"www.lanacion.com.ar\" target=\"_blank\" rel=\"noreferrer noopener\">www.lanacion.com.ar<\/a> | Ciudad Aut\u00f3noma de Buenos Aires | 26.03.24<\/p>\n","protected":false},"excerpt":{"rendered":"<p>Daniel Mollo se hizo cargo de la denominada segunda ma\u00f1ana en LS10 Radio Del Plata. El periodista conduce el programa &#8220;Vengan, Vengan&#8221;, que se emite de lunes a viernes de 10.00 a 12.00 horas. El periodista deportivo ya formaba parte de la programaci\u00f3n de Radio Del Plata, donde est\u00e1 a cargo de las transmisiones de &hellip; <a href=\"https:\/\/amplitudmodulada.com.ar\/index.php\/noticia12980\/\" class=\"more-link\">Continu\u00e1 leyendo <span class=\"screen-reader-text\">Daniel Mollo se hizo cargo de la segunda ma\u00f1ana de Radio Del Plata<\/span><\/a><\/p>\n","protected":false},"author":1,"featured_media":0,"parent":0,"menu_order":0,"comment_status":"closed","ping_status":"closed","template":"","meta":{"footnotes":""},"class_list":["post-1797","page","type-page","status-publish","hentry"],"_links":{"self":[{"href":"https:\/\/amplitudmodulada.com.ar\/index.php\/wp-json\/wp\/v2\/pages\/1797","targetHints":{"allow":["GET"]}}],"collection":[{"href":"https:\/\/amplitudmodulada.com.ar\/index.php\/wp-json\/wp\/v2\/pages"}],"about":[{"href":"https:\/\/amplitudmodulada.com.ar\/index.php\/wp-json\/wp\/v2\/types\/page"}],"author":[{"embeddable":true,"href":"https:\/\/amplitudmodulada.com.ar\/index.php\/wp-json\/wp\/v2\/users\/1"}],"replies":[{"embeddable":true,"href":"https:\/\/amplitudmodulada.com.ar\/index.php\/wp-json\/wp\/v2\/comments?post=1797"}],"version-history":[{"count":2,"href":"https:\/\/amplitudmodulada.com.ar\/index.php\/wp-json\/wp\/v2\/pages\/1797\/revisions"}],"predecessor-version":[{"id":1800,"href":"https:\/\/amplitudmodulada.com.ar\/index.php\/wp-json\/wp\/v2\/pages\/1797\/revisions\/1800"}],"wp:attachment":[{"href":"https:\/\/amplitudmodulada.com.ar\/index.php\/wp-json\/wp\/v2\/media?parent=1797"}],"curies":[{"name":"wp","href":"https:\/\/api.w.org\/{rel}","templated":true}]}}