{"id":1913,"date":"2024-05-08T08:27:55","date_gmt":"2024-05-08T11:27:55","guid":{"rendered":"https:\/\/amplitudmodulada.com.ar\/?page_id=1913"},"modified":"2024-05-08T08:36:11","modified_gmt":"2024-05-08T11:36:11","slug":"noticia12994","status":"publish","type":"page","link":"https:\/\/amplitudmodulada.com.ar\/index.php\/noticia12994\/","title":{"rendered":"Ocho trabajadores del Ente Nacional de Comunicaciones de La Rioja se quedar\u00e1n sin empleo"},"content":{"rendered":"\n<figure class=\"wp-block-image size-full\"><img loading=\"lazy\" decoding=\"async\" width=\"233\" height=\"50\" src=\"http:\/\/amplitudmodulada.com.ar\/wp-content\/uploads\/2024\/01\/enacom-e1705526882784.jpg\" alt=\"\" class=\"wp-image-354\"\/><\/figure>\n\n\n\n<p>A ra\u00edz de la decisi\u00f3n del gobierno nacional de cerrar todas las delegaciones del Ente Nacional de Comunicaciones, ocho trabajadores de la delegaci\u00f3n La Rioja del organismo se quedar\u00e1n sin empleo.<\/p>\n\n\n\n<p>&#8220;Todo se manejar\u00e1 desde la sede central de Buenos Aires&#8221;, explic\u00f3 Lara Gonz\u00e1lez, delegada del Ente Nacional de Comunicaciones en La Rioja.<\/p>\n\n\n\n<p>En ese sentido, se\u00f1al\u00f3 que &#8220;los usuarios perder\u00e1n el derecho para reclamar y la posibilidad de una resoluci\u00f3n m\u00e1s \u00e1gil de sus reclamos&#8221;.<\/p>\n\n\n\n<p>La delegada indic\u00f3 que en La Rioja son ocho los trabajadores que quedar\u00e1n sin empleo y a\u00f1adi\u00f3 que dos fueron designados para realizar el inventario definitivo y cerrar la delegaci\u00f3n.<\/p>\n\n\n\n<p>&#8220;Los trabajadores del Ente Nacional de Comunicaciones no somos \u00f1oquis ni son cargos pol\u00edticos&#8221;, asegur\u00f3.<\/p>\n\n\n\n<p>Fuente: <a href=\"http:\/\/www.nuevarioja.com.ar\" data-type=\"link\" data-id=\"www.nuevarioja.com.ar\" target=\"_blank\" rel=\"noreferrer noopener\">www.nuevarioja.com.ar<\/a> | La Rioja &#8211; La Rioja | 02.04.24<\/p>\n","protected":false},"excerpt":{"rendered":"<p>A ra\u00edz de la decisi\u00f3n del gobierno nacional de cerrar todas las delegaciones del Ente Nacional de Comunicaciones, ocho trabajadores de la delegaci\u00f3n La Rioja del organismo se quedar\u00e1n sin empleo. &#8220;Todo se manejar\u00e1 desde la sede central de Buenos Aires&#8221;, explic\u00f3 Lara Gonz\u00e1lez, delegada del Ente Nacional de Comunicaciones en La Rioja. En ese &hellip; <a href=\"https:\/\/amplitudmodulada.com.ar\/index.php\/noticia12994\/\" class=\"more-link\">Continu\u00e1 leyendo <span class=\"screen-reader-text\">Ocho trabajadores del Ente Nacional de Comunicaciones de La Rioja se quedar\u00e1n sin empleo<\/span><\/a><\/p>\n","protected":false},"author":1,"featured_media":0,"parent":0,"menu_order":0,"comment_status":"closed","ping_status":"closed","template":"","meta":{"footnotes":""},"class_list":["post-1913","page","type-page","status-publish","hentry"],"_links":{"self":[{"href":"https:\/\/amplitudmodulada.com.ar\/index.php\/wp-json\/wp\/v2\/pages\/1913","targetHints":{"allow":["GET"]}}],"collection":[{"href":"https:\/\/amplitudmodulada.com.ar\/index.php\/wp-json\/wp\/v2\/pages"}],"about":[{"href":"https:\/\/amplitudmodulada.com.ar\/index.php\/wp-json\/wp\/v2\/types\/page"}],"author":[{"embeddable":true,"href":"https:\/\/amplitudmodulada.com.ar\/index.php\/wp-json\/wp\/v2\/users\/1"}],"replies":[{"embeddable":true,"href":"https:\/\/amplitudmodulada.com.ar\/index.php\/wp-json\/wp\/v2\/comments?post=1913"}],"version-history":[{"count":3,"href":"https:\/\/amplitudmodulada.com.ar\/index.php\/wp-json\/wp\/v2\/pages\/1913\/revisions"}],"predecessor-version":[{"id":1918,"href":"https:\/\/amplitudmodulada.com.ar\/index.php\/wp-json\/wp\/v2\/pages\/1913\/revisions\/1918"}],"wp:attachment":[{"href":"https:\/\/amplitudmodulada.com.ar\/index.php\/wp-json\/wp\/v2\/media?parent=1913"}],"curies":[{"name":"wp","href":"https:\/\/api.w.org\/{rel}","templated":true}]}}

Ocho trabajadores del Ente Nacional de Comunicaciones de La Rioja se quedarán sin empleo

<figure class="wp-block-image size-full"><img loading="lazy" decoding="async" width="233" height="50" src="http://amplitudmodulada.com.ar/wp-content/uploads/2024/01/enacom-e1705526882784.jpg" alt="" class="wp-image-354"/></figure>



<p>A raíz de la decisión del gobierno nacional de cerrar todas las delegaciones del Ente Nacional de Comunicaciones, ocho trabajadores de la delegación La Rioja del organismo se quedarán sin empleo.</p>



<p>&#8220;Todo se manejará desde la sede central de Buenos Aires&#8221;, explicó Lara González, delegada del Ente Nacional de Comunicaciones en La Rioja.</p>



<p>En ese sentido, señaló que &#8220;los usuarios perderán el derecho para reclamar y la posibilidad de una resolución más ágil de sus reclamos&#8221;.</p>



<p>La delegada indicó que en La Rioja son ocho los trabajadores que quedarán sin empleo y añadió que dos fueron designados para realizar el inventario definitivo y cerrar la delegación.</p>



<p>&#8220;Los trabajadores del Ente Nacional de Comunicaciones no somos ñoquis ni son cargos políticos&#8221;, aseguró.</p>



<p>Fuente: <a href="http://www.nuevarioja.com.ar" data-type="link" data-id="www.nuevarioja.com.ar" target="_blank" rel="noreferrer noopener">www.nuevarioja.com.ar</a> | La Rioja &#8211; La Rioja | 02.04.24</p>

<p>A raíz de la decisión del gobierno nacional de cerrar todas las delegaciones del Ente Nacional de Comunicaciones, ocho trabajadores de la delegación La Rioja del organismo se quedarán sin empleo. &#8220;Todo se manejará desde la sede central de Buenos Aires&#8221;, explicó Lara González, delegada del Ente Nacional de Comunicaciones en La Rioja. En ese &hellip; <a href="https://amplitudmodulada.com.ar/index.php/noticia12994/" class="more-link">Continuá leyendo <span class="screen-reader-text">Ocho trabajadores del Ente Nacional de Comunicaciones de La Rioja se quedarán sin empleo</span></a></p>
