{"id":1976,"date":"2024-05-12T19:24:58","date_gmt":"2024-05-12T22:24:58","guid":{"rendered":"https:\/\/amplitudmodulada.com.ar\/?page_id=1976"},"modified":"2024-05-12T19:33:50","modified_gmt":"2024-05-12T22:33:50","slug":"noticia13003","status":"publish","type":"page","link":"https:\/\/amplitudmodulada.com.ar\/index.php\/noticia13003\/","title":{"rendered":"Fallece Jos\u00e9 Salvador Di Giuseppe, hist\u00f3rico operador de LRA26 Radio Nacional Resistencia"},"content":{"rendered":"\n<figure class=\"wp-block-image size-full\"><img loading=\"lazy\" decoding=\"async\" width=\"108\" height=\"100\" src=\"http:\/\/amplitudmodulada.com.ar\/wp-content\/uploads\/2024\/05\/LRA26-e1715552782549.png\" alt=\"\" class=\"wp-image-1979\"\/><\/figure>\n\n\n\n<p>A los 87 a\u00f1os de edad, falleci\u00f3 este jueves Jos\u00e9 Salvador &#8220;Gringo&#8221; Di Giuseppe, hist\u00f3rico operador t\u00e9cnico de LRA26 Radio Nacional Resistencia.<\/p>\n\n\n\n<p>Ingres\u00f3 a la desaparecida LT5 Radio Chaco en 1953, cuando ten\u00eda 17 a\u00f1os y se jubil\u00f3 en LRA26 Radio Nacional Resistencia en 2001.<\/p>\n\n\n\n<p>Form\u00f3 parte de la \u00e9poca de oro de la entonces \u00fanica radio de la ciudad de Resistencia y trabaj\u00f3 con los mejores profesionales de la emisora.<\/p>\n\n\n\n<p>Durante su carrera form\u00f3 a varias generaciones de operadores, en tanto que su hijo Rub\u00e9n contin\u00faa con la misma profesi\u00f3n, quien se desempe\u00f1\u00f3 en LRH251 Radio Chaco y actualmente lo hace en Radio Nacional Resistencia.<\/p>\n\n\n\n<p>Fuente: <a href=\"http:\/\/www.radionacional.com.ar\" data-type=\"link\" data-id=\"www.radionacional.com.ar\" target=\"_blank\" rel=\"noreferrer noopener\">www.radionacional.com.ar<\/a> | Ciudad Aut\u00f3noma de Buenos Aires | 04.04.24<\/p>\n","protected":false},"excerpt":{"rendered":"<p>A los 87 a\u00f1os de edad, falleci\u00f3 este jueves Jos\u00e9 Salvador &#8220;Gringo&#8221; Di Giuseppe, hist\u00f3rico operador t\u00e9cnico de LRA26 Radio Nacional Resistencia. Ingres\u00f3 a la desaparecida LT5 Radio Chaco en 1953, cuando ten\u00eda 17 a\u00f1os y se jubil\u00f3 en LRA26 Radio Nacional Resistencia en 2001. Form\u00f3 parte de la \u00e9poca de oro de la entonces &hellip; <a href=\"https:\/\/amplitudmodulada.com.ar\/index.php\/noticia13003\/\" class=\"more-link\">Continu\u00e1 leyendo <span class=\"screen-reader-text\">Fallece Jos\u00e9 Salvador Di Giuseppe, hist\u00f3rico operador de LRA26 Radio Nacional Resistencia<\/span><\/a><\/p>\n","protected":false},"author":1,"featured_media":0,"parent":0,"menu_order":0,"comment_status":"closed","ping_status":"closed","template":"","meta":{"footnotes":""},"class_list":["post-1976","page","type-page","status-publish","hentry"],"_links":{"self":[{"href":"https:\/\/amplitudmodulada.com.ar\/index.php\/wp-json\/wp\/v2\/pages\/1976","targetHints":{"allow":["GET"]}}],"collection":[{"href":"https:\/\/amplitudmodulada.com.ar\/index.php\/wp-json\/wp\/v2\/pages"}],"about":[{"href":"https:\/\/amplitudmodulada.com.ar\/index.php\/wp-json\/wp\/v2\/types\/page"}],"author":[{"embeddable":true,"href":"https:\/\/amplitudmodulada.com.ar\/index.php\/wp-json\/wp\/v2\/users\/1"}],"replies":[{"embeddable":true,"href":"https:\/\/amplitudmodulada.com.ar\/index.php\/wp-json\/wp\/v2\/comments?post=1976"}],"version-history":[{"count":2,"href":"https:\/\/amplitudmodulada.com.ar\/index.php\/wp-json\/wp\/v2\/pages\/1976\/revisions"}],"predecessor-version":[{"id":1980,"href":"https:\/\/amplitudmodulada.com.ar\/index.php\/wp-json\/wp\/v2\/pages\/1976\/revisions\/1980"}],"wp:attachment":[{"href":"https:\/\/amplitudmodulada.com.ar\/index.php\/wp-json\/wp\/v2\/media?parent=1976"}],"curies":[{"name":"wp","href":"https:\/\/api.w.org\/{rel}","templated":true}]}}

Fallece José Salvador Di Giuseppe, histórico operador de LRA26 Radio Nacional Resistencia

<figure class="wp-block-image size-full"><img loading="lazy" decoding="async" width="108" height="100" src="http://amplitudmodulada.com.ar/wp-content/uploads/2024/05/LRA26-e1715552782549.png" alt="" class="wp-image-1979"/></figure>



<p>A los 87 años de edad, falleció este jueves José Salvador &#8220;Gringo&#8221; Di Giuseppe, histórico operador técnico de LRA26 Radio Nacional Resistencia.</p>



<p>Ingresó a la desaparecida LT5 Radio Chaco en 1953, cuando tenía 17 años y se jubiló en LRA26 Radio Nacional Resistencia en 2001.</p>



<p>Formó parte de la época de oro de la entonces única radio de la ciudad de Resistencia y trabajó con los mejores profesionales de la emisora.</p>



<p>Durante su carrera formó a varias generaciones de operadores, en tanto que su hijo Rubén continúa con la misma profesión, quien se desempeñó en LRH251 Radio Chaco y actualmente lo hace en Radio Nacional Resistencia.</p>



<p>Fuente: <a href="http://www.radionacional.com.ar" data-type="link" data-id="www.radionacional.com.ar" target="_blank" rel="noreferrer noopener">www.radionacional.com.ar</a> | Ciudad Autónoma de Buenos Aires | 04.04.24</p>

<p>A los 87 años de edad, falleció este jueves José Salvador &#8220;Gringo&#8221; Di Giuseppe, histórico operador técnico de LRA26 Radio Nacional Resistencia. Ingresó a la desaparecida LT5 Radio Chaco en 1953, cuando tenía 17 años y se jubiló en LRA26 Radio Nacional Resistencia en 2001. Formó parte de la época de oro de la entonces &hellip; <a href="https://amplitudmodulada.com.ar/index.php/noticia13003/" class="more-link">Continuá leyendo <span class="screen-reader-text">Fallece José Salvador Di Giuseppe, histórico operador de LRA26 Radio Nacional Resistencia</span></a></p>
