{"id":1998,"date":"2024-05-13T21:32:28","date_gmt":"2024-05-14T00:32:28","guid":{"rendered":"https:\/\/amplitudmodulada.com.ar\/?page_id=1998"},"modified":"2024-05-13T21:39:29","modified_gmt":"2024-05-14T00:39:29","slug":"noticia13006","status":"publish","type":"page","link":"https:\/\/amplitudmodulada.com.ar\/index.php\/noticia13006\/","title":{"rendered":"Jorge Lanata volvi\u00f3 a la conducci\u00f3n del programa &#8220;Lanata Sin Filtro&#8221;"},"content":{"rendered":"\n<figure class=\"wp-block-image size-large is-resized\"><img loading=\"lazy\" decoding=\"async\" width=\"1024\" height=\"532\" src=\"http:\/\/amplitudmodulada.com.ar\/wp-content\/uploads\/2024\/01\/790-1024x532.png\" alt=\"\" class=\"wp-image-268\" style=\"width:145px;height:auto\"\/><\/figure>\n\n\n\n<p>Tras permanecer cuatro d\u00edas internado en la Fundaci\u00f3n Favaloro, el periodista Jorge Lanata volvi\u00f3 este jueves a &#8220;Lanata Sin Filtro&#8221;, el programa que habitualmente conduce en LR6 Radio Mitre.<\/p>\n\n\n\n<p>El periodista hab\u00eda ingresado al centro de salud el pasado s\u00e1bado, tras algunas complicaciones en su estado de salud y una peque\u00f1a neumon\u00eda.<\/p>\n\n\n\n<p>La decisi\u00f3n de quedar internado en el nosocomio fue a instancias de su m\u00e9dico personal, quien le recomend\u00f3 acudir al sanatorio luego de que el periodista le manifestara dificultades para respirar.<\/p>\n\n\n\n<p>Finalmente, Jorge Lanata fue dado de alta este martes, luego de que los m\u00e9dicos habilitaran su salida de la cl\u00ednica.<\/p>\n\n\n\n<p>El programa &#8220;Lanata Sin Filtro&#8221; se emite de lunes a viernes de 10.00 a 13.00 horas.<\/p>\n\n\n\n<p>Fuente: <a href=\"http:\/\/www.clarin.com\" data-type=\"link\" data-id=\"www.clarin.com\" target=\"_blank\" rel=\"noreferrer noopener\">www.clarin.com<\/a> | Ciudad Aut\u00f3noma de Buenos Aires | 04.04.24<\/p>\n","protected":false},"excerpt":{"rendered":"<p>Tras permanecer cuatro d\u00edas internado en la Fundaci\u00f3n Favaloro, el periodista Jorge Lanata volvi\u00f3 este jueves a &#8220;Lanata Sin Filtro&#8221;, el programa que habitualmente conduce en LR6 Radio Mitre. El periodista hab\u00eda ingresado al centro de salud el pasado s\u00e1bado, tras algunas complicaciones en su estado de salud y una peque\u00f1a neumon\u00eda. La decisi\u00f3n de &hellip; <a href=\"https:\/\/amplitudmodulada.com.ar\/index.php\/noticia13006\/\" class=\"more-link\">Continu\u00e1 leyendo <span class=\"screen-reader-text\">Jorge Lanata volvi\u00f3 a la conducci\u00f3n del programa &#8220;Lanata Sin Filtro&#8221;<\/span><\/a><\/p>\n","protected":false},"author":1,"featured_media":0,"parent":0,"menu_order":0,"comment_status":"closed","ping_status":"closed","template":"","meta":{"footnotes":""},"class_list":["post-1998","page","type-page","status-publish","hentry"],"_links":{"self":[{"href":"https:\/\/amplitudmodulada.com.ar\/index.php\/wp-json\/wp\/v2\/pages\/1998","targetHints":{"allow":["GET"]}}],"collection":[{"href":"https:\/\/amplitudmodulada.com.ar\/index.php\/wp-json\/wp\/v2\/pages"}],"about":[{"href":"https:\/\/amplitudmodulada.com.ar\/index.php\/wp-json\/wp\/v2\/types\/page"}],"author":[{"embeddable":true,"href":"https:\/\/amplitudmodulada.com.ar\/index.php\/wp-json\/wp\/v2\/users\/1"}],"replies":[{"embeddable":true,"href":"https:\/\/amplitudmodulada.com.ar\/index.php\/wp-json\/wp\/v2\/comments?post=1998"}],"version-history":[{"count":2,"href":"https:\/\/amplitudmodulada.com.ar\/index.php\/wp-json\/wp\/v2\/pages\/1998\/revisions"}],"predecessor-version":[{"id":2001,"href":"https:\/\/amplitudmodulada.com.ar\/index.php\/wp-json\/wp\/v2\/pages\/1998\/revisions\/2001"}],"wp:attachment":[{"href":"https:\/\/amplitudmodulada.com.ar\/index.php\/wp-json\/wp\/v2\/media?parent=1998"}],"curies":[{"name":"wp","href":"https:\/\/api.w.org\/{rel}","templated":true}]}}

Jorge Lanata volvió a la conducción del programa &#8220;Lanata Sin Filtro&#8221;

<figure class="wp-block-image size-large is-resized"><img loading="lazy" decoding="async" width="1024" height="532" src="http://amplitudmodulada.com.ar/wp-content/uploads/2024/01/790-1024x532.png" alt="" class="wp-image-268" style="width:145px;height:auto"/></figure>



<p>Tras permanecer cuatro días internado en la Fundación Favaloro, el periodista Jorge Lanata volvió este jueves a &#8220;Lanata Sin Filtro&#8221;, el programa que habitualmente conduce en LR6 Radio Mitre.</p>



<p>El periodista había ingresado al centro de salud el pasado sábado, tras algunas complicaciones en su estado de salud y una pequeña neumonía.</p>



<p>La decisión de quedar internado en el nosocomio fue a instancias de su médico personal, quien le recomendó acudir al sanatorio luego de que el periodista le manifestara dificultades para respirar.</p>



<p>Finalmente, Jorge Lanata fue dado de alta este martes, luego de que los médicos habilitaran su salida de la clínica.</p>



<p>El programa &#8220;Lanata Sin Filtro&#8221; se emite de lunes a viernes de 10.00 a 13.00 horas.</p>



<p>Fuente: <a href="http://www.clarin.com" data-type="link" data-id="www.clarin.com" target="_blank" rel="noreferrer noopener">www.clarin.com</a> | Ciudad Autónoma de Buenos Aires | 04.04.24</p>

<p>Tras permanecer cuatro días internado en la Fundación Favaloro, el periodista Jorge Lanata volvió este jueves a &#8220;Lanata Sin Filtro&#8221;, el programa que habitualmente conduce en LR6 Radio Mitre. El periodista había ingresado al centro de salud el pasado sábado, tras algunas complicaciones en su estado de salud y una pequeña neumonía. La decisión de &hellip; <a href="https://amplitudmodulada.com.ar/index.php/noticia13006/" class="more-link">Continuá leyendo <span class="screen-reader-text">Jorge Lanata volvió a la conducción del programa &#8220;Lanata Sin Filtro&#8221;</span></a></p>
