{"id":2155,"date":"2024-06-01T19:01:24","date_gmt":"2024-06-01T22:01:24","guid":{"rendered":"https:\/\/amplitudmodulada.com.ar\/?page_id=2155"},"modified":"2024-06-01T19:08:49","modified_gmt":"2024-06-01T22:08:49","slug":"noticia13024","status":"publish","type":"page","link":"https:\/\/amplitudmodulada.com.ar\/index.php\/noticia13024\/","title":{"rendered":"LU5 Radio Neuqu\u00e9n cumpli\u00f3 setenta y nueve a\u00f1os en el aire"},"content":{"rendered":"\n<figure class=\"wp-block-image size-full\"><img loading=\"lazy\" decoding=\"async\" width=\"176\" height=\"70\" src=\"http:\/\/amplitudmodulada.com.ar\/wp-content\/uploads\/2024\/02\/LU5-e1708514001435.png\" alt=\"\" class=\"wp-image-975\"\/><\/figure>\n\n\n\n<p>LU5 Radio Neuqu\u00e9n cumpli\u00f3 este mi\u00e9rcoles setenta y nueve a\u00f1os en el aire y lo celebr\u00f3 en el estudio de transmisi\u00f3n con la presencia de todos los integrantes del medio.<\/p>\n\n\n\n<p>En ese marco, Juan Carlos Schroeder, director de Radio Neuqu\u00e9n, record\u00f3 con emoci\u00f3n sus primeros a\u00f1os al frente de la emisora y felicit\u00f3 a todos los integrantes de la radio por su labor diaria.<\/p>\n\n\n\n<p>Durante la emisi\u00f3n del programa &#8220;Todo Bien&#8221;, el directivo asegur\u00f3 que Radio Neuqu\u00e9n es &#8220;la radio m\u00e1s grande y m\u00e1s escuchada de la Patagonia, de Neuqu\u00e9n y de toda la regi\u00f3n&#8221;.<\/p>\n\n\n\n<p>&#8220;No lo digo por marketing, sino porque se siente y lo siente cada uno cuando se sube a un taxi, cuando va al trabajo y cuando vuelve&#8221;, afirm\u00f3 y a\u00f1adi\u00f3 que &#8220;es un orgullo haber participado todos estos a\u00f1os con la ayuda de un gran equipo y manteniendo la vigencia de la primera radio de la Patagonia&#8221;.<\/p>\n\n\n\n<p>Fuente: <a href=\"http:\/\/www.lmneuquen.com\" data-type=\"link\" data-id=\"www.lmneuquen.com\" target=\"_blank\" rel=\"noreferrer noopener\">www.lmneuquen.com<\/a> | Neuqu\u00e9n &#8211; Neuqu\u00e9n | 10.04.24<\/p>\n","protected":false},"excerpt":{"rendered":"<p>LU5 Radio Neuqu\u00e9n cumpli\u00f3 este mi\u00e9rcoles setenta y nueve a\u00f1os en el aire y lo celebr\u00f3 en el estudio de transmisi\u00f3n con la presencia de todos los integrantes del medio. En ese marco, Juan Carlos Schroeder, director de Radio Neuqu\u00e9n, record\u00f3 con emoci\u00f3n sus primeros a\u00f1os al frente de la emisora y felicit\u00f3 a todos &hellip; <a href=\"https:\/\/amplitudmodulada.com.ar\/index.php\/noticia13024\/\" class=\"more-link\">Continu\u00e1 leyendo <span class=\"screen-reader-text\">LU5 Radio Neuqu\u00e9n cumpli\u00f3 setenta y nueve a\u00f1os en el aire<\/span><\/a><\/p>\n","protected":false},"author":1,"featured_media":0,"parent":0,"menu_order":0,"comment_status":"closed","ping_status":"closed","template":"","meta":{"footnotes":""},"class_list":["post-2155","page","type-page","status-publish","hentry"],"_links":{"self":[{"href":"https:\/\/amplitudmodulada.com.ar\/index.php\/wp-json\/wp\/v2\/pages\/2155","targetHints":{"allow":["GET"]}}],"collection":[{"href":"https:\/\/amplitudmodulada.com.ar\/index.php\/wp-json\/wp\/v2\/pages"}],"about":[{"href":"https:\/\/amplitudmodulada.com.ar\/index.php\/wp-json\/wp\/v2\/types\/page"}],"author":[{"embeddable":true,"href":"https:\/\/amplitudmodulada.com.ar\/index.php\/wp-json\/wp\/v2\/users\/1"}],"replies":[{"embeddable":true,"href":"https:\/\/amplitudmodulada.com.ar\/index.php\/wp-json\/wp\/v2\/comments?post=2155"}],"version-history":[{"count":2,"href":"https:\/\/amplitudmodulada.com.ar\/index.php\/wp-json\/wp\/v2\/pages\/2155\/revisions"}],"predecessor-version":[{"id":2158,"href":"https:\/\/amplitudmodulada.com.ar\/index.php\/wp-json\/wp\/v2\/pages\/2155\/revisions\/2158"}],"wp:attachment":[{"href":"https:\/\/amplitudmodulada.com.ar\/index.php\/wp-json\/wp\/v2\/media?parent=2155"}],"curies":[{"name":"wp","href":"https:\/\/api.w.org\/{rel}","templated":true}]}}