{"id":2274,"date":"2024-06-20T20:17:47","date_gmt":"2024-06-20T23:17:47","guid":{"rendered":"https:\/\/amplitudmodulada.com.ar\/?page_id=2274"},"modified":"2024-06-20T20:28:52","modified_gmt":"2024-06-20T23:28:52","slug":"noticia13042","status":"publish","type":"page","link":"https:\/\/amplitudmodulada.com.ar\/index.php\/noticia13042\/","title":{"rendered":"Jorge Lanata y Marcelo Longobardi volvieron a encontrarse en vivo"},"content":{"rendered":"\n<figure class=\"wp-block-image size-large is-resized\"><img loading=\"lazy\" decoding=\"async\" width=\"1024\" height=\"532\" src=\"http:\/\/amplitudmodulada.com.ar\/wp-content\/uploads\/2024\/01\/790-1024x532.png\" alt=\"\" class=\"wp-image-268\" style=\"width:139px;height:auto\"\/><\/figure>\n\n\n\n<p>Tras distanciarse en agosto en 2021, luego de un tenso momento en LR6 Radio Mitre, los periodistas Jorge Lanata y Marcelo Longobardi volvieron a encontrarse en vivo este mi\u00e9rcoles.<\/p>\n\n\n\n<p>El reencuentro se concret\u00f3 durante una entrevista que Marcelo Longobardi le realiz\u00f3 a Jorge Lanata en LS5 Radio Rivadavia.<\/p>\n\n\n\n<p>La entrevista se llev\u00f3 a cabo tras las acusaciones del presidente Javier Milei a Jorge Lanata, a quien llam\u00f3 &#8220;mentiroso&#8221; y lo acus\u00f3 de recibir &#8220;sobres&#8221;.<\/p>\n\n\n\n<p>En ese marco, el conductor del programa &#8220;Lanata Sin Filtro&#8221; anunci\u00f3 que le iniciar\u00e1 una demanda al primer mandatario.<\/p>\n\n\n\n<p>&#8220;No mi interesa el juicio ni la reparaci\u00f3n, si el presidente se retractara yo no har\u00eda nada, pero no lo veo en su car\u00e1cter&#8221;, expres\u00f3 Jorge Lanata en el programa &#8220;Esta Ma\u00f1ana&#8221;, que conduce Marcelo Longobardi en Radio Rivadavia.<\/p>\n\n\n\n<p>Si bien ninguno de los periodistas mencionaron la pelea en el aire de Radio Mitre, cuando compart\u00edan espacio radial y protagonizaban un pase todas las ma\u00f1anas, ambos marcaron la necesidad de que el periodismo &#8220;se una&#8221; para ponerle un punto a este tipo de actitudes.<\/p>\n\n\n\n<p>&#8220;Reci\u00e9n pasaron cuatro meses de gobierno, imaginate en dos a\u00f1os. Hay que ponerle un punto y no esperar m\u00e1s&#8221;, se\u00f1al\u00f3 Jorge Lanata.<\/p>\n\n\n\n<p>Fuente: <a href=\"http:\/\/www.lanacion.com.ar\" data-type=\"link\" data-id=\"www.lanacion.com.ar\" target=\"_blank\" rel=\"noreferrer noopener\">www.lanacion.com.ar<\/a> | Ciudad Aut\u00f3noma de Buenos Aires | 17.04.24<\/p>\n","protected":false},"excerpt":{"rendered":"<p>Tras distanciarse en agosto en 2021, luego de un tenso momento en LR6 Radio Mitre, los periodistas Jorge Lanata y Marcelo Longobardi volvieron a encontrarse en vivo este mi\u00e9rcoles. El reencuentro se concret\u00f3 durante una entrevista que Marcelo Longobardi le realiz\u00f3 a Jorge Lanata en LS5 Radio Rivadavia. La entrevista se llev\u00f3 a cabo tras &hellip; <a href=\"https:\/\/amplitudmodulada.com.ar\/index.php\/noticia13042\/\" class=\"more-link\">Continu\u00e1 leyendo <span class=\"screen-reader-text\">Jorge Lanata y Marcelo Longobardi volvieron a encontrarse en vivo<\/span><\/a><\/p>\n","protected":false},"author":1,"featured_media":0,"parent":0,"menu_order":0,"comment_status":"closed","ping_status":"closed","template":"","meta":{"footnotes":""},"class_list":["post-2274","page","type-page","status-publish","hentry"],"_links":{"self":[{"href":"https:\/\/amplitudmodulada.com.ar\/index.php\/wp-json\/wp\/v2\/pages\/2274","targetHints":{"allow":["GET"]}}],"collection":[{"href":"https:\/\/amplitudmodulada.com.ar\/index.php\/wp-json\/wp\/v2\/pages"}],"about":[{"href":"https:\/\/amplitudmodulada.com.ar\/index.php\/wp-json\/wp\/v2\/types\/page"}],"author":[{"embeddable":true,"href":"https:\/\/amplitudmodulada.com.ar\/index.php\/wp-json\/wp\/v2\/users\/1"}],"replies":[{"embeddable":true,"href":"https:\/\/amplitudmodulada.com.ar\/index.php\/wp-json\/wp\/v2\/comments?post=2274"}],"version-history":[{"count":2,"href":"https:\/\/amplitudmodulada.com.ar\/index.php\/wp-json\/wp\/v2\/pages\/2274\/revisions"}],"predecessor-version":[{"id":2277,"href":"https:\/\/amplitudmodulada.com.ar\/index.php\/wp-json\/wp\/v2\/pages\/2274\/revisions\/2277"}],"wp:attachment":[{"href":"https:\/\/amplitudmodulada.com.ar\/index.php\/wp-json\/wp\/v2\/media?parent=2274"}],"curies":[{"name":"wp","href":"https:\/\/api.w.org\/{rel}","templated":true}]}}