{"id":233,"date":"2024-01-13T17:33:23","date_gmt":"2024-01-13T20:33:23","guid":{"rendered":"https:\/\/amplitudmodulada.com.ar\/?page_id=233"},"modified":"2024-01-13T17:41:40","modified_gmt":"2024-01-13T20:41:40","slug":"noticia12818","status":"publish","type":"page","link":"https:\/\/amplitudmodulada.com.ar\/index.php\/noticia12818\/","title":{"rendered":"Fallece la locutora y periodista de LU10 Radio Azul Mirta Torchio"},"content":{"rendered":"\n<figure class=\"wp-block-image size-full\"><img loading=\"lazy\" decoding=\"async\" width=\"145\" height=\"76\" src=\"http:\/\/amplitudmodulada.com.ar\/wp-content\/uploads\/2024\/01\/LU10-e1705178078688.jpg\" alt=\"\" class=\"wp-image-235\"\/><\/figure>\n\n\n\n<p>A los 77 a\u00f1os de edad, falleci\u00f3 este domingo 7 de enero la destacada locutora y periodista de LU10 Radio Azul Mirta Torchio.<\/p>\n\n\n\n<p>La profesional hab\u00eda sufrido hace pocos meses un accidente cerebro vascular del que no logr\u00f3 recuperarse.<\/p>\n\n\n\n<p>La periodista y locutora inici\u00f3 su carrera profesional en junio de 1978 a trav\u00e9s de los micr\u00f3fonos de Radio Azul en el Departamento Informativo de esa emisora, labor que desarroll\u00f3 de manera ininterrumpida hasta 2013.<\/p>\n\n\n\n<p>Durante ese lapso realiz\u00f3, adem\u00e1s, la tarea de conducci\u00f3n de diversos ciclos radiales en Radio Azul, como el magazine matutino &#8220;El Abanico&#8221; a inicios de la d\u00e9cada del 90 y el tradicional espacio de informaci\u00f3n rural &#8220;Campo y Progreso&#8221;.<\/p>\n\n\n\n<p>Fuente: <a href=\"http:\/\/www.lu10radioazul.com\" data-type=\"link\" data-id=\"www.lu10radioazul.com\" target=\"_blank\" rel=\"noreferrer noopener\">www.lu10radioazul.com<\/a> | Azul &#8211; Buenos Aires | 08.01.24<\/p>\n","protected":false},"excerpt":{"rendered":"<p>A los 77 a\u00f1os de edad, falleci\u00f3 este domingo 7 de enero la destacada locutora y periodista de LU10 Radio Azul Mirta Torchio. La profesional hab\u00eda sufrido hace pocos meses un accidente cerebro vascular del que no logr\u00f3 recuperarse. La periodista y locutora inici\u00f3 su carrera profesional en junio de 1978 a trav\u00e9s de los &hellip; <a href=\"https:\/\/amplitudmodulada.com.ar\/index.php\/noticia12818\/\" class=\"more-link\">Continu\u00e1 leyendo <span class=\"screen-reader-text\">Fallece la locutora y periodista de LU10 Radio Azul Mirta Torchio<\/span><\/a><\/p>\n","protected":false},"author":1,"featured_media":0,"parent":0,"menu_order":0,"comment_status":"closed","ping_status":"closed","template":"","meta":{"footnotes":""},"class_list":["post-233","page","type-page","status-publish","hentry"],"_links":{"self":[{"href":"https:\/\/amplitudmodulada.com.ar\/index.php\/wp-json\/wp\/v2\/pages\/233","targetHints":{"allow":["GET"]}}],"collection":[{"href":"https:\/\/amplitudmodulada.com.ar\/index.php\/wp-json\/wp\/v2\/pages"}],"about":[{"href":"https:\/\/amplitudmodulada.com.ar\/index.php\/wp-json\/wp\/v2\/types\/page"}],"author":[{"embeddable":true,"href":"https:\/\/amplitudmodulada.com.ar\/index.php\/wp-json\/wp\/v2\/users\/1"}],"replies":[{"embeddable":true,"href":"https:\/\/amplitudmodulada.com.ar\/index.php\/wp-json\/wp\/v2\/comments?post=233"}],"version-history":[{"count":2,"href":"https:\/\/amplitudmodulada.com.ar\/index.php\/wp-json\/wp\/v2\/pages\/233\/revisions"}],"predecessor-version":[{"id":238,"href":"https:\/\/amplitudmodulada.com.ar\/index.php\/wp-json\/wp\/v2\/pages\/233\/revisions\/238"}],"wp:attachment":[{"href":"https:\/\/amplitudmodulada.com.ar\/index.php\/wp-json\/wp\/v2\/media?parent=233"}],"curies":[{"name":"wp","href":"https:\/\/api.w.org\/{rel}","templated":true}]}}

<figure class="wp-block-image size-full"><img loading="lazy" decoding="async" width="145" height="76" src="http://amplitudmodulada.com.ar/wp-content/uploads/2024/01/LU10-e1705178078688.jpg" alt="" class="wp-image-235"/></figure>



<p>A los 77 años de edad, falleció este domingo 7 de enero la destacada locutora y periodista de LU10 Radio Azul Mirta Torchio.</p>



<p>La profesional había sufrido hace pocos meses un accidente cerebro vascular del que no logró recuperarse.</p>



<p>La periodista y locutora inició su carrera profesional en junio de 1978 a través de los micrófonos de Radio Azul en el Departamento Informativo de esa emisora, labor que desarrolló de manera ininterrumpida hasta 2013.</p>



<p>Durante ese lapso realizó, además, la tarea de conducción de diversos ciclos radiales en Radio Azul, como el magazine matutino &#8220;El Abanico&#8221; a inicios de la década del 90 y el tradicional espacio de información rural &#8220;Campo y Progreso&#8221;.</p>



<p>Fuente: <a href="http://www.lu10radioazul.com" data-type="link" data-id="www.lu10radioazul.com" target="_blank" rel="noreferrer noopener">www.lu10radioazul.com</a> | Azul &#8211; Buenos Aires | 08.01.24</p>

<p>A los 77 años de edad, falleció este domingo 7 de enero la destacada locutora y periodista de LU10 Radio Azul Mirta Torchio. La profesional había sufrido hace pocos meses un accidente cerebro vascular del que no logró recuperarse. La periodista y locutora inició su carrera profesional en junio de 1978 a través de los &hellip; <a href="https://amplitudmodulada.com.ar/index.php/noticia12818/" class="more-link">Continuá leyendo <span class="screen-reader-text">Fallece la locutora y periodista de LU10 Radio Azul Mirta Torchio</span></a></p>
