{"id":2426,"date":"2024-07-06T18:05:41","date_gmt":"2024-07-06T21:05:41","guid":{"rendered":"https:\/\/amplitudmodulada.com.ar\/?page_id=2426"},"modified":"2024-07-06T18:11:50","modified_gmt":"2024-07-06T21:11:50","slug":"noticia13059","status":"publish","type":"page","link":"https:\/\/amplitudmodulada.com.ar\/index.php\/noticia13059\/","title":{"rendered":"Decomisan los equipos de FM Pueblo de La Rioja"},"content":{"rendered":"\n<figure class=\"wp-block-image size-full\"><img loading=\"lazy\" decoding=\"async\" width=\"120\" height=\"110\" src=\"http:\/\/amplitudmodulada.com.ar\/wp-content\/uploads\/2024\/07\/fmpueblo-e1720299972449.png\" alt=\"\" class=\"wp-image-2428\"\/><\/figure>\n\n\n\n<p>El Ente Nacional de Comunicaciones decomis\u00f3 los equipos de la emisora de Frecuencia Modulada Pueblo, que sale al aire desde la Ciudad de La Rioja.<\/p>\n\n\n\n<p>Carlos Laciar, director de la emisora, explic\u00f3 que el origen del procedimiento se debe &#8220;a una intimaci\u00f3n del organismo nacional en el a\u00f1o 2016 porque estaban interfiriendo los equipos de comunicaci\u00f3n del aeropuerto de La Rioja&#8221;.<\/p>\n\n\n\n<p>&#8220;Hicimos las correcciones correspondientes y fuimos habilitados para transmitir. En 2018 nos volvieron a intimar por cuestiones t\u00e9cnicas y hace un mes y medio cambiamos de frecuencia. Nos llama la atenci\u00f3n este accionar desde Buenos Aires&#8221;, se\u00f1al\u00f3 el directivo.<\/p>\n\n\n\n<p>En ese sentido, asegur\u00f3 que &#8220;la radio seguir\u00e1 al aire y se mantendr\u00e1n las fuentes laborales en la emisora&#8221;.<\/p>\n\n\n\n<p>Fuente: <a href=\"http:\/\/www.radionacional.com.ar\" data-type=\"link\" data-id=\"www.radionacional.com.ar\" target=\"_blank\" rel=\"noreferrer noopener\">www.radionacional.com.ar<\/a> | Ciudad Aut\u00f3noma de Buenos Aires | 25.04.24<\/p>\n","protected":false},"excerpt":{"rendered":"<p>El Ente Nacional de Comunicaciones decomis\u00f3 los equipos de la emisora de Frecuencia Modulada Pueblo, que sale al aire desde la Ciudad de La Rioja. Carlos Laciar, director de la emisora, explic\u00f3 que el origen del procedimiento se debe &#8220;a una intimaci\u00f3n del organismo nacional en el a\u00f1o 2016 porque estaban interfiriendo los equipos de &hellip; <a href=\"https:\/\/amplitudmodulada.com.ar\/index.php\/noticia13059\/\" class=\"more-link\">Continu\u00e1 leyendo <span class=\"screen-reader-text\">Decomisan los equipos de FM Pueblo de La Rioja<\/span><\/a><\/p>\n","protected":false},"author":1,"featured_media":0,"parent":0,"menu_order":0,"comment_status":"closed","ping_status":"closed","template":"","meta":{"footnotes":""},"class_list":["post-2426","page","type-page","status-publish","hentry"],"_links":{"self":[{"href":"https:\/\/amplitudmodulada.com.ar\/index.php\/wp-json\/wp\/v2\/pages\/2426","targetHints":{"allow":["GET"]}}],"collection":[{"href":"https:\/\/amplitudmodulada.com.ar\/index.php\/wp-json\/wp\/v2\/pages"}],"about":[{"href":"https:\/\/amplitudmodulada.com.ar\/index.php\/wp-json\/wp\/v2\/types\/page"}],"author":[{"embeddable":true,"href":"https:\/\/amplitudmodulada.com.ar\/index.php\/wp-json\/wp\/v2\/users\/1"}],"replies":[{"embeddable":true,"href":"https:\/\/amplitudmodulada.com.ar\/index.php\/wp-json\/wp\/v2\/comments?post=2426"}],"version-history":[{"count":2,"href":"https:\/\/amplitudmodulada.com.ar\/index.php\/wp-json\/wp\/v2\/pages\/2426\/revisions"}],"predecessor-version":[{"id":2430,"href":"https:\/\/amplitudmodulada.com.ar\/index.php\/wp-json\/wp\/v2\/pages\/2426\/revisions\/2430"}],"wp:attachment":[{"href":"https:\/\/amplitudmodulada.com.ar\/index.php\/wp-json\/wp\/v2\/media?parent=2426"}],"curies":[{"name":"wp","href":"https:\/\/api.w.org\/{rel}","templated":true}]}}

<figure class="wp-block-image size-full"><img loading="lazy" decoding="async" width="120" height="110" src="http://amplitudmodulada.com.ar/wp-content/uploads/2024/07/fmpueblo-e1720299972449.png" alt="" class="wp-image-2428"/></figure>



<p>El Ente Nacional de Comunicaciones decomisó los equipos de la emisora de Frecuencia Modulada Pueblo, que sale al aire desde la Ciudad de La Rioja.</p>



<p>Carlos Laciar, director de la emisora, explicó que el origen del procedimiento se debe &#8220;a una intimación del organismo nacional en el año 2016 porque estaban interfiriendo los equipos de comunicación del aeropuerto de La Rioja&#8221;.</p>



<p>&#8220;Hicimos las correcciones correspondientes y fuimos habilitados para transmitir. En 2018 nos volvieron a intimar por cuestiones técnicas y hace un mes y medio cambiamos de frecuencia. Nos llama la atención este accionar desde Buenos Aires&#8221;, señaló el directivo.</p>



<p>En ese sentido, aseguró que &#8220;la radio seguirá al aire y se mantendrán las fuentes laborales en la emisora&#8221;.</p>



<p>Fuente: <a href="http://www.radionacional.com.ar" data-type="link" data-id="www.radionacional.com.ar" target="_blank" rel="noreferrer noopener">www.radionacional.com.ar</a> | Ciudad Autónoma de Buenos Aires | 25.04.24</p>

<p>El Ente Nacional de Comunicaciones decomisó los equipos de la emisora de Frecuencia Modulada Pueblo, que sale al aire desde la Ciudad de La Rioja. Carlos Laciar, director de la emisora, explicó que el origen del procedimiento se debe &#8220;a una intimación del organismo nacional en el año 2016 porque estaban interfiriendo los equipos de &hellip; <a href="https://amplitudmodulada.com.ar/index.php/noticia13059/" class="more-link">Continuá leyendo <span class="screen-reader-text">Decomisan los equipos de FM Pueblo de La Rioja</span></a></p>
