{"id":250,"date":"2024-01-13T19:03:38","date_gmt":"2024-01-13T22:03:38","guid":{"rendered":"https:\/\/amplitudmodulada.com.ar\/?page_id=250"},"modified":"2024-01-13T19:13:25","modified_gmt":"2024-01-13T22:13:25","slug":"noticia12820","status":"publish","type":"page","link":"https:\/\/amplitudmodulada.com.ar\/index.php\/noticia12820\/","title":{"rendered":"Trabajadores de Radio Nacional realizan este lunes una asamblea y una marcha"},"content":{"rendered":"\n<figure class=\"wp-block-image size-full is-resized\"><img loading=\"lazy\" decoding=\"async\" width=\"167\" height=\"60\" src=\"http:\/\/amplitudmodulada.com.ar\/wp-content\/uploads\/2024\/01\/atrana-e1705183439836.png\" alt=\"\" class=\"wp-image-252\" style=\"width:167px;height:auto\"\/><\/figure>\n\n\n\n<p>Los gremios que nuclean a los trabajadores de Radio Nacional realizan este lunes una asamblea y una marcha luego de conocerse que alrededor de quinientos contratos de esa emisora no fueron renovados.<\/p>\n\n\n\n<p>En ese marco, la Asociaci\u00f3n de Trabajadores de Radio Nacional y el Sindicato de Prensa de Buenos Aires informaron que pidieron explicaciones al presidente provisorio de Radio y Televisi\u00f3n Argentina, Javier Monte, a quien le ratificaron el reclamo de continuidad de todos los trabajadores de la emisora.<\/p>\n\n\n\n<p>Los gremios ratificaron, adem\u00e1s, el car\u00e1cter federal de Radio Nacional y el valor de su personal al afirmar que &#8220;los trabajadores garantizamos la soberan\u00eda informativa en cada rinc\u00f3n de la Argentina y defendemos que en cada una de las radios se emitan contenidos locales&#8221;.<\/p>\n\n\n\n<p>En ese marco, a\u00f1adieron que los contenidos de Radio Nacional &#8220;son producidos en buena parte por quienes sufren la precarizaci\u00f3n laboral desde hace a\u00f1os, con salarios que en muchos casos no alcanzan o apenas superan los cien mil pesos&#8221;.<\/p>\n\n\n\n<p>Fuente: <a href=\"http:\/\/www.gestionsindical.com\" data-type=\"link\" data-id=\"www.gestionsindical.com\" target=\"_blank\" rel=\"noreferrer noopener\">www.gestionsindical.com<\/a> | Ciudad Aut\u00f3noma de Buenos Aires | 08.01.24<\/p>\n","protected":false},"excerpt":{"rendered":"<p>Los gremios que nuclean a los trabajadores de Radio Nacional realizan este lunes una asamblea y una marcha luego de conocerse que alrededor de quinientos contratos de esa emisora no fueron renovados. En ese marco, la Asociaci\u00f3n de Trabajadores de Radio Nacional y el Sindicato de Prensa de Buenos Aires informaron que pidieron explicaciones al &hellip; <a href=\"https:\/\/amplitudmodulada.com.ar\/index.php\/noticia12820\/\" class=\"more-link\">Continu\u00e1 leyendo <span class=\"screen-reader-text\">Trabajadores de Radio Nacional realizan este lunes una asamblea y una marcha<\/span><\/a><\/p>\n","protected":false},"author":1,"featured_media":0,"parent":0,"menu_order":0,"comment_status":"closed","ping_status":"closed","template":"","meta":{"footnotes":""},"class_list":["post-250","page","type-page","status-publish","hentry"],"_links":{"self":[{"href":"https:\/\/amplitudmodulada.com.ar\/index.php\/wp-json\/wp\/v2\/pages\/250","targetHints":{"allow":["GET"]}}],"collection":[{"href":"https:\/\/amplitudmodulada.com.ar\/index.php\/wp-json\/wp\/v2\/pages"}],"about":[{"href":"https:\/\/amplitudmodulada.com.ar\/index.php\/wp-json\/wp\/v2\/types\/page"}],"author":[{"embeddable":true,"href":"https:\/\/amplitudmodulada.com.ar\/index.php\/wp-json\/wp\/v2\/users\/1"}],"replies":[{"embeddable":true,"href":"https:\/\/amplitudmodulada.com.ar\/index.php\/wp-json\/wp\/v2\/comments?post=250"}],"version-history":[{"count":3,"href":"https:\/\/amplitudmodulada.com.ar\/index.php\/wp-json\/wp\/v2\/pages\/250\/revisions"}],"predecessor-version":[{"id":255,"href":"https:\/\/amplitudmodulada.com.ar\/index.php\/wp-json\/wp\/v2\/pages\/250\/revisions\/255"}],"wp:attachment":[{"href":"https:\/\/amplitudmodulada.com.ar\/index.php\/wp-json\/wp\/v2\/media?parent=250"}],"curies":[{"name":"wp","href":"https:\/\/api.w.org\/{rel}","templated":true}]}}

<figure class="wp-block-image size-full is-resized"><img loading="lazy" decoding="async" width="167" height="60" src="http://amplitudmodulada.com.ar/wp-content/uploads/2024/01/atrana-e1705183439836.png" alt="" class="wp-image-252" style="width:167px;height:auto"/></figure>



<p>Los gremios que nuclean a los trabajadores de Radio Nacional realizan este lunes una asamblea y una marcha luego de conocerse que alrededor de quinientos contratos de esa emisora no fueron renovados.</p>



<p>En ese marco, la Asociación de Trabajadores de Radio Nacional y el Sindicato de Prensa de Buenos Aires informaron que pidieron explicaciones al presidente provisorio de Radio y Televisión Argentina, Javier Monte, a quien le ratificaron el reclamo de continuidad de todos los trabajadores de la emisora.</p>



<p>Los gremios ratificaron, además, el carácter federal de Radio Nacional y el valor de su personal al afirmar que &#8220;los trabajadores garantizamos la soberanía informativa en cada rincón de la Argentina y defendemos que en cada una de las radios se emitan contenidos locales&#8221;.</p>



<p>En ese marco, añadieron que los contenidos de Radio Nacional &#8220;son producidos en buena parte por quienes sufren la precarización laboral desde hace años, con salarios que en muchos casos no alcanzan o apenas superan los cien mil pesos&#8221;.</p>



<p>Fuente: <a href="http://www.gestionsindical.com" data-type="link" data-id="www.gestionsindical.com" target="_blank" rel="noreferrer noopener">www.gestionsindical.com</a> | Ciudad Autónoma de Buenos Aires | 08.01.24</p>

<p>Los gremios que nuclean a los trabajadores de Radio Nacional realizan este lunes una asamblea y una marcha luego de conocerse que alrededor de quinientos contratos de esa emisora no fueron renovados. En ese marco, la Asociación de Trabajadores de Radio Nacional y el Sindicato de Prensa de Buenos Aires informaron que pidieron explicaciones al &hellip; <a href="https://amplitudmodulada.com.ar/index.php/noticia12820/" class="more-link">Continuá leyendo <span class="screen-reader-text">Trabajadores de Radio Nacional realizan este lunes una asamblea y una marcha</span></a></p>
