{"id":2521,"date":"2024-07-07T20:35:21","date_gmt":"2024-07-07T23:35:21","guid":{"rendered":"https:\/\/amplitudmodulada.com.ar\/?page_id=2521"},"modified":"2024-07-07T20:38:02","modified_gmt":"2024-07-07T23:38:02","slug":"radio0088","status":"publish","type":"page","link":"https:\/\/amplitudmodulada.com.ar\/index.php\/radio0088\/","title":{"rendered":"880 Khz. | AM 880 Sierra Colorada"},"content":{"rendered":"\n<figure class=\"wp-block-image size-full\"><img loading=\"lazy\" decoding=\"async\" width=\"60\" height=\"60\" src=\"http:\/\/amplitudmodulada.com.ar\/wp-content\/uploads\/2024\/07\/0088-e1720395340737.jpg\" alt=\"\" class=\"wp-image-2523\"\/><\/figure>\n\n\n\n<figure class=\"wp-block-table\"><table><tbody><tr><td><img loading=\"lazy\" decoding=\"async\" width=\"20\" height=\"16\" class=\"wp-image-362\" style=\"width: 20px;\" src=\"http:\/\/amplitudmodulada.com.ar\/wp-content\/uploads\/2024\/01\/punto-e1705531001629.png\" alt=\"\"> Mart\u00edn Alberdi e Hip\u00f3lito Yrigoyen<\/td><\/tr><tr><td><img loading=\"lazy\" decoding=\"async\" width=\"20\" height=\"16\" class=\"wp-image-362\" style=\"width: 20px;\" src=\"http:\/\/amplitudmodulada.com.ar\/wp-content\/uploads\/2024\/01\/punto-e1705531001629.png\" alt=\"\"> Sierra Colorada \u2013 R\u00edo Negro<\/td><\/tr><tr><td><img loading=\"lazy\" decoding=\"async\" width=\"20\" height=\"16\" class=\"wp-image-362\" style=\"width: 20px;\" src=\"http:\/\/amplitudmodulada.com.ar\/wp-content\/uploads\/2024\/01\/punto-e1705531001629.png\" alt=\"\"> (0298) 460-2122<\/td><\/tr><tr><td><img loading=\"lazy\" decoding=\"async\" width=\"20\" height=\"16\" class=\"wp-image-362\" style=\"width: 20px;\" src=\"http:\/\/amplitudmodulada.com.ar\/wp-content\/uploads\/2024\/01\/punto-e1705531001629.png\" alt=\"\"> <a href=\"http:\/\/www.diario10.com.ar\" data-type=\"link\" data-id=\"www.diario10.com.ar\" target=\"_blank\" rel=\"noreferrer noopener\">www.diario10.com.ar<\/a><\/td><\/tr><tr><td><img loading=\"lazy\" decoding=\"async\" width=\"20\" height=\"16\" class=\"wp-image-362\" style=\"width: 20px;\" src=\"http:\/\/amplitudmodulada.com.ar\/wp-content\/uploads\/2024\/01\/punto-e1705531001629.png\" alt=\"\"> Emisora operada por Radio y Televisi\u00f3n R\u00edo Negro Sociedad del Estado<\/td><\/tr><\/tbody><\/table><\/figure>\n","protected":false},"excerpt":{"rendered":"<p>Mart\u00edn Alberdi e Hip\u00f3lito Yrigoyen Sierra Colorada \u2013 R\u00edo Negro (0298) 460-2122 www.diario10.com.ar Emisora operada por Radio y Televisi\u00f3n R\u00edo Negro Sociedad del Estado<\/p>\n","protected":false},"author":1,"featured_media":0,"parent":0,"menu_order":0,"comment_status":"closed","ping_status":"closed","template":"","meta":{"footnotes":""},"class_list":["post-2521","page","type-page","status-publish","hentry"],"_links":{"self":[{"href":"https:\/\/amplitudmodulada.com.ar\/index.php\/wp-json\/wp\/v2\/pages\/2521","targetHints":{"allow":["GET"]}}],"collection":[{"href":"https:\/\/amplitudmodulada.com.ar\/index.php\/wp-json\/wp\/v2\/pages"}],"about":[{"href":"https:\/\/amplitudmodulada.com.ar\/index.php\/wp-json\/wp\/v2\/types\/page"}],"author":[{"embeddable":true,"href":"https:\/\/amplitudmodulada.com.ar\/index.php\/wp-json\/wp\/v2\/users\/1"}],"replies":[{"embeddable":true,"href":"https:\/\/amplitudmodulada.com.ar\/index.php\/wp-json\/wp\/v2\/comments?post=2521"}],"version-history":[{"count":2,"href":"https:\/\/amplitudmodulada.com.ar\/index.php\/wp-json\/wp\/v2\/pages\/2521\/revisions"}],"predecessor-version":[{"id":2525,"href":"https:\/\/amplitudmodulada.com.ar\/index.php\/wp-json\/wp\/v2\/pages\/2521\/revisions\/2525"}],"wp:attachment":[{"href":"https:\/\/amplitudmodulada.com.ar\/index.php\/wp-json\/wp\/v2\/media?parent=2521"}],"curies":[{"name":"wp","href":"https:\/\/api.w.org\/{rel}","templated":true}]}}