{"id":2664,"date":"2024-07-22T13:44:44","date_gmt":"2024-07-22T16:44:44","guid":{"rendered":"https:\/\/amplitudmodulada.com.ar\/?page_id=2664"},"modified":"2024-07-22T16:57:27","modified_gmt":"2024-07-22T19:57:27","slug":"noticia13083","status":"publish","type":"page","link":"https:\/\/amplitudmodulada.com.ar\/index.php\/noticia13083\/","title":{"rendered":"Piden a los senadores de Entre R\u00edos que no voten la privatizaci\u00f3n de los medios p\u00fablicos"},"content":{"rendered":"\n<figure class=\"wp-block-image size-full\"><img loading=\"lazy\" decoding=\"async\" width=\"153\" height=\"100\" src=\"http:\/\/amplitudmodulada.com.ar\/wp-content\/uploads\/2024\/03\/LT11-e1711215099430.png\" alt=\"\" class=\"wp-image-1380\"\/><\/figure>\n\n\n\n<p>Trabajadores de LT11 Radio Nacional General Francisco Ram\u00edrez y LT14 Radio Nacional General Urquiza rubricaron un documento en el que se insta a los senadores que representan a la provincia de Entre R\u00edos a no votar el proyecto que establece la privatizaci\u00f3n de los medios p\u00fablicos.<\/p>\n\n\n\n<p>En una carta abierta dirigida a los tres senadores por la provincia de Entre R\u00edos se hace notar que en el Anexo I del Cap\u00edtulo II de la Reforma del Estado se &#8220;declara sujeta a privatizaci\u00f3n&#8221; a Radio y Televisi\u00f3n Argentina Sociedad del Estado, que incluye a las cuarenta y nueve emisoras de Radio Nacional, entre ellas las tres ubicadas en Entre R\u00edos y que emplean a alrededor de cien personas.<\/p>\n\n\n\n<p>&#8220;Son emisoras de profundo arraigo en sus regiones y comunidades y en la que trabajan y de la que dependen del sustento diario miles de familias&#8221;, se record\u00f3 en el texto, que tambi\u00e9n cont\u00f3 con la adhesi\u00f3n de los trabajadores de LRA42 Radio Nacional Gualeguaych\u00fa.<\/p>\n\n\n\n<p>La carta abierta a\u00f1ade que los senadores &#8220;deben saber que de votar a favor de estos cap\u00edtulos ser\u00e1n responsables directos de los despidos masivos que sufran los trabajadores de Radio y Televisi\u00f3n Argentina de todo el pa\u00eds y de la desaparici\u00f3n de los medios p\u00fablicos que son garant\u00eda de pluralidad de voces y la libertad de expresi\u00f3n&#8221;.<\/p>\n\n\n\n<p>Fuente: <a href=\"http:\/\/www.paginapolitica.com\" data-type=\"link\" data-id=\"www.paginapolitica.com\" target=\"_blank\" rel=\"noreferrer noopener\">www.paginapolitica.com<\/a> | Paran\u00e1 &#8211; Entre R\u00edos | 07.05.24<\/p>\n","protected":false},"excerpt":{"rendered":"<p>Trabajadores de LT11 Radio Nacional General Francisco Ram\u00edrez y LT14 Radio Nacional General Urquiza rubricaron un documento en el que se insta a los senadores que representan a la provincia de Entre R\u00edos a no votar el proyecto que establece la privatizaci\u00f3n de los medios p\u00fablicos. En una carta abierta dirigida a los tres senadores &hellip; <a href=\"https:\/\/amplitudmodulada.com.ar\/index.php\/noticia13083\/\" class=\"more-link\">Continu\u00e1 leyendo <span class=\"screen-reader-text\">Piden a los senadores de Entre R\u00edos que no voten la privatizaci\u00f3n de los medios p\u00fablicos<\/span><\/a><\/p>\n","protected":false},"author":1,"featured_media":0,"parent":0,"menu_order":0,"comment_status":"closed","ping_status":"closed","template":"","meta":{"footnotes":""},"class_list":["post-2664","page","type-page","status-publish","hentry"],"_links":{"self":[{"href":"https:\/\/amplitudmodulada.com.ar\/index.php\/wp-json\/wp\/v2\/pages\/2664","targetHints":{"allow":["GET"]}}],"collection":[{"href":"https:\/\/amplitudmodulada.com.ar\/index.php\/wp-json\/wp\/v2\/pages"}],"about":[{"href":"https:\/\/amplitudmodulada.com.ar\/index.php\/wp-json\/wp\/v2\/types\/page"}],"author":[{"embeddable":true,"href":"https:\/\/amplitudmodulada.com.ar\/index.php\/wp-json\/wp\/v2\/users\/1"}],"replies":[{"embeddable":true,"href":"https:\/\/amplitudmodulada.com.ar\/index.php\/wp-json\/wp\/v2\/comments?post=2664"}],"version-history":[{"count":7,"href":"https:\/\/amplitudmodulada.com.ar\/index.php\/wp-json\/wp\/v2\/pages\/2664\/revisions"}],"predecessor-version":[{"id":2676,"href":"https:\/\/amplitudmodulada.com.ar\/index.php\/wp-json\/wp\/v2\/pages\/2664\/revisions\/2676"}],"wp:attachment":[{"href":"https:\/\/amplitudmodulada.com.ar\/index.php\/wp-json\/wp\/v2\/media?parent=2664"}],"curies":[{"name":"wp","href":"https:\/\/api.w.org\/{rel}","templated":true}]}}

Piden a los senadores de Entre Ríos que no voten la privatización de los medios públicos

<figure class="wp-block-image size-full"><img loading="lazy" decoding="async" width="153" height="100" src="http://amplitudmodulada.com.ar/wp-content/uploads/2024/03/LT11-e1711215099430.png" alt="" class="wp-image-1380"/></figure>



<p>Trabajadores de LT11 Radio Nacional General Francisco Ramírez y LT14 Radio Nacional General Urquiza rubricaron un documento en el que se insta a los senadores que representan a la provincia de Entre Ríos a no votar el proyecto que establece la privatización de los medios públicos.</p>



<p>En una carta abierta dirigida a los tres senadores por la provincia de Entre Ríos se hace notar que en el Anexo I del Capítulo II de la Reforma del Estado se &#8220;declara sujeta a privatización&#8221; a Radio y Televisión Argentina Sociedad del Estado, que incluye a las cuarenta y nueve emisoras de Radio Nacional, entre ellas las tres ubicadas en Entre Ríos y que emplean a alrededor de cien personas.</p>



<p>&#8220;Son emisoras de profundo arraigo en sus regiones y comunidades y en la que trabajan y de la que dependen del sustento diario miles de familias&#8221;, se recordó en el texto, que también contó con la adhesión de los trabajadores de LRA42 Radio Nacional Gualeguaychú.</p>



<p>La carta abierta añade que los senadores &#8220;deben saber que de votar a favor de estos capítulos serán responsables directos de los despidos masivos que sufran los trabajadores de Radio y Televisión Argentina de todo el país y de la desaparición de los medios públicos que son garantía de pluralidad de voces y la libertad de expresión&#8221;.</p>



<p>Fuente: <a href="http://www.paginapolitica.com" data-type="link" data-id="www.paginapolitica.com" target="_blank" rel="noreferrer noopener">www.paginapolitica.com</a> | Paraná &#8211; Entre Ríos | 07.05.24</p>

<p>Trabajadores de LT11 Radio Nacional General Francisco Ramírez y LT14 Radio Nacional General Urquiza rubricaron un documento en el que se insta a los senadores que representan a la provincia de Entre Ríos a no votar el proyecto que establece la privatización de los medios públicos. En una carta abierta dirigida a los tres senadores &hellip; <a href="https://amplitudmodulada.com.ar/index.php/noticia13083/" class="more-link">Continuá leyendo <span class="screen-reader-text">Piden a los senadores de Entre Ríos que no voten la privatización de los medios públicos</span></a></p>
