{"id":2718,"date":"2024-07-24T16:16:07","date_gmt":"2024-07-24T19:16:07","guid":{"rendered":"https:\/\/amplitudmodulada.com.ar\/?page_id=2718"},"modified":"2024-07-24T16:27:07","modified_gmt":"2024-07-24T19:27:07","slug":"noticia13090","status":"publish","type":"page","link":"https:\/\/amplitudmodulada.com.ar\/index.php\/noticia13090\/","title":{"rendered":"Juntan firmas en defensa de LU4 Radio Nacional Patagonia"},"content":{"rendered":"\n<figure class=\"wp-block-image size-full\"><img loading=\"lazy\" decoding=\"async\" width=\"117\" height=\"100\" src=\"http:\/\/amplitudmodulada.com.ar\/wp-content\/uploads\/2024\/06\/LU4-e1717265918236.png\" alt=\"\" class=\"wp-image-2130\"\/><\/figure>\n\n\n\n<p>Trabajadores de LU4 Radio Nacional Patagonia de Comodoro Rivadavia iniciaron este jueves una recolecci\u00f3n de firmas en defensa de la emisora y por el derecho a la informaci\u00f3n.<\/p>\n\n\n\n<p>&#8220;Tomamos la decisi\u00f3n de llevar adelante una juntada de firmas, apost\u00e1ndonos en el lugar de trabajo, frente a la radio. Las firmas ser\u00e1n entregadas a los senadores, que son los responsables de votar la ley&#8221;, explic\u00f3 Leonardo Henr\u00edquez, delegado de la Asociaci\u00f3n de Trabajadores de Radio Nacional (ATRANA).<\/p>\n\n\n\n<p>Respecto a la situaci\u00f3n que se vive en la actualidad en la emisora, afirm\u00f3 que &#8220;seguimos yendo a trabajar, decidimos trabajar el d\u00eda a d\u00eda&#8221; y a\u00f1adi\u00f3 que &#8220;estamos esperando que Radio y Televisi\u00f3n Argentina y el gobierno nacional decidan lo que van a implementar en las radios de las provincias&#8221;.<\/p>\n\n\n\n<p>En ese marco, indic\u00f3 que en la provincia de Chubut tambi\u00e9n podr\u00edan ser afectadas LRA9 Radio Nacional Esquel, LRA11 Radio Nacional Comodoro Rivadavia, LRA55 Radio Nacional Alto R\u00edo Senguer y LRA58 Radio Nacional R\u00edo Mayo.<\/p>\n\n\n\n<p>&#8220;Seguimos peleando para que no se privatice, para que no se cierren las radios nacionales, para poder seguir con las tareas actuales&#8221;, expres\u00f3.<\/p>\n\n\n\n<p>Fuente: <a href=\"http:\/\/www.diariocronica.com.ar\" data-type=\"link\" data-id=\"www.diariocronica.com.ar\" target=\"_blank\" rel=\"noreferrer noopener\">www.diariocronica.com.ar<\/a> | C\u00f3modoro Rivadavia &#8211; Chubut | 10.05.24<\/p>\n","protected":false},"excerpt":{"rendered":"<p>Trabajadores de LU4 Radio Nacional Patagonia de Comodoro Rivadavia iniciaron este jueves una recolecci\u00f3n de firmas en defensa de la emisora y por el derecho a la informaci\u00f3n. &#8220;Tomamos la decisi\u00f3n de llevar adelante una juntada de firmas, apost\u00e1ndonos en el lugar de trabajo, frente a la radio. Las firmas ser\u00e1n entregadas a los senadores, &hellip; <a href=\"https:\/\/amplitudmodulada.com.ar\/index.php\/noticia13090\/\" class=\"more-link\">Continu\u00e1 leyendo <span class=\"screen-reader-text\">Juntan firmas en defensa de LU4 Radio Nacional Patagonia<\/span><\/a><\/p>\n","protected":false},"author":1,"featured_media":0,"parent":0,"menu_order":0,"comment_status":"closed","ping_status":"closed","template":"","meta":{"footnotes":""},"class_list":["post-2718","page","type-page","status-publish","hentry"],"_links":{"self":[{"href":"https:\/\/amplitudmodulada.com.ar\/index.php\/wp-json\/wp\/v2\/pages\/2718","targetHints":{"allow":["GET"]}}],"collection":[{"href":"https:\/\/amplitudmodulada.com.ar\/index.php\/wp-json\/wp\/v2\/pages"}],"about":[{"href":"https:\/\/amplitudmodulada.com.ar\/index.php\/wp-json\/wp\/v2\/types\/page"}],"author":[{"embeddable":true,"href":"https:\/\/amplitudmodulada.com.ar\/index.php\/wp-json\/wp\/v2\/users\/1"}],"replies":[{"embeddable":true,"href":"https:\/\/amplitudmodulada.com.ar\/index.php\/wp-json\/wp\/v2\/comments?post=2718"}],"version-history":[{"count":3,"href":"https:\/\/amplitudmodulada.com.ar\/index.php\/wp-json\/wp\/v2\/pages\/2718\/revisions"}],"predecessor-version":[{"id":2723,"href":"https:\/\/amplitudmodulada.com.ar\/index.php\/wp-json\/wp\/v2\/pages\/2718\/revisions\/2723"}],"wp:attachment":[{"href":"https:\/\/amplitudmodulada.com.ar\/index.php\/wp-json\/wp\/v2\/media?parent=2718"}],"curies":[{"name":"wp","href":"https:\/\/api.w.org\/{rel}","templated":true}]}}

<figure class="wp-block-image size-full"><img loading="lazy" decoding="async" width="117" height="100" src="http://amplitudmodulada.com.ar/wp-content/uploads/2024/06/LU4-e1717265918236.png" alt="" class="wp-image-2130"/></figure>



<p>Trabajadores de LU4 Radio Nacional Patagonia de Comodoro Rivadavia iniciaron este jueves una recolección de firmas en defensa de la emisora y por el derecho a la información.</p>



<p>&#8220;Tomamos la decisión de llevar adelante una juntada de firmas, apostándonos en el lugar de trabajo, frente a la radio. Las firmas serán entregadas a los senadores, que son los responsables de votar la ley&#8221;, explicó Leonardo Henríquez, delegado de la Asociación de Trabajadores de Radio Nacional (ATRANA).</p>



<p>Respecto a la situación que se vive en la actualidad en la emisora, afirmó que &#8220;seguimos yendo a trabajar, decidimos trabajar el día a día&#8221; y añadió que &#8220;estamos esperando que Radio y Televisión Argentina y el gobierno nacional decidan lo que van a implementar en las radios de las provincias&#8221;.</p>



<p>En ese marco, indicó que en la provincia de Chubut también podrían ser afectadas LRA9 Radio Nacional Esquel, LRA11 Radio Nacional Comodoro Rivadavia, LRA55 Radio Nacional Alto Río Senguer y LRA58 Radio Nacional Río Mayo.</p>



<p>&#8220;Seguimos peleando para que no se privatice, para que no se cierren las radios nacionales, para poder seguir con las tareas actuales&#8221;, expresó.</p>



<p>Fuente: <a href="http://www.diariocronica.com.ar" data-type="link" data-id="www.diariocronica.com.ar" target="_blank" rel="noreferrer noopener">www.diariocronica.com.ar</a> | Cómodoro Rivadavia &#8211; Chubut | 10.05.24</p>

<p>Trabajadores de LU4 Radio Nacional Patagonia de Comodoro Rivadavia iniciaron este jueves una recolección de firmas en defensa de la emisora y por el derecho a la información. &#8220;Tomamos la decisión de llevar adelante una juntada de firmas, apostándonos en el lugar de trabajo, frente a la radio. Las firmas serán entregadas a los senadores, &hellip; <a href="https://amplitudmodulada.com.ar/index.php/noticia13090/" class="more-link">Continuá leyendo <span class="screen-reader-text">Juntan firmas en defensa de LU4 Radio Nacional Patagonia</span></a></p>
