{"id":3516,"date":"2024-08-29T13:11:06","date_gmt":"2024-08-29T16:11:06","guid":{"rendered":"https:\/\/amplitudmodulada.com.ar\/?page_id=3516"},"modified":"2024-08-29T13:11:24","modified_gmt":"2024-08-29T16:11:24","slug":"noticia13168","status":"publish","type":"page","link":"https:\/\/amplitudmodulada.com.ar\/index.php\/noticia13168\/","title":{"rendered":"Incendian m\u00f3vil de Cadena 3 durante la movilizaci\u00f3n frente al Congreso"},"content":{"rendered":"\n<figure class=\"wp-block-image size-full\"><img loading=\"lazy\" decoding=\"async\" width=\"169\" height=\"55\" src=\"http:\/\/amplitudmodulada.com.ar\/wp-content\/uploads\/2024\/02\/cadena3-e1709142729643.png\" alt=\"\" class=\"wp-image-1072\"\/><\/figure>\n\n\n\n<p>Desconocidos incendiaron este mi\u00e9rcoles a la tarde el m\u00f3vil de Cadena 3 en la Ciudad de Buenos Aires, durante la movilizaci\u00f3n frente al Congreso para rechazar la Ley Bases.<\/p>\n\n\n\n<p>El cronista de la emisora, Orlando Morales, relat\u00f3 que cuando estaba por subir al auto, lo golpearon y sin ocupantes adentro lo dieron vuelta y lo incendiaron.<\/p>\n\n\n\n<p>&#8220;Me sacaron de un brazo, me tiraron al suelo, lo dieron vuelta y lo quemaron&#8221;, relat\u00f3.<\/p>\n\n\n\n<p>Tras el episodio, el periodista de Cadena 3 fue asistido por personal del SAME, que constat\u00f3 que se encontraba en buen estado de salud.<\/p>\n\n\n\n<p>&#8220;No puede haber gente tan malvada. Hay que hablar, dialogar. No quiero un pa\u00eds as\u00ed para mis hijos y los hijos de los argentinos. Que sea un pa\u00eds libre, donde se piense lo que se piense, pero con respeto&#8221;, se\u00f1al\u00f3 el periodista.<\/p>\n\n\n\n<p>Fuente: <a href=\"http:\/\/www.cadena3.com\" data-type=\"link\" data-id=\"www.cadena3.com\" target=\"_blank\" rel=\"noreferrer noopener\">www.cadena3.com<\/a> | C\u00f3rdoba &#8211; C\u00f3rdoba | 12.06.24<\/p>\n","protected":false},"excerpt":{"rendered":"<p>Desconocidos incendiaron este mi\u00e9rcoles a la tarde el m\u00f3vil de Cadena 3 en la Ciudad de Buenos Aires, durante la movilizaci\u00f3n frente al Congreso para rechazar la Ley Bases. El cronista de la emisora, Orlando Morales, relat\u00f3 que cuando estaba por subir al auto, lo golpearon y sin ocupantes adentro lo dieron vuelta y lo &hellip; <a href=\"https:\/\/amplitudmodulada.com.ar\/index.php\/noticia13168\/\" class=\"more-link\">Continu\u00e1 leyendo <span class=\"screen-reader-text\">Incendian m\u00f3vil de Cadena 3 durante la movilizaci\u00f3n frente al Congreso<\/span><\/a><\/p>\n","protected":false},"author":1,"featured_media":0,"parent":0,"menu_order":0,"comment_status":"closed","ping_status":"closed","template":"","meta":{"footnotes":""},"class_list":["post-3516","page","type-page","status-publish","hentry"],"_links":{"self":[{"href":"https:\/\/amplitudmodulada.com.ar\/index.php\/wp-json\/wp\/v2\/pages\/3516","targetHints":{"allow":["GET"]}}],"collection":[{"href":"https:\/\/amplitudmodulada.com.ar\/index.php\/wp-json\/wp\/v2\/pages"}],"about":[{"href":"https:\/\/amplitudmodulada.com.ar\/index.php\/wp-json\/wp\/v2\/types\/page"}],"author":[{"embeddable":true,"href":"https:\/\/amplitudmodulada.com.ar\/index.php\/wp-json\/wp\/v2\/users\/1"}],"replies":[{"embeddable":true,"href":"https:\/\/amplitudmodulada.com.ar\/index.php\/wp-json\/wp\/v2\/comments?post=3516"}],"version-history":[{"count":1,"href":"https:\/\/amplitudmodulada.com.ar\/index.php\/wp-json\/wp\/v2\/pages\/3516\/revisions"}],"predecessor-version":[{"id":3517,"href":"https:\/\/amplitudmodulada.com.ar\/index.php\/wp-json\/wp\/v2\/pages\/3516\/revisions\/3517"}],"wp:attachment":[{"href":"https:\/\/amplitudmodulada.com.ar\/index.php\/wp-json\/wp\/v2\/media?parent=3516"}],"curies":[{"name":"wp","href":"https:\/\/api.w.org\/{rel}","templated":true}]}}

Incendian móvil de Cadena 3 durante la movilización frente al Congreso

<figure class="wp-block-image size-full"><img loading="lazy" decoding="async" width="169" height="55" src="http://amplitudmodulada.com.ar/wp-content/uploads/2024/02/cadena3-e1709142729643.png" alt="" class="wp-image-1072"/></figure>



<p>Desconocidos incendiaron este miércoles a la tarde el móvil de Cadena 3 en la Ciudad de Buenos Aires, durante la movilización frente al Congreso para rechazar la Ley Bases.</p>



<p>El cronista de la emisora, Orlando Morales, relató que cuando estaba por subir al auto, lo golpearon y sin ocupantes adentro lo dieron vuelta y lo incendiaron.</p>



<p>&#8220;Me sacaron de un brazo, me tiraron al suelo, lo dieron vuelta y lo quemaron&#8221;, relató.</p>



<p>Tras el episodio, el periodista de Cadena 3 fue asistido por personal del SAME, que constató que se encontraba en buen estado de salud.</p>



<p>&#8220;No puede haber gente tan malvada. Hay que hablar, dialogar. No quiero un país así para mis hijos y los hijos de los argentinos. Que sea un país libre, donde se piense lo que se piense, pero con respeto&#8221;, señaló el periodista.</p>



<p>Fuente: <a href="http://www.cadena3.com" data-type="link" data-id="www.cadena3.com" target="_blank" rel="noreferrer noopener">www.cadena3.com</a> | Córdoba &#8211; Córdoba | 12.06.24</p>

<p>Desconocidos incendiaron este miércoles a la tarde el móvil de Cadena 3 en la Ciudad de Buenos Aires, durante la movilización frente al Congreso para rechazar la Ley Bases. El cronista de la emisora, Orlando Morales, relató que cuando estaba por subir al auto, lo golpearon y sin ocupantes adentro lo dieron vuelta y lo &hellip; <a href="https://amplitudmodulada.com.ar/index.php/noticia13168/" class="more-link">Continuá leyendo <span class="screen-reader-text">Incendian móvil de Cadena 3 durante la movilización frente al Congreso</span></a></p>
