{"id":3622,"date":"2024-09-01T10:24:12","date_gmt":"2024-09-01T13:24:12","guid":{"rendered":"https:\/\/amplitudmodulada.com.ar\/?page_id=3622"},"modified":"2024-09-01T10:29:07","modified_gmt":"2024-09-01T13:29:07","slug":"radio0137","status":"publish","type":"page","link":"https:\/\/amplitudmodulada.com.ar\/index.php\/radio0137\/","title":{"rendered":"1150 Khz. | LRA2 Radio Nacional Viedma"},"content":{"rendered":"\n<figure class=\"wp-block-image size-full\"><img loading=\"lazy\" decoding=\"async\" width=\"70\" height=\"60\" src=\"http:\/\/amplitudmodulada.com.ar\/wp-content\/uploads\/2024\/09\/0137-e1725197084855.png\" alt=\"\" class=\"wp-image-3624\"\/><\/figure>\n\n\n\n<figure class=\"wp-block-table\"><table><tbody><tr><td><img loading=\"lazy\" decoding=\"async\" width=\"20\" height=\"16\" class=\"wp-image-362\" style=\"width: 20px;\" src=\"http:\/\/amplitudmodulada.com.ar\/wp-content\/uploads\/2024\/01\/punto-e1705531001629.png\" alt=\"\"> Belgrano 710<\/td><\/tr><tr><td><img loading=\"lazy\" decoding=\"async\" width=\"20\" height=\"16\" class=\"wp-image-362\" style=\"width: 20px;\" src=\"http:\/\/amplitudmodulada.com.ar\/wp-content\/uploads\/2024\/01\/punto-e1705531001629.png\" alt=\"\"> (R8500FAP) \u2013 Viedma \u2013 R\u00edo Negro<\/td><\/tr><tr><td><img loading=\"lazy\" decoding=\"async\" width=\"20\" height=\"16\" class=\"wp-image-362\" style=\"width: 20px;\" src=\"http:\/\/amplitudmodulada.com.ar\/wp-content\/uploads\/2024\/01\/punto-e1705531001629.png\" alt=\"\"> (02920) 70-0111<\/td><\/tr><tr><td><img loading=\"lazy\" decoding=\"async\" width=\"20\" height=\"16\" class=\"wp-image-362\" style=\"width: 20px;\" src=\"http:\/\/amplitudmodulada.com.ar\/wp-content\/uploads\/2024\/01\/punto-e1705531001629.png\" alt=\"\"> <a href=\"http:\/\/www.radionacional.com.ar\" data-type=\"link\" data-id=\"www.radionacional.com.ar\" target=\"_blank\" rel=\"noreferrer noopener\">www.radionacional.com.ar<\/a><\/td><\/tr><tr><td><img loading=\"lazy\" decoding=\"async\" width=\"20\" height=\"16\" class=\"wp-image-362\" style=\"width: 20px;\" src=\"http:\/\/amplitudmodulada.com.ar\/wp-content\/uploads\/2024\/01\/punto-e1705531001629.png\" alt=\"\"> Comenz\u00f3 a emitir el 14 de diciembre de 1987<\/td><\/tr><tr><td><img loading=\"lazy\" decoding=\"async\" width=\"20\" height=\"16\" class=\"wp-image-362\" style=\"width: 20px;\" src=\"http:\/\/amplitudmodulada.com.ar\/wp-content\/uploads\/2024\/01\/punto-e1705531001629.png\" alt=\"\"> Emisora operada por Radio y Televisi\u00f3n Argentina Sociedad del Estado<\/td><\/tr><\/tbody><\/table><\/figure>\n","protected":false},"excerpt":{"rendered":"<p>Belgrano 710 (R8500FAP) \u2013 Viedma \u2013 R\u00edo Negro (02920) 70-0111 www.radionacional.com.ar Comenz\u00f3 a emitir el 14 de diciembre de 1987 Emisora operada por Radio y Televisi\u00f3n Argentina Sociedad del Estado<\/p>\n","protected":false},"author":1,"featured_media":0,"parent":0,"menu_order":0,"comment_status":"closed","ping_status":"closed","template":"","meta":{"footnotes":""},"class_list":["post-3622","page","type-page","status-publish","hentry"],"_links":{"self":[{"href":"https:\/\/amplitudmodulada.com.ar\/index.php\/wp-json\/wp\/v2\/pages\/3622","targetHints":{"allow":["GET"]}}],"collection":[{"href":"https:\/\/amplitudmodulada.com.ar\/index.php\/wp-json\/wp\/v2\/pages"}],"about":[{"href":"https:\/\/amplitudmodulada.com.ar\/index.php\/wp-json\/wp\/v2\/types\/page"}],"author":[{"embeddable":true,"href":"https:\/\/amplitudmodulada.com.ar\/index.php\/wp-json\/wp\/v2\/users\/1"}],"replies":[{"embeddable":true,"href":"https:\/\/amplitudmodulada.com.ar\/index.php\/wp-json\/wp\/v2\/comments?post=3622"}],"version-history":[{"count":2,"href":"https:\/\/amplitudmodulada.com.ar\/index.php\/wp-json\/wp\/v2\/pages\/3622\/revisions"}],"predecessor-version":[{"id":3626,"href":"https:\/\/amplitudmodulada.com.ar\/index.php\/wp-json\/wp\/v2\/pages\/3622\/revisions\/3626"}],"wp:attachment":[{"href":"https:\/\/amplitudmodulada.com.ar\/index.php\/wp-json\/wp\/v2\/media?parent=3622"}],"curies":[{"name":"wp","href":"https:\/\/api.w.org\/{rel}","templated":true}]}}