{"id":3916,"date":"2024-09-23T12:05:51","date_gmt":"2024-09-23T15:05:51","guid":{"rendered":"https:\/\/amplitudmodulada.com.ar\/?page_id=3916"},"modified":"2024-09-23T12:13:12","modified_gmt":"2024-09-23T15:13:12","slug":"noticia13208","status":"publish","type":"page","link":"https:\/\/amplitudmodulada.com.ar\/index.php\/noticia13208\/","title":{"rendered":"Cadena 3 estren\u00f3 un documental por los cincuenta a\u00f1os de la muerte de Per\u00f3n"},"content":{"rendered":"\n<figure class=\"wp-block-image size-full\"><img loading=\"lazy\" decoding=\"async\" width=\"169\" height=\"55\" src=\"http:\/\/amplitudmodulada.com.ar\/wp-content\/uploads\/2024\/02\/cadena3-e1709142729643.png\" alt=\"\" class=\"wp-image-1072\"\/><\/figure>\n\n\n\n<p>En el d\u00eda en el que se cumplieron cincuenta a\u00f1os de la muerte de Juan Domingo Per\u00f3n, Cadena 3 estren\u00f3 este lunes el documental &#8220;Antesala del Infierno&#8221;, un repaso hist\u00f3rico de aquellos a\u00f1os violentos y que precedieron al per\u00edodo m\u00e1s funesto de nuestro pa\u00eds, la dictadura militar.<\/p>\n\n\n\n<p>El documental consta de dos cap\u00edtulos, que se emitir\u00e1n este lunes y ma\u00f1ana martes en el programa &#8220;Ahora Pa\u00eds&#8221;, y una versi\u00f3n multimedia que se exhibe en todas las plataformas digitales de Cadena 3.<\/p>\n\n\n\n<p>&#8220;Antesala del Infierno&#8221; cuenta con entrevistas a prestigiosos especialistas, historiadores, antrop\u00f3logos, periodistas y dirigentes pol\u00edticos.<\/p>\n\n\n\n<p>Fuente: <a href=\"http:\/\/www.cadena3.com\" data-type=\"link\" data-id=\"www.cadena3.com\" target=\"_blank\" rel=\"noreferrer noopener\">www.cadena3.com<\/a> | C\u00f3rdoba &#8211; C\u00f3rdoba | 01.07.24<\/p>\n","protected":false},"excerpt":{"rendered":"<p>En el d\u00eda en el que se cumplieron cincuenta a\u00f1os de la muerte de Juan Domingo Per\u00f3n, Cadena 3 estren\u00f3 este lunes el documental &#8220;Antesala del Infierno&#8221;, un repaso hist\u00f3rico de aquellos a\u00f1os violentos y que precedieron al per\u00edodo m\u00e1s funesto de nuestro pa\u00eds, la dictadura militar. El documental consta de dos cap\u00edtulos, que se &hellip; <a href=\"https:\/\/amplitudmodulada.com.ar\/index.php\/noticia13208\/\" class=\"more-link\">Continu\u00e1 leyendo <span class=\"screen-reader-text\">Cadena 3 estren\u00f3 un documental por los cincuenta a\u00f1os de la muerte de Per\u00f3n<\/span><\/a><\/p>\n","protected":false},"author":1,"featured_media":0,"parent":0,"menu_order":0,"comment_status":"closed","ping_status":"closed","template":"","meta":{"footnotes":""},"class_list":["post-3916","page","type-page","status-publish","hentry"],"_links":{"self":[{"href":"https:\/\/amplitudmodulada.com.ar\/index.php\/wp-json\/wp\/v2\/pages\/3916","targetHints":{"allow":["GET"]}}],"collection":[{"href":"https:\/\/amplitudmodulada.com.ar\/index.php\/wp-json\/wp\/v2\/pages"}],"about":[{"href":"https:\/\/amplitudmodulada.com.ar\/index.php\/wp-json\/wp\/v2\/types\/page"}],"author":[{"embeddable":true,"href":"https:\/\/amplitudmodulada.com.ar\/index.php\/wp-json\/wp\/v2\/users\/1"}],"replies":[{"embeddable":true,"href":"https:\/\/amplitudmodulada.com.ar\/index.php\/wp-json\/wp\/v2\/comments?post=3916"}],"version-history":[{"count":3,"href":"https:\/\/amplitudmodulada.com.ar\/index.php\/wp-json\/wp\/v2\/pages\/3916\/revisions"}],"predecessor-version":[{"id":3920,"href":"https:\/\/amplitudmodulada.com.ar\/index.php\/wp-json\/wp\/v2\/pages\/3916\/revisions\/3920"}],"wp:attachment":[{"href":"https:\/\/amplitudmodulada.com.ar\/index.php\/wp-json\/wp\/v2\/media?parent=3916"}],"curies":[{"name":"wp","href":"https:\/\/api.w.org\/{rel}","templated":true}]}}