{"id":4366,"date":"2024-10-16T20:31:30","date_gmt":"2024-10-16T23:31:30","guid":{"rendered":"https:\/\/amplitudmodulada.com.ar\/?page_id=4366"},"modified":"2024-10-16T20:46:27","modified_gmt":"2024-10-16T23:46:27","slug":"noticia13267","status":"publish","type":"page","link":"https:\/\/amplitudmodulada.com.ar\/index.php\/noticia13267\/","title":{"rendered":"Javier Milei comparti\u00f3 comentarios despectivos en X contra Marcelo Longobardi"},"content":{"rendered":"\n<figure class=\"wp-block-image size-full\"><img loading=\"lazy\" decoding=\"async\" width=\"174\" height=\"60\" src=\"http:\/\/amplitudmodulada.com.ar\/wp-content\/uploads\/2024\/01\/630-e1704586384620.png\" alt=\"\" class=\"wp-image-115\"\/><\/figure>\n\n\n\n<p>El presidente Javier Milei volvi\u00f3 a generar pol\u00e9mica este fin de semana al compartir en su cuenta de X comentarios despectivos contra el periodista Marcelo Longobardi.<\/p>\n\n\n\n<p>Como en otras oportunidades, el primer mandatario no escribi\u00f3 los mensajes ofensivos pero si los comparti\u00f3 en su cuenta de X, mostrando su acuerdo con los mismos.<\/p>\n\n\n\n<p>Uno de estos mensajes proviene del usuario conocido como Gordo Dan, cuyo nombre real es Daniel Parisini, en el que descalifica al periodista de LS5 Radio Rivadavia y lo acusa de emitir &#8220;la peor opini\u00f3n que has escuchado en tu vida&#8221;.<\/p>\n\n\n\n<p>Otro de los mensajes compartidos por Javier Milei sosten\u00eda que &#8220;no hay opini\u00f3n que no la pifie de manera descomunal este chanta&#8221;, acompa\u00f1ado de una entrevista a Marcelo Longobardi.<\/p>\n\n\n\n<p>El periodista conduce en Radio Rivadavia el programa &#8220;Cada Ma\u00f1ana&#8221;, que se emite de lunes a viernes de 6.00 a 10.00 horas.<\/p>\n\n\n\n<p>Fuente: <a href=\"http:\/\/www.noticiasargentinas.com\" data-type=\"link\" data-id=\"www.noticiasargentinas.com\" target=\"_blank\" rel=\"noreferrer noopener\">www.noticiasargentinas.com<\/a> | Ciudad Aut\u00f3noma de Buenos Aires | 22.07.24 <\/p>\n","protected":false},"excerpt":{"rendered":"<p>El presidente Javier Milei volvi\u00f3 a generar pol\u00e9mica este fin de semana al compartir en su cuenta de X comentarios despectivos contra el periodista Marcelo Longobardi. Como en otras oportunidades, el primer mandatario no escribi\u00f3 los mensajes ofensivos pero si los comparti\u00f3 en su cuenta de X, mostrando su acuerdo con los mismos. Uno de &hellip; <a href=\"https:\/\/amplitudmodulada.com.ar\/index.php\/noticia13267\/\" class=\"more-link\">Continu\u00e1 leyendo <span class=\"screen-reader-text\">Javier Milei comparti\u00f3 comentarios despectivos en X contra Marcelo Longobardi<\/span><\/a><\/p>\n","protected":false},"author":1,"featured_media":0,"parent":0,"menu_order":0,"comment_status":"closed","ping_status":"closed","template":"","meta":{"footnotes":""},"class_list":["post-4366","page","type-page","status-publish","hentry"],"_links":{"self":[{"href":"https:\/\/amplitudmodulada.com.ar\/index.php\/wp-json\/wp\/v2\/pages\/4366","targetHints":{"allow":["GET"]}}],"collection":[{"href":"https:\/\/amplitudmodulada.com.ar\/index.php\/wp-json\/wp\/v2\/pages"}],"about":[{"href":"https:\/\/amplitudmodulada.com.ar\/index.php\/wp-json\/wp\/v2\/types\/page"}],"author":[{"embeddable":true,"href":"https:\/\/amplitudmodulada.com.ar\/index.php\/wp-json\/wp\/v2\/users\/1"}],"replies":[{"embeddable":true,"href":"https:\/\/amplitudmodulada.com.ar\/index.php\/wp-json\/wp\/v2\/comments?post=4366"}],"version-history":[{"count":3,"href":"https:\/\/amplitudmodulada.com.ar\/index.php\/wp-json\/wp\/v2\/pages\/4366\/revisions"}],"predecessor-version":[{"id":4371,"href":"https:\/\/amplitudmodulada.com.ar\/index.php\/wp-json\/wp\/v2\/pages\/4366\/revisions\/4371"}],"wp:attachment":[{"href":"https:\/\/amplitudmodulada.com.ar\/index.php\/wp-json\/wp\/v2\/media?parent=4366"}],"curies":[{"name":"wp","href":"https:\/\/api.w.org\/{rel}","templated":true}]}}