{"id":4434,"date":"2024-10-25T08:14:28","date_gmt":"2024-10-25T11:14:28","guid":{"rendered":"https:\/\/amplitudmodulada.com.ar\/?page_id=4434"},"modified":"2024-10-25T08:26:30","modified_gmt":"2024-10-25T11:26:30","slug":"noticia13276","status":"publish","type":"page","link":"https:\/\/amplitudmodulada.com.ar\/index.php\/noticia13276\/","title":{"rendered":"LT29 Radio Venado Tuerto vuelve a salir al aire"},"content":{"rendered":"\n<figure class=\"wp-block-image size-full\"><img loading=\"lazy\" decoding=\"async\" width=\"180\" height=\"56\" src=\"http:\/\/amplitudmodulada.com.ar\/wp-content\/uploads\/2024\/09\/LT29-e1727301502905.jpg\" alt=\"\" class=\"wp-image-4012\"\/><\/figure>\n\n\n\n<p>Tras una seguidilla de robos y actos vand\u00e1licos en su planta transmisora, LT29 Radio Venado Tuerto volvi\u00f3 este mi\u00e9rcoles a salir al aire.<\/p>\n\n\n\n<p>En un comunicado emitido este jueves por la ma\u00f1ana, la emisora destaca que &#8220;a las 19.50 horas de ayer volvimos con nuestra sinton\u00eda habitual de Amplitud Modulada en 1460 Khz.&#8221;.<\/p>\n\n\n\n<p>En ese sentido, Radio Venado Tuerto explica que &#8220;los t\u00e9cnicos especializados, al mando de Carlos Brizuela, venidos desde Buenos Aires, y nuestros t\u00e9cnicos locales pusieron ayer mi\u00e9rcoles en el aire la radio madre de la regi\u00f3n, luego del vandalismo y robo sufrido en la madrugada del s\u00e1bado en la caseta de la torre de ciento veinte metros en la planta transmisora del barrio Juan XXIII&#8221;.<\/p>\n\n\n\n<p>&#8220;Desde ahora esperamos que se termine normalizando nuestro servicio de comunicaci\u00f3n y aguardando que las autoridades en el tema de seguridad y justicia extremen las medidas preventivas y punitivas para detener el accionar delictivo de estos v\u00e1ndalos, exigimos que sobre ellos caiga todo el peso de la ley&#8221;, a\u00f1ade la emisora.<\/p>\n\n\n\n<p>Fuente: <a href=\"http:\/\/www.sur24.com.ar\" data-type=\"link\" data-id=\"www.sur24.com.ar\" target=\"_blank\" rel=\"noreferrer noopener\">www.sur24.com.ar<\/a> | Venado Tuerto &#8211; Santa Fe | 25.07.24 <\/p>\n","protected":false},"excerpt":{"rendered":"<p>Tras una seguidilla de robos y actos vand\u00e1licos en su planta transmisora, LT29 Radio Venado Tuerto volvi\u00f3 este mi\u00e9rcoles a salir al aire. En un comunicado emitido este jueves por la ma\u00f1ana, la emisora destaca que &#8220;a las 19.50 horas de ayer volvimos con nuestra sinton\u00eda habitual de Amplitud Modulada en 1460 Khz.&#8221;. En ese &hellip; <a href=\"https:\/\/amplitudmodulada.com.ar\/index.php\/noticia13276\/\" class=\"more-link\">Continu\u00e1 leyendo <span class=\"screen-reader-text\">LT29 Radio Venado Tuerto vuelve a salir al aire<\/span><\/a><\/p>\n","protected":false},"author":1,"featured_media":0,"parent":0,"menu_order":0,"comment_status":"closed","ping_status":"closed","template":"","meta":{"footnotes":""},"class_list":["post-4434","page","type-page","status-publish","hentry"],"_links":{"self":[{"href":"https:\/\/amplitudmodulada.com.ar\/index.php\/wp-json\/wp\/v2\/pages\/4434","targetHints":{"allow":["GET"]}}],"collection":[{"href":"https:\/\/amplitudmodulada.com.ar\/index.php\/wp-json\/wp\/v2\/pages"}],"about":[{"href":"https:\/\/amplitudmodulada.com.ar\/index.php\/wp-json\/wp\/v2\/types\/page"}],"author":[{"embeddable":true,"href":"https:\/\/amplitudmodulada.com.ar\/index.php\/wp-json\/wp\/v2\/users\/1"}],"replies":[{"embeddable":true,"href":"https:\/\/amplitudmodulada.com.ar\/index.php\/wp-json\/wp\/v2\/comments?post=4434"}],"version-history":[{"count":4,"href":"https:\/\/amplitudmodulada.com.ar\/index.php\/wp-json\/wp\/v2\/pages\/4434\/revisions"}],"predecessor-version":[{"id":4440,"href":"https:\/\/amplitudmodulada.com.ar\/index.php\/wp-json\/wp\/v2\/pages\/4434\/revisions\/4440"}],"wp:attachment":[{"href":"https:\/\/amplitudmodulada.com.ar\/index.php\/wp-json\/wp\/v2\/media?parent=4434"}],"curies":[{"name":"wp","href":"https:\/\/api.w.org\/{rel}","templated":true}]}}