{"id":4538,"date":"2024-11-02T19:26:14","date_gmt":"2024-11-02T22:26:14","guid":{"rendered":"https:\/\/amplitudmodulada.com.ar\/?page_id=4538"},"modified":"2024-11-02T19:38:34","modified_gmt":"2024-11-02T22:38:34","slug":"noticia13291","status":"publish","type":"page","link":"https:\/\/amplitudmodulada.com.ar\/index.php\/noticia13291\/","title":{"rendered":"Claudio Villarruel y Bernarda Llorente llegan a El Destape Radio"},"content":{"rendered":"\n<figure class=\"wp-block-image size-full\"><img loading=\"lazy\" decoding=\"async\" width=\"110\" height=\"110\" src=\"http:\/\/amplitudmodulada.com.ar\/wp-content\/uploads\/2024\/11\/1070-e1730586473284.png\" alt=\"\" class=\"wp-image-4542\"\/><\/figure>\n\n\n\n<p>Claudio Villarruel y Bernarda Llorente llegan a LR1 El Destape Radio. Desde el lunes 5 de agosto conducir\u00e1n la 12\u00ba temporada del programa &#8220;Detr\u00e1s de lo que Vemos&#8221; de lunes a viernes de 21.00 a 22.00 horas.<\/p>\n\n\n\n<p>&#8220;Estoy feliz, es la temporada n\u00famero doce que hacemos. Lo que m\u00e1s contento me pone es volver a trabajar con mi querida y entra\u00f1able amiga Bernarda Llorente y reencontrarme con todos los oyentes. Hace casi dos a\u00f1os que dejamos de hacer el programa y pens\u00e9 que iba a poder sin el programa, pero no puedo, lo necesitamos para re\u00edrnos un poco de esto que est\u00e1 pasando&#8221;, asegur\u00f3 el director art\u00edstico de Telef\u00e9.<\/p>\n\n\n\n<p>En esa misma l\u00ednea, su compa\u00f1era y amiga, Bernarda Llorente, indic\u00f3 que &#8220;el programa fue muy importante para la Argentina, sobre todo en la etapa de Macri y a m\u00ed me asombra que todav\u00eda me encuentro gente en determinados sectores, como charlas y manifestaciones, que me preguntan cu\u00e1ndo vuelve el programa&#8221;.<\/p>\n\n\n\n<p>El Destape Radio sale al aire desde la Ciudad de Buenos Aires en 1070 Khz.<\/p>\n\n\n\n<p>Fuente: <a href=\"http:\/\/www.totalmedios.com\" data-type=\"link\" data-id=\"www.totalmedios.com\" target=\"_blank\" rel=\"noreferrer noopener\">www.totalmedios.com<\/a> | Ciudad Aut\u00f3noma de Buenos Aires | 31.07.24<\/p>\n","protected":false},"excerpt":{"rendered":"<p>Claudio Villarruel y Bernarda Llorente llegan a LR1 El Destape Radio. Desde el lunes 5 de agosto conducir\u00e1n la 12\u00ba temporada del programa &#8220;Detr\u00e1s de lo que Vemos&#8221; de lunes a viernes de 21.00 a 22.00 horas. &#8220;Estoy feliz, es la temporada n\u00famero doce que hacemos. Lo que m\u00e1s contento me pone es volver a &hellip; <a href=\"https:\/\/amplitudmodulada.com.ar\/index.php\/noticia13291\/\" class=\"more-link\">Continu\u00e1 leyendo <span class=\"screen-reader-text\">Claudio Villarruel y Bernarda Llorente llegan a El Destape Radio<\/span><\/a><\/p>\n","protected":false},"author":1,"featured_media":0,"parent":0,"menu_order":0,"comment_status":"closed","ping_status":"closed","template":"","meta":{"footnotes":""},"class_list":["post-4538","page","type-page","status-publish","hentry"],"_links":{"self":[{"href":"https:\/\/amplitudmodulada.com.ar\/index.php\/wp-json\/wp\/v2\/pages\/4538","targetHints":{"allow":["GET"]}}],"collection":[{"href":"https:\/\/amplitudmodulada.com.ar\/index.php\/wp-json\/wp\/v2\/pages"}],"about":[{"href":"https:\/\/amplitudmodulada.com.ar\/index.php\/wp-json\/wp\/v2\/types\/page"}],"author":[{"embeddable":true,"href":"https:\/\/amplitudmodulada.com.ar\/index.php\/wp-json\/wp\/v2\/users\/1"}],"replies":[{"embeddable":true,"href":"https:\/\/amplitudmodulada.com.ar\/index.php\/wp-json\/wp\/v2\/comments?post=4538"}],"version-history":[{"count":3,"href":"https:\/\/amplitudmodulada.com.ar\/index.php\/wp-json\/wp\/v2\/pages\/4538\/revisions"}],"predecessor-version":[{"id":4544,"href":"https:\/\/amplitudmodulada.com.ar\/index.php\/wp-json\/wp\/v2\/pages\/4538\/revisions\/4544"}],"wp:attachment":[{"href":"https:\/\/amplitudmodulada.com.ar\/index.php\/wp-json\/wp\/v2\/media?parent=4538"}],"curies":[{"name":"wp","href":"https:\/\/api.w.org\/{rel}","templated":true}]}}

<figure class="wp-block-image size-full"><img loading="lazy" decoding="async" width="110" height="110" src="http://amplitudmodulada.com.ar/wp-content/uploads/2024/11/1070-e1730586473284.png" alt="" class="wp-image-4542"/></figure>



<p>Claudio Villarruel y Bernarda Llorente llegan a LR1 El Destape Radio. Desde el lunes 5 de agosto conducirán la 12º temporada del programa &#8220;Detrás de lo que Vemos&#8221; de lunes a viernes de 21.00 a 22.00 horas.</p>



<p>&#8220;Estoy feliz, es la temporada número doce que hacemos. Lo que más contento me pone es volver a trabajar con mi querida y entrañable amiga Bernarda Llorente y reencontrarme con todos los oyentes. Hace casi dos años que dejamos de hacer el programa y pensé que iba a poder sin el programa, pero no puedo, lo necesitamos para reírnos un poco de esto que está pasando&#8221;, aseguró el director artístico de Telefé.</p>



<p>En esa misma línea, su compañera y amiga, Bernarda Llorente, indicó que &#8220;el programa fue muy importante para la Argentina, sobre todo en la etapa de Macri y a mí me asombra que todavía me encuentro gente en determinados sectores, como charlas y manifestaciones, que me preguntan cuándo vuelve el programa&#8221;.</p>



<p>El Destape Radio sale al aire desde la Ciudad de Buenos Aires en 1070 Khz.</p>



<p>Fuente: <a href="http://www.totalmedios.com" data-type="link" data-id="www.totalmedios.com" target="_blank" rel="noreferrer noopener">www.totalmedios.com</a> | Ciudad Autónoma de Buenos Aires | 31.07.24</p>

<p>Claudio Villarruel y Bernarda Llorente llegan a LR1 El Destape Radio. Desde el lunes 5 de agosto conducirán la 12º temporada del programa &#8220;Detrás de lo que Vemos&#8221; de lunes a viernes de 21.00 a 22.00 horas. &#8220;Estoy feliz, es la temporada número doce que hacemos. Lo que más contento me pone es volver a &hellip; <a href="https://amplitudmodulada.com.ar/index.php/noticia13291/" class="more-link">Continuá leyendo <span class="screen-reader-text">Claudio Villarruel y Bernarda Llorente llegan a El Destape Radio</span></a></p>
