{"id":4553,"date":"2024-11-04T21:03:29","date_gmt":"2024-11-05T00:03:29","guid":{"rendered":"https:\/\/amplitudmodulada.com.ar\/?page_id=4553"},"modified":"2024-11-04T21:14:05","modified_gmt":"2024-11-05T00:14:05","slug":"noticia13293","status":"publish","type":"page","link":"https:\/\/amplitudmodulada.com.ar\/index.php\/noticia13293\/","title":{"rendered":"Levantan el programa &#8220;Bajo el Mismo Sol&#8221;"},"content":{"rendered":"\n<figure class=\"wp-block-image size-full\"><img decoding=\"async\" src=\"http:\/\/amplitudmodulada.com.ar\/wp-content\/uploads\/2024\/08\/LRA7-e1723504973620.png\" alt=\"\" class=\"wp-image-2959\"\/><\/figure>\n\n\n\n<p>En el mismo momento en el que trabajadores y trabajadoras de LRA7 Radio Nacional C\u00f3rdoba realizaban un abrazo simb\u00f3lico a la sede de la emisora, autoridades nacionales anunciaron el levantamiento del programa de esa radio &#8220;Bajo el Mismo Sol&#8221;.<\/p>\n\n\n\n<p>Conducido por Fabiana Bringas y Aldo Blanco, los contenidos de &#8220;Bajo el Mismo Sol&#8221; estaban basados en tem\u00e1ticas vinculadas con los derechos humanos, el medio ambiente y los pueblos originarios y ser\u00e1 reemplazado por contenidos generados en la Ciudad de Buenos Aires.<\/p>\n\n\n\n<p>Hasta el momento la programaci\u00f3n local de la tarde no se hab\u00eda tocado, mientras que por la ma\u00f1ana, Radio Nacional C\u00f3rdoba estaba retransmitiendo el programa &#8220;Ramos Generales&#8221;, emitido desde Buenos Aires, as\u00ed como la conferencia de prensa diaria del vocero Manuel Adorni.<\/p>\n\n\n\n<p>Adem\u00e1s, se reemplaz\u00f3 el programa deportivo local por el emitido desde Buenos Aires.<\/p>\n\n\n\n<p>Fuente: <a href=\"http:\/\/www,lmdiario.com.ar\" data-type=\"link\" data-id=\"www,lmdiario.com.ar\" target=\"_blank\" rel=\"noreferrer noopener\">www.lmdiario.com.ar<\/a> | C\u00f3rdoba &#8211; C\u00f3rdoba | 01.08.24<\/p>\n","protected":false},"excerpt":{"rendered":"<p>En el mismo momento en el que trabajadores y trabajadoras de LRA7 Radio Nacional C\u00f3rdoba realizaban un abrazo simb\u00f3lico a la sede de la emisora, autoridades nacionales anunciaron el levantamiento del programa de esa radio &#8220;Bajo el Mismo Sol&#8221;. Conducido por Fabiana Bringas y Aldo Blanco, los contenidos de &#8220;Bajo el Mismo Sol&#8221; estaban basados &hellip; <a href=\"https:\/\/amplitudmodulada.com.ar\/index.php\/noticia13293\/\" class=\"more-link\">Continu\u00e1 leyendo <span class=\"screen-reader-text\">Levantan el programa &#8220;Bajo el Mismo Sol&#8221;<\/span><\/a><\/p>\n","protected":false},"author":1,"featured_media":0,"parent":0,"menu_order":0,"comment_status":"closed","ping_status":"closed","template":"","meta":{"footnotes":""},"class_list":["post-4553","page","type-page","status-publish","hentry"],"_links":{"self":[{"href":"https:\/\/amplitudmodulada.com.ar\/index.php\/wp-json\/wp\/v2\/pages\/4553","targetHints":{"allow":["GET"]}}],"collection":[{"href":"https:\/\/amplitudmodulada.com.ar\/index.php\/wp-json\/wp\/v2\/pages"}],"about":[{"href":"https:\/\/amplitudmodulada.com.ar\/index.php\/wp-json\/wp\/v2\/types\/page"}],"author":[{"embeddable":true,"href":"https:\/\/amplitudmodulada.com.ar\/index.php\/wp-json\/wp\/v2\/users\/1"}],"replies":[{"embeddable":true,"href":"https:\/\/amplitudmodulada.com.ar\/index.php\/wp-json\/wp\/v2\/comments?post=4553"}],"version-history":[{"count":3,"href":"https:\/\/amplitudmodulada.com.ar\/index.php\/wp-json\/wp\/v2\/pages\/4553\/revisions"}],"predecessor-version":[{"id":4558,"href":"https:\/\/amplitudmodulada.com.ar\/index.php\/wp-json\/wp\/v2\/pages\/4553\/revisions\/4558"}],"wp:attachment":[{"href":"https:\/\/amplitudmodulada.com.ar\/index.php\/wp-json\/wp\/v2\/media?parent=4553"}],"curies":[{"name":"wp","href":"https:\/\/api.w.org\/{rel}","templated":true}]}}