{"id":4569,"date":"2024-11-09T18:12:40","date_gmt":"2024-11-09T21:12:40","guid":{"rendered":"https:\/\/amplitudmodulada.com.ar\/?page_id=4569"},"modified":"2024-11-09T18:19:07","modified_gmt":"2024-11-09T21:19:07","slug":"noticia13295","status":"publish","type":"page","link":"https:\/\/amplitudmodulada.com.ar\/index.php\/noticia13295\/","title":{"rendered":"Destacan que Radio Con Vos es la emisora period\u00edstica m\u00e1s vista del pa\u00eds en Youtube"},"content":{"rendered":"\n<figure class=\"wp-block-image size-full\"><img loading=\"lazy\" decoding=\"async\" width=\"162\" height=\"80\" src=\"http:\/\/amplitudmodulada.com.ar\/wp-content\/uploads\/2024\/04\/convos-e1714156853845.png\" alt=\"\" class=\"wp-image-1792\"\/><\/figure>\n\n\n\n<p>La emisora de Frecuencia Modulada Radio Con Vos destac\u00f3 este viernes que es la emisora period\u00edstica m\u00e1s vista del pa\u00eds en Youtube.<\/p>\n\n\n\n<p>As\u00ed lo inform\u00f3 en su sitio la C\u00e1mara Argentina de Anunciantes a trav\u00e9s de un informe de Rating Streaming que mide, semanal y diariamente las audiencias de las principales radios, canales de televisi\u00f3n y programas de streaming.<\/p>\n\n\n\n<p>Este informe toma en cuenta la semana del 14 al 20 de julio en el \u00e1rea de las radios y en el marco de la transmisi\u00f3n por Youtube.<\/p>\n\n\n\n<p>Radio Con Vos sale al aire desde la ciudad de Buenos Aires en 89.9 Mhz. y entre sus figuras principales est\u00e1n los periodistas Ernesto Tenembaum, Reynaldo Sietecase, Alejandro Bercovich y Diego Iglesias.<\/p>\n\n\n\n<p>Fuente: <a href=\"http:\/\/www.radioconvos.com.ar\" data-type=\"link\" data-id=\"www.radioconvos.com.ar\" target=\"_blank\" rel=\"noreferrer noopener\">www.radioconvos.com.ar<\/a> | Ciudad Aut\u00f3noma de Buenos Aires | 02.08.24<\/p>\n","protected":false},"excerpt":{"rendered":"<p>La emisora de Frecuencia Modulada Radio Con Vos destac\u00f3 este viernes que es la emisora period\u00edstica m\u00e1s vista del pa\u00eds en Youtube. As\u00ed lo inform\u00f3 en su sitio la C\u00e1mara Argentina de Anunciantes a trav\u00e9s de un informe de Rating Streaming que mide, semanal y diariamente las audiencias de las principales radios, canales de televisi\u00f3n &hellip; <a href=\"https:\/\/amplitudmodulada.com.ar\/index.php\/noticia13295\/\" class=\"more-link\">Continu\u00e1 leyendo <span class=\"screen-reader-text\">Destacan que Radio Con Vos es la emisora period\u00edstica m\u00e1s vista del pa\u00eds en Youtube<\/span><\/a><\/p>\n","protected":false},"author":1,"featured_media":0,"parent":0,"menu_order":0,"comment_status":"closed","ping_status":"closed","template":"","meta":{"footnotes":""},"class_list":["post-4569","page","type-page","status-publish","hentry"],"_links":{"self":[{"href":"https:\/\/amplitudmodulada.com.ar\/index.php\/wp-json\/wp\/v2\/pages\/4569","targetHints":{"allow":["GET"]}}],"collection":[{"href":"https:\/\/amplitudmodulada.com.ar\/index.php\/wp-json\/wp\/v2\/pages"}],"about":[{"href":"https:\/\/amplitudmodulada.com.ar\/index.php\/wp-json\/wp\/v2\/types\/page"}],"author":[{"embeddable":true,"href":"https:\/\/amplitudmodulada.com.ar\/index.php\/wp-json\/wp\/v2\/users\/1"}],"replies":[{"embeddable":true,"href":"https:\/\/amplitudmodulada.com.ar\/index.php\/wp-json\/wp\/v2\/comments?post=4569"}],"version-history":[{"count":2,"href":"https:\/\/amplitudmodulada.com.ar\/index.php\/wp-json\/wp\/v2\/pages\/4569\/revisions"}],"predecessor-version":[{"id":4572,"href":"https:\/\/amplitudmodulada.com.ar\/index.php\/wp-json\/wp\/v2\/pages\/4569\/revisions\/4572"}],"wp:attachment":[{"href":"https:\/\/amplitudmodulada.com.ar\/index.php\/wp-json\/wp\/v2\/media?parent=4569"}],"curies":[{"name":"wp","href":"https:\/\/api.w.org\/{rel}","templated":true}]}}

Destacan que Radio Con Vos es la emisora periodística más vista del país en Youtube

<figure class="wp-block-image size-full"><img loading="lazy" decoding="async" width="162" height="80" src="http://amplitudmodulada.com.ar/wp-content/uploads/2024/04/convos-e1714156853845.png" alt="" class="wp-image-1792"/></figure>



<p>La emisora de Frecuencia Modulada Radio Con Vos destacó este viernes que es la emisora periodística más vista del país en Youtube.</p>



<p>Así lo informó en su sitio la Cámara Argentina de Anunciantes a través de un informe de Rating Streaming que mide, semanal y diariamente las audiencias de las principales radios, canales de televisión y programas de streaming.</p>



<p>Este informe toma en cuenta la semana del 14 al 20 de julio en el área de las radios y en el marco de la transmisión por Youtube.</p>



<p>Radio Con Vos sale al aire desde la ciudad de Buenos Aires en 89.9 Mhz. y entre sus figuras principales están los periodistas Ernesto Tenembaum, Reynaldo Sietecase, Alejandro Bercovich y Diego Iglesias.</p>



<p>Fuente: <a href="http://www.radioconvos.com.ar" data-type="link" data-id="www.radioconvos.com.ar" target="_blank" rel="noreferrer noopener">www.radioconvos.com.ar</a> | Ciudad Autónoma de Buenos Aires | 02.08.24</p>

<p>La emisora de Frecuencia Modulada Radio Con Vos destacó este viernes que es la emisora periodística más vista del país en Youtube. Así lo informó en su sitio la Cámara Argentina de Anunciantes a través de un informe de Rating Streaming que mide, semanal y diariamente las audiencias de las principales radios, canales de televisión &hellip; <a href="https://amplitudmodulada.com.ar/index.php/noticia13295/" class="more-link">Continuá leyendo <span class="screen-reader-text">Destacan que Radio Con Vos es la emisora periodística más vista del país en Youtube</span></a></p>
