{"id":4824,"date":"2024-12-18T21:28:22","date_gmt":"2024-12-19T00:28:22","guid":{"rendered":"https:\/\/amplitudmodulada.com.ar\/?page_id=4824"},"modified":"2024-12-18T21:38:52","modified_gmt":"2024-12-19T00:38:52","slug":"noticia13331","status":"publish","type":"page","link":"https:\/\/amplitudmodulada.com.ar\/index.php\/noticia13331\/","title":{"rendered":"Radio Sputnik se escuchar\u00e1 en la Ciudad de Buenos Aires en 95.5 Mhz."},"content":{"rendered":"\n<figure class=\"wp-block-image size-large is-resized\"><img loading=\"lazy\" decoding=\"async\" width=\"1024\" height=\"964\" src=\"http:\/\/amplitudmodulada.com.ar\/wp-content\/uploads\/2024\/12\/sputnik-1024x964.png\" alt=\"\" class=\"wp-image-4826\" style=\"width:105px;height:auto\"\/><\/figure>\n\n\n\n<p>A partir de este lunes 2 de septiembre, la programaci\u00f3n completa de la emisora Radio Sputnik se podr\u00e1 escuchar en la Ciudad de Buenos Aires luego de un acuerdo con la emisora de Frecuencia Modulada Radio Concepto, que sale al aire en 95.5 Mhz.<\/p>\n\n\n\n<p>Radio Sputnik en Espa\u00f1ol presenta en directo noticias y entrevistas con las personalidades que conforman la agenda, tanto en Argentina como en todo Hispanoam\u00e9rica.<\/p>\n\n\n\n<p>Propiedad del empresario Daniel Sede, Radio Concepto sale al aire desde el a\u00f1o 2001 y sus estudios de transmisi\u00f3n est\u00e1n ubicados en el microcentro porte\u00f1o.<\/p>\n\n\n\n<p>02.09.24<\/p>\n","protected":false},"excerpt":{"rendered":"<p>A partir de este lunes 2 de septiembre, la programaci\u00f3n completa de la emisora Radio Sputnik se podr\u00e1 escuchar en la Ciudad de Buenos Aires luego de un acuerdo con la emisora de Frecuencia Modulada Radio Concepto, que sale al aire en 95.5 Mhz. Radio Sputnik en Espa\u00f1ol presenta en directo noticias y entrevistas con &hellip; <a href=\"https:\/\/amplitudmodulada.com.ar\/index.php\/noticia13331\/\" class=\"more-link\">Continu\u00e1 leyendo <span class=\"screen-reader-text\">Radio Sputnik se escuchar\u00e1 en la Ciudad de Buenos Aires en 95.5 Mhz.<\/span><\/a><\/p>\n","protected":false},"author":1,"featured_media":0,"parent":0,"menu_order":0,"comment_status":"closed","ping_status":"closed","template":"","meta":{"footnotes":""},"class_list":["post-4824","page","type-page","status-publish","hentry"],"_links":{"self":[{"href":"https:\/\/amplitudmodulada.com.ar\/index.php\/wp-json\/wp\/v2\/pages\/4824","targetHints":{"allow":["GET"]}}],"collection":[{"href":"https:\/\/amplitudmodulada.com.ar\/index.php\/wp-json\/wp\/v2\/pages"}],"about":[{"href":"https:\/\/amplitudmodulada.com.ar\/index.php\/wp-json\/wp\/v2\/types\/page"}],"author":[{"embeddable":true,"href":"https:\/\/amplitudmodulada.com.ar\/index.php\/wp-json\/wp\/v2\/users\/1"}],"replies":[{"embeddable":true,"href":"https:\/\/amplitudmodulada.com.ar\/index.php\/wp-json\/wp\/v2\/comments?post=4824"}],"version-history":[{"count":3,"href":"https:\/\/amplitudmodulada.com.ar\/index.php\/wp-json\/wp\/v2\/pages\/4824\/revisions"}],"predecessor-version":[{"id":4829,"href":"https:\/\/amplitudmodulada.com.ar\/index.php\/wp-json\/wp\/v2\/pages\/4824\/revisions\/4829"}],"wp:attachment":[{"href":"https:\/\/amplitudmodulada.com.ar\/index.php\/wp-json\/wp\/v2\/media?parent=4824"}],"curies":[{"name":"wp","href":"https:\/\/api.w.org\/{rel}","templated":true}]}}