{"id":4832,"date":"2024-12-18T21:54:30","date_gmt":"2024-12-19T00:54:30","guid":{"rendered":"https:\/\/amplitudmodulada.com.ar\/?page_id=4832"},"modified":"2024-12-18T22:14:25","modified_gmt":"2024-12-19T01:14:25","slug":"noticia13332","status":"publish","type":"page","link":"https:\/\/amplitudmodulada.com.ar\/index.php\/noticia13332\/","title":{"rendered":"La periodista Viviana Canosa vuelve a la radio"},"content":{"rendered":"\n<figure class=\"wp-block-image size-full\"><img loading=\"lazy\" decoding=\"async\" width=\"174\" height=\"60\" src=\"http:\/\/amplitudmodulada.com.ar\/wp-content\/uploads\/2024\/01\/630-e1704586384620.png\" alt=\"\" class=\"wp-image-115\"\/><\/figure>\n\n\n\n<p>Luego de su abrupta salida de la emisora de Frecuencia Modulada El Observador, qued\u00f3 confirmada la vuelta de la periodista Viviana Canosa a la radio. Estar\u00e1 a partir del s\u00e1bado 14 de septiembre en LS5 Radio Rivadavia.<\/p>\n\n\n\n<p>Desde esa emisora hab\u00edan adelantado hace algunos d\u00edas el regreso de la conductora con una enigm\u00e1tica foto de una silueta femenina acompa\u00f1ada del mensaje &#8220;vuelve ella&#8221;.<\/p>\n\n\n\n<p>Finalmente, este domingo Radio Rivadavia confirm\u00f3 la noticia a trav\u00e9s de una historia en Instagram,<\/p>\n\n\n\n<p>Viviana Canosa, por su parte, confirm\u00f3 el anuncio en la red social X.<\/p>\n\n\n\n<p>&#8220;Hola a todos. Para los que me preguntan por la radio, es cierto. El 14 regreso. Ma\u00f1ana les cuento. Los quiero&#8221;, escribi\u00f3 la periodista.<\/p>\n\n\n\n<p>Fuente: <a href=\"http:\/\/www.perfil.com\" data-type=\"link\" data-id=\"www.perfil.com\" target=\"_blank\" rel=\"noreferrer noopener\">www.perfil.com<\/a> | Ciudad Aut\u00f3noma de Buenos Aires | 02.09.24<\/p>\n","protected":false},"excerpt":{"rendered":"<p>Luego de su abrupta salida de la emisora de Frecuencia Modulada El Observador, qued\u00f3 confirmada la vuelta de la periodista Viviana Canosa a la radio. Estar\u00e1 a partir del s\u00e1bado 14 de septiembre en LS5 Radio Rivadavia. Desde esa emisora hab\u00edan adelantado hace algunos d\u00edas el regreso de la conductora con una enigm\u00e1tica foto de &hellip; <a href=\"https:\/\/amplitudmodulada.com.ar\/index.php\/noticia13332\/\" class=\"more-link\">Continu\u00e1 leyendo <span class=\"screen-reader-text\">La periodista Viviana Canosa vuelve a la radio<\/span><\/a><\/p>\n","protected":false},"author":1,"featured_media":0,"parent":0,"menu_order":0,"comment_status":"closed","ping_status":"closed","template":"","meta":{"footnotes":""},"class_list":["post-4832","page","type-page","status-publish","hentry"],"_links":{"self":[{"href":"https:\/\/amplitudmodulada.com.ar\/index.php\/wp-json\/wp\/v2\/pages\/4832","targetHints":{"allow":["GET"]}}],"collection":[{"href":"https:\/\/amplitudmodulada.com.ar\/index.php\/wp-json\/wp\/v2\/pages"}],"about":[{"href":"https:\/\/amplitudmodulada.com.ar\/index.php\/wp-json\/wp\/v2\/types\/page"}],"author":[{"embeddable":true,"href":"https:\/\/amplitudmodulada.com.ar\/index.php\/wp-json\/wp\/v2\/users\/1"}],"replies":[{"embeddable":true,"href":"https:\/\/amplitudmodulada.com.ar\/index.php\/wp-json\/wp\/v2\/comments?post=4832"}],"version-history":[{"count":3,"href":"https:\/\/amplitudmodulada.com.ar\/index.php\/wp-json\/wp\/v2\/pages\/4832\/revisions"}],"predecessor-version":[{"id":4837,"href":"https:\/\/amplitudmodulada.com.ar\/index.php\/wp-json\/wp\/v2\/pages\/4832\/revisions\/4837"}],"wp:attachment":[{"href":"https:\/\/amplitudmodulada.com.ar\/index.php\/wp-json\/wp\/v2\/media?parent=4832"}],"curies":[{"name":"wp","href":"https:\/\/api.w.org\/{rel}","templated":true}]}}

<figure class="wp-block-image size-full"><img loading="lazy" decoding="async" width="174" height="60" src="http://amplitudmodulada.com.ar/wp-content/uploads/2024/01/630-e1704586384620.png" alt="" class="wp-image-115"/></figure>



<p>Luego de su abrupta salida de la emisora de Frecuencia Modulada El Observador, quedó confirmada la vuelta de la periodista Viviana Canosa a la radio. Estará a partir del sábado 14 de septiembre en LS5 Radio Rivadavia.</p>



<p>Desde esa emisora habían adelantado hace algunos días el regreso de la conductora con una enigmática foto de una silueta femenina acompañada del mensaje &#8220;vuelve ella&#8221;.</p>



<p>Finalmente, este domingo Radio Rivadavia confirmó la noticia a través de una historia en Instagram,</p>



<p>Viviana Canosa, por su parte, confirmó el anuncio en la red social X.</p>



<p>&#8220;Hola a todos. Para los que me preguntan por la radio, es cierto. El 14 regreso. Mañana les cuento. Los quiero&#8221;, escribió la periodista.</p>



<p>Fuente: <a href="http://www.perfil.com" data-type="link" data-id="www.perfil.com" target="_blank" rel="noreferrer noopener">www.perfil.com</a> | Ciudad Autónoma de Buenos Aires | 02.09.24</p>

<p>Luego de su abrupta salida de la emisora de Frecuencia Modulada El Observador, quedó confirmada la vuelta de la periodista Viviana Canosa a la radio. Estará a partir del sábado 14 de septiembre en LS5 Radio Rivadavia. Desde esa emisora habían adelantado hace algunos días el regreso de la conductora con una enigmática foto de &hellip; <a href="https://amplitudmodulada.com.ar/index.php/noticia13332/" class="more-link">Continuá leyendo <span class="screen-reader-text">La periodista Viviana Canosa vuelve a la radio</span></a></p>
