{"id":5001,"date":"2025-01-01T16:27:10","date_gmt":"2025-01-01T19:27:10","guid":{"rendered":"https:\/\/amplitudmodulada.com.ar\/?page_id=5001"},"modified":"2025-01-01T16:37:41","modified_gmt":"2025-01-01T19:37:41","slug":"noticia13357","status":"publish","type":"page","link":"https:\/\/amplitudmodulada.com.ar\/index.php\/noticia13357\/","title":{"rendered":"Ya son m\u00e1s de seiscientas las emisoras que retransmiten las se\u00f1ales de Cadena 3"},"content":{"rendered":"\n<figure class=\"wp-block-image size-full is-resized\"><img loading=\"lazy\" decoding=\"async\" width=\"182\" height=\"60\" src=\"http:\/\/amplitudmodulada.com.ar\/wp-content\/uploads\/2025\/01\/cosquinrock-e1735759648723.png\" alt=\"\" class=\"wp-image-5003\" style=\"width:182px;height:auto\"\/><\/figure>\n\n\n\n<p>Con la incorporaci\u00f3n de Cosqu\u00edn Rock Radio y su desarrollo como cadena en todo el territorio nacional, ya son 604 las emisoras que retransmiten las se\u00f1ales de las radios de Cadena 3.<\/p>\n\n\n\n<p>Seg\u00fan destaca este jueves el portal de Cadena 3, sus se\u00f1ales est\u00e1n presentes en veintitr\u00e9s provincias argentinas y alcanzan m\u00e1s de cinco millones de oyentes.<\/p>\n\n\n\n<p>Al d\u00eda de la fecha, las emisoras integrantes de la denominada Gran Cadena Federal se distribuyen de la siguiente manera: Cadena 3 cuenta con 253 emisoras, Cadena 3 Rosario 17 emisoras, Cadena Heat 127 emisoras, La Popu 175 emisoras y Cosqu\u00edn Rock Radio con 32 emisoras que retransmiten su se\u00f1al.<\/p>\n\n\n\n<p>Cadena 3 destaca que este crecimiento es tambi\u00e9n sostenido por m\u00e9tricas digitales, ya que seg\u00fan Trit\u00f3n Digital, referente en mediciones de medios digitales, la emisora nacida en C\u00f3rdoba se encuentra entre las diez radios m\u00e1s escuchadas de Latinoam\u00e9rica.<\/p>\n\n\n\n<p>Fuente: <a href=\"http:\/\/www.cadena3.com\" data-type=\"link\" data-id=\"www.cadena3.com\" target=\"_blank\" rel=\"noreferrer noopener\">www.cadena3.com<\/a> | C\u00f3rdoba &#8211; C\u00f3rdoba | 19.09.24<\/p>\n","protected":false},"excerpt":{"rendered":"<p>Con la incorporaci\u00f3n de Cosqu\u00edn Rock Radio y su desarrollo como cadena en todo el territorio nacional, ya son 604 las emisoras que retransmiten las se\u00f1ales de las radios de Cadena 3. Seg\u00fan destaca este jueves el portal de Cadena 3, sus se\u00f1ales est\u00e1n presentes en veintitr\u00e9s provincias argentinas y alcanzan m\u00e1s de cinco millones &hellip; <a href=\"https:\/\/amplitudmodulada.com.ar\/index.php\/noticia13357\/\" class=\"more-link\">Continu\u00e1 leyendo <span class=\"screen-reader-text\">Ya son m\u00e1s de seiscientas las emisoras que retransmiten las se\u00f1ales de Cadena 3<\/span><\/a><\/p>\n","protected":false},"author":1,"featured_media":0,"parent":0,"menu_order":0,"comment_status":"closed","ping_status":"closed","template":"","meta":{"footnotes":""},"class_list":["post-5001","page","type-page","status-publish","hentry"],"_links":{"self":[{"href":"https:\/\/amplitudmodulada.com.ar\/index.php\/wp-json\/wp\/v2\/pages\/5001","targetHints":{"allow":["GET"]}}],"collection":[{"href":"https:\/\/amplitudmodulada.com.ar\/index.php\/wp-json\/wp\/v2\/pages"}],"about":[{"href":"https:\/\/amplitudmodulada.com.ar\/index.php\/wp-json\/wp\/v2\/types\/page"}],"author":[{"embeddable":true,"href":"https:\/\/amplitudmodulada.com.ar\/index.php\/wp-json\/wp\/v2\/users\/1"}],"replies":[{"embeddable":true,"href":"https:\/\/amplitudmodulada.com.ar\/index.php\/wp-json\/wp\/v2\/comments?post=5001"}],"version-history":[{"count":3,"href":"https:\/\/amplitudmodulada.com.ar\/index.php\/wp-json\/wp\/v2\/pages\/5001\/revisions"}],"predecessor-version":[{"id":5007,"href":"https:\/\/amplitudmodulada.com.ar\/index.php\/wp-json\/wp\/v2\/pages\/5001\/revisions\/5007"}],"wp:attachment":[{"href":"https:\/\/amplitudmodulada.com.ar\/index.php\/wp-json\/wp\/v2\/media?parent=5001"}],"curies":[{"name":"wp","href":"https:\/\/api.w.org\/{rel}","templated":true}]}}